35.192.232.168 sherlook.fr - [13/Jul/2026:00:03:19 +0200] "GET /fr HTTP/1.1" 301 235 "https://www.kermessetoulouse.sherlook.fr/" "Mozilla/5.0 (Macintosh; Intel Mac OS X 10_15_7) AppleWebKit/537.36 (KHTML, like Gecko) Chrome/146.0.0.0 Safari/537.36"
35.192.232.168 sherlook.fr - [13/Jul/2026:00:03:19 +0200] "GET /fr/ HTTP/1.1" 200 3396 "https://www.kermessetoulouse.sherlook.fr/" "Mozilla/5.0 (Macintosh; Intel Mac OS X 10_15_7) AppleWebKit/537.36 (KHTML, like Gecko) Chrome/146.0.0.0 Safari/537.36"
2a01:e0a:1e9:52b0:75ff:9b03:26a8:613f api26.sherlook.fr - [13/Jul/2026:00:03:24 +0200] "GET /api/announcements/latest?limit=16&status_in=active%2Cresolved%2Cclosed HTTP/1.1" 200 13203 "https://sherlook.fr/" "Mozilla/5.0 (Macintosh; Intel Mac OS X 10_15_7) AppleWebKit/537.36 (KHTML, like Gecko) Chrome/149.0.0.0 Safari/537.36"
2a01:e0a:1e9:52b0:75ff:9b03:26a8:613f api26.sherlook.fr - [13/Jul/2026:00:03:24 +0200] "GET /api/announcements/latest?limit=16&status_in=active%2Cresolved%2Cclosed HTTP/1.1" 200 13203 "https://sherlook.fr/" "Mozilla/5.0 (Macintosh; Intel Mac OS X 10_15_7) AppleWebKit/537.36 (KHTML, like Gecko) Chrome/149.0.0.0 Safari/537.36"
66.249.68.134 api26.sherlook.fr - [13/Jul/2026:00:03:32 +0200] "OPTIONS /api/announcements/latest?limit=16&status_in=active%2Cresolved%2Cclosed&city=Plage+de+Saint-Gu%C3%A9nol%C3%A9+%28Penmarch%29 HTTP/1.1" 200 25 "https://sherlook.fr/" "Mozilla/5.0 (Linux; Android 6.0.1; Nexus 5X Build/MMB29P) AppleWebKit/537.36 (KHTML, like Gecko) Chrome/150.0.7871.46 Mobile Safari/537.36 (compatible; GoogleOther)"
66.249.68.133 api26.sherlook.fr - [13/Jul/2026:00:03:32 +0200] "GET /api/announcements/latest?limit=16&status_in=active%2Cresolved%2Cclosed&city=Plage+de+Saint-Gu%C3%A9nol%C3%A9+%28Penmarch%29 HTTP/1.1" 200 20 "https://sherlook.fr/" "Mozilla/5.0 (Linux; Android 6.0.1; Nexus 5X Build/MMB29P) AppleWebKit/537.36 (KHTML, like Gecko) Chrome/150.0.7871.46 Mobile Safari/537.36 (compatible; GoogleOther)"
66.249.70.69 sherlook.fr - [13/Jul/2026:00:03:42 +0200] "GET /fr/objets-trouves/festival/festival-de-collioure HTTP/1.1" 200 23241 "-" "Mozilla/5.0 (Linux; Android 6.0.1; Nexus 5X Build/MMB29P) AppleWebKit/537.36 (KHTML, like Gecko) Chrome/150.0.7871.46 Mobile Safari/537.36 (compatible; GoogleOther)"
2a01:e0a:1e9:52b0:75ff:9b03:26a8:613f api26.sherlook.fr - [13/Jul/2026:00:03:44 +0200] "GET /api/announcements/latest?limit=16&status_in=active%2Cresolved%2Cclosed HTTP/1.1" 200 13203 "https://sherlook.fr/" "Mozilla/5.0 (Macintosh; Intel Mac OS X 10_15_7) AppleWebKit/537.36 (KHTML, like Gecko) Chrome/149.0.0.0 Safari/537.36"
2a01:e0a:1e9:52b0:75ff:9b03:26a8:613f api26.sherlook.fr - [13/Jul/2026:00:03:44 +0200] "GET /api/announcements/latest?limit=16&status_in=active%2Cresolved%2Cclosed HTTP/1.1" 200 13203 "https://sherlook.fr/" "Mozilla/5.0 (Macintosh; Intel Mac OS X 10_15_7) AppleWebKit/537.36 (KHTML, like Gecko) Chrome/149.0.0.0 Safari/537.36"
66.249.70.69 sherlook.fr - [13/Jul/2026:00:03:49 +0200] "GET /_next/static/chunks/8c028b7e35d867e3.js HTTP/1.1" 200 11900 "https://sherlook.fr/fr/objets-trouves/plage/plage-de-gros-jonc-ile-de-re-plages" "Mozilla/5.0 (Linux; Android 6.0.1; Nexus 5X Build/MMB29P) AppleWebKit/537.36 (KHTML, like Gecko) Chrome/150.0.7871.46 Mobile Safari/537.36 (compatible; Googlebot/2.1; +http://www.google.com/bot.html)"
66.249.68.133 api26.sherlook.fr - [13/Jul/2026:00:03:55 +0200] "GET /robots.txt HTTP/1.1" 404 993 "-" "Mozilla/5.0 (compatible; Googlebot/2.1; +http://www.google.com/bot.html)"
66.249.68.133 api26.sherlook.fr - [13/Jul/2026:00:03:56 +0200] "OPTIONS /api/announcements/latest?limit=16&status_in=active%2Cresolved%2Cclosed&city=Plage+de+Gros+Jonc+%28%C3%8Ele+de+R%C3%A9%29 HTTP/1.1" 200 25 "https://sherlook.fr/" "Mozilla/5.0 (Linux; Android 6.0.1; Nexus 5X Build/MMB29P) AppleWebKit/537.36 (KHTML, like Gecko) Chrome/150.0.7871.46 Mobile Safari/537.36 (compatible; Googlebot/2.1; +http://www.google.com/bot.html)"
66.249.68.133 api26.sherlook.fr - [13/Jul/2026:00:03:57 +0200] "GET /api/announcements/latest?limit=16&status_in=active%2Cresolved%2Cclosed&city=Plage+de+Gros+Jonc+%28%C3%8Ele+de+R%C3%A9%29 HTTP/1.1" 200 20 "https://sherlook.fr/" "Mozilla/5.0 (Linux; Android 6.0.1; Nexus 5X Build/MMB29P) AppleWebKit/537.36 (KHTML, like Gecko) Chrome/150.0.7871.46 Mobile Safari/537.36 (compatible; Googlebot/2.1; +http://www.google.com/bot.html)"
66.249.68.133 api26.sherlook.fr - [13/Jul/2026:00:03:57 +0200] "OPTIONS /api/delivery/pricing HTTP/1.1" 200 25 "https://sherlook.fr/" "Mozilla/5.0 (Linux; Android 6.0.1; Nexus 5X Build/MMB29P) AppleWebKit/537.36 (KHTML, like Gecko) Chrome/150.0.7871.46 Mobile Safari/537.36 (compatible; Googlebot/2.1; +http://www.google.com/bot.html)"
66.249.68.133 api26.sherlook.fr - [13/Jul/2026:00:03:58 +0200] "OPTIONS /api/announcements/latest?limit=16&status_in=active%2Cresolved%2Cclosed&city=Le+Haut+du+T%C3%B4t HTTP/1.1" 200 25 "https://sherlook.fr/" "Mozilla/5.0 (Linux; Android 6.0.1; Nexus 5X Build/MMB29P) AppleWebKit/537.36 (KHTML, like Gecko) Chrome/150.0.7871.46 Mobile Safari/537.36 (compatible; GoogleOther)"
2a01:e0a:1e9:52b0:75ff:9b03:26a8:613f sherlook.fr - [13/Jul/2026:00:03:58 +0200] "GET /build-info.json?v=1783893838716 HTTP/1.1" 200 68 "https://sherlook.fr/fr" "Mozilla/5.0 (Macintosh; Intel Mac OS X 10_15_7) AppleWebKit/537.36 (KHTML, like Gecko) Chrome/149.0.0.0 Safari/537.36"
66.249.68.133 api26.sherlook.fr - [13/Jul/2026:00:03:59 +0200] "GET /api/announcements/latest?limit=16&status_in=active%2Cresolved%2Cclosed&city=Le+Haut+du+T%C3%B4t HTTP/1.1" 200 20 "https://sherlook.fr/" "Mozilla/5.0 (Linux; Android 6.0.1; Nexus 5X Build/MMB29P) AppleWebKit/537.36 (KHTML, like Gecko) Chrome/150.0.7871.46 Mobile Safari/537.36 (compatible; GoogleOther)"
66.249.70.69 sherlook.fr - [13/Jul/2026:00:03:59 +0200] "GET /fr/objets-trouves/plage/plage-de-l-ayguade-gruissan HTTP/1.1" 200 23236 "-" "Mozilla/5.0 (Linux; Android 6.0.1; Nexus 5X Build/MMB29P) AppleWebKit/537.36 (KHTML, like Gecko) Chrome/150.0.7871.46 Mobile Safari/537.36 (compatible; GoogleOther)"
2a01:e0a:1e9:52b0:75ff:9b03:26a8:613f sherlook.fr - [13/Jul/2026:00:04:00 +0200] "GET /fr/objets-trouves/festival-le-roi-arthur-2026.txt?_rsc=1i1sg HTTP/1.1" 200 20843 "https://sherlook.fr/fr" "Mozilla/5.0 (Macintosh; Intel Mac OS X 10_15_7) AppleWebKit/537.36 (KHTML, like Gecko) Chrome/149.0.0.0 Safari/537.36"
2a01:e0a:1e9:52b0:75ff:9b03:26a8:613f api26.sherlook.fr - [13/Jul/2026:00:04:00 +0200] "OPTIONS /api/public/providers/slug/festival-le-roi-arthur-2026 HTTP/1.1" 200 25 "https://sherlook.fr/" "Mozilla/5.0 (Macintosh; Intel Mac OS X 10_15_7) AppleWebKit/537.36 (KHTML, like Gecko) Chrome/149.0.0.0 Safari/537.36"
2a01:e0a:1e9:52b0:75ff:9b03:26a8:613f api26.sherlook.fr - [13/Jul/2026:00:04:00 +0200] "GET /api/public/providers/slug/festival-le-roi-arthur-2026 HTTP/1.1" 200 1045 "https://sherlook.fr/" "Mozilla/5.0 (Macintosh; Intel Mac OS X 10_15_7) AppleWebKit/537.36 (KHTML, like Gecko) Chrome/149.0.0.0 Safari/537.36"
2a01:e0a:1e9:52b0:75ff:9b03:26a8:613f api26.sherlook.fr - [13/Jul/2026:00:04:00 +0200] "OPTIONS /api/categories?location_provider_id=50 HTTP/1.1" 200 25 "https://sherlook.fr/" "Mozilla/5.0 (Macintosh; Intel Mac OS X 10_15_7) AppleWebKit/537.36 (KHTML, like Gecko) Chrome/149.0.0.0 Safari/537.36"
2a01:e0a:1e9:52b0:75ff:9b03:26a8:613f api26.sherlook.fr - [13/Jul/2026:00:04:00 +0200] "OPTIONS /api/public/provider-events?location_provider_id=50 HTTP/1.1" 200 25 "https://sherlook.fr/" "Mozilla/5.0 (Macintosh; Intel Mac OS X 10_15_7) AppleWebKit/537.36 (KHTML, like Gecko) Chrome/149.0.0.0 Safari/537.36"
2a01:e0a:1e9:52b0:75ff:9b03:26a8:613f api26.sherlook.fr - [13/Jul/2026:00:04:00 +0200] "OPTIONS /api/public/providers/50/announcements?page=1&limit=24 HTTP/1.1" 200 25 "https://sherlook.fr/" "Mozilla/5.0 (Macintosh; Intel Mac OS X 10_15_7) AppleWebKit/537.36 (KHTML, like Gecko) Chrome/149.0.0.0 Safari/537.36"
2a01:e0a:1e9:52b0:75ff:9b03:26a8:613f api26.sherlook.fr - [13/Jul/2026:00:04:00 +0200] "GET /api/public/provider-events?location_provider_id=50 HTTP/1.1" 200 53 "https://sherlook.fr/" "Mozilla/5.0 (Macintosh; Intel Mac OS X 10_15_7) AppleWebKit/537.36 (KHTML, like Gecko) Chrome/149.0.0.0 Safari/537.36"
2a01:e0a:1e9:52b0:75ff:9b03:26a8:613f api26.sherlook.fr - [13/Jul/2026:00:04:00 +0200] "GET /api/public/providers/50/announcements?page=1&limit=24 HTTP/1.1" 200 895 "https://sherlook.fr/" "Mozilla/5.0 (Macintosh; Intel Mac OS X 10_15_7) AppleWebKit/537.36 (KHTML, like Gecko) Chrome/149.0.0.0 Safari/537.36"
2a01:e0a:1e9:52b0:75ff:9b03:26a8:613f api26.sherlook.fr - [13/Jul/2026:00:04:00 +0200] "GET /api/categories?location_provider_id=50 HTTP/1.1" 200 39640 "https://sherlook.fr/" "Mozilla/5.0 (Macintosh; Intel Mac OS X 10_15_7) AppleWebKit/537.36 (KHTML, like Gecko) Chrome/149.0.0.0 Safari/537.36"
66.249.68.133 api26.sherlook.fr - [13/Jul/2026:00:04:01 +0200] "OPTIONS /api/announcements/latest?limit=16&status_in=active%2Cresolved%2Cclosed&city=Plage+de+Mers+%28Mers-les-Bains%29 HTTP/1.1" 200 25 "https://sherlook.fr/" "Mozilla/5.0 (Linux; Android 6.0.1; Nexus 5X Build/MMB29P) AppleWebKit/537.36 (KHTML, like Gecko) Chrome/150.0.7871.46 Mobile Safari/537.36 (compatible; Googlebot/2.1; +http://www.google.com/bot.html)"
66.249.68.133 api26.sherlook.fr - [13/Jul/2026:00:04:01 +0200] "GET /api/announcements/latest?limit=16&status_in=active%2Cresolved%2Cclosed&city=Plage+de+Mers+%28Mers-les-Bains%29 HTTP/1.1" 200 20 "https://sherlook.fr/" "Mozilla/5.0 (Linux; Android 6.0.1; Nexus 5X Build/MMB29P) AppleWebKit/537.36 (KHTML, like Gecko) Chrome/150.0.7871.46 Mobile Safari/537.36 (compatible; Googlebot/2.1; +http://www.google.com/bot.html)"
2a01:e0a:1e9:52b0:75ff:9b03:26a8:613f api26.sherlook.fr - [13/Jul/2026:00:04:02 +0200] "GET /api/google-reviews-config HTTP/1.1" 200 2165 "https://sherlook.fr/" "Mozilla/5.0 (Macintosh; Intel Mac OS X 10_15_7) AppleWebKit/537.36 (KHTML, like Gecko) Chrome/149.0.0.0 Safari/537.36"
2a01:e0a:1e9:52b0:75ff:9b03:26a8:613f api26.sherlook.fr - [13/Jul/2026:00:04:02 +0200] "GET /api/home-splash-screen HTTP/1.1" 200 1620 "https://sherlook.fr/" "Mozilla/5.0 (Macintosh; Intel Mac OS X 10_15_7) AppleWebKit/537.36 (KHTML, like Gecko) Chrome/149.0.0.0 Safari/537.36"
2a01:e0a:1e9:52b0:75ff:9b03:26a8:613f api26.sherlook.fr - [13/Jul/2026:00:04:02 +0200] "GET /api/google-reviews-config HTTP/1.1" 200 2165 "https://sherlook.fr/" "Mozilla/5.0 (Macintosh; Intel Mac OS X 10_15_7) AppleWebKit/537.36 (KHTML, like Gecko) Chrome/149.0.0.0 Safari/537.36"
2a01:e0a:1e9:52b0:75ff:9b03:26a8:613f api26.sherlook.fr - [13/Jul/2026:00:04:02 +0200] "GET /api/public/providers?page=1&limit=48 HTTP/1.1" 200 11316 "https://sherlook.fr/" "Mozilla/5.0 (Macintosh; Intel Mac OS X 10_15_7) AppleWebKit/537.36 (KHTML, like Gecko) Chrome/149.0.0.0 Safari/537.36"
2a01:e0a:1e9:52b0:75ff:9b03:26a8:613f api26.sherlook.fr - [13/Jul/2026:00:04:02 +0200] "GET /api/delivery/pricing HTTP/1.1" 200 2311 "https://sherlook.fr/" "Mozilla/5.0 (Macintosh; Intel Mac OS X 10_15_7) AppleWebKit/537.36 (KHTML, like Gecko) Chrome/149.0.0.0 Safari/537.36"
66.249.70.69 sherlook.fr - [13/Jul/2026:00:04:03 +0200] "GET /fr/objets-trouves/centre-commercial/centre-commercial-arles HTTP/1.1" 200 23258 "-" "Mozilla/5.0 (Linux; Android 6.0.1; Nexus 5X Build/MMB29P) AppleWebKit/537.36 (KHTML, like Gecko) Chrome/150.0.7871.46 Mobile Safari/537.36 (compatible; Googlebot/2.1; +http://www.google.com/bot.html)"
2a01:e0a:1e9:52b0:75ff:9b03:26a8:613f api26.sherlook.fr - [13/Jul/2026:00:04:04 +0200] "GET /api/announcements/latest?limit=16&status_in=active%2Cresolved%2Cclosed HTTP/1.1" 200 13203 "https://sherlook.fr/" "Mozilla/5.0 (Macintosh; Intel Mac OS X 10_15_7) AppleWebKit/537.36 (KHTML, like Gecko) Chrome/149.0.0.0 Safari/537.36"
2a01:e0a:1e9:52b0:75ff:9b03:26a8:613f api26.sherlook.fr - [13/Jul/2026:00:04:04 +0200] "GET /api/announcements/latest?limit=16&status_in=active%2Cresolved%2Cclosed HTTP/1.1" 200 13203 "https://sherlook.fr/" "Mozilla/5.0 (Macintosh; Intel Mac OS X 10_15_7) AppleWebKit/537.36 (KHTML, like Gecko) Chrome/149.0.0.0 Safari/537.36"
2a01:e0a:1e9:52b0:75ff:9b03:26a8:613f sherlook.fr - [13/Jul/2026:00:04:08 +0200] "GET /fr/sherlook-pro/provider/39.txt?_rsc=1i1sg HTTP/1.1" 200 20232 "https://sherlook.fr/fr" "Mozilla/5.0 (Macintosh; Intel Mac OS X 10_15_7) AppleWebKit/537.36 (KHTML, like Gecko) Chrome/149.0.0.0 Safari/537.36"
2a01:e0a:1e9:52b0:75ff:9b03:26a8:613f api26.sherlook.fr - [13/Jul/2026:00:04:08 +0200] "OPTIONS /api/public/providers/39 HTTP/1.1" 200 25 "https://sherlook.fr/" "Mozilla/5.0 (Macintosh; Intel Mac OS X 10_15_7) AppleWebKit/537.36 (KHTML, like Gecko) Chrome/149.0.0.0 Safari/537.36"
2a01:e0a:1e9:52b0:75ff:9b03:26a8:613f api26.sherlook.fr - [13/Jul/2026:00:04:08 +0200] "OPTIONS /api/public/providers/39/announcements?page=1&limit=24 HTTP/1.1" 200 25 "https://sherlook.fr/" "Mozilla/5.0 (Macintosh; Intel Mac OS X 10_15_7) AppleWebKit/537.36 (KHTML, like Gecko) Chrome/149.0.0.0 Safari/537.36"
2a01:e0a:1e9:52b0:75ff:9b03:26a8:613f api26.sherlook.fr - [13/Jul/2026:00:04:08 +0200] "OPTIONS /api/categories?location_provider_id=39 HTTP/1.1" 200 25 "https://sherlook.fr/" "Mozilla/5.0 (Macintosh; Intel Mac OS X 10_15_7) AppleWebKit/537.36 (KHTML, like Gecko) Chrome/149.0.0.0 Safari/537.36"
2a01:e0a:1e9:52b0:75ff:9b03:26a8:613f api26.sherlook.fr - [13/Jul/2026:00:04:08 +0200] "OPTIONS /api/public/provider-events?location_provider_id=39 HTTP/1.1" 200 25 "https://sherlook.fr/" "Mozilla/5.0 (Macintosh; Intel Mac OS X 10_15_7) AppleWebKit/537.36 (KHTML, like Gecko) Chrome/149.0.0.0 Safari/537.36"
2a01:e0a:1e9:52b0:75ff:9b03:26a8:613f api26.sherlook.fr - [13/Jul/2026:00:04:08 +0200] "GET /api/public/providers/39 HTTP/1.1" 200 953 "https://sherlook.fr/" "Mozilla/5.0 (Macintosh; Intel Mac OS X 10_15_7) AppleWebKit/537.36 (KHTML, like Gecko) Chrome/149.0.0.0 Safari/537.36"
2a01:e0a:1e9:52b0:75ff:9b03:26a8:613f api26.sherlook.fr - [13/Jul/2026:00:04:08 +0200] "GET /api/public/provider-events?location_provider_id=39 HTTP/1.1" 200 53 "https://sherlook.fr/" "Mozilla/5.0 (Macintosh; Intel Mac OS X 10_15_7) AppleWebKit/537.36 (KHTML, like Gecko) Chrome/149.0.0.0 Safari/537.36"
2a01:e0a:1e9:52b0:75ff:9b03:26a8:613f api26.sherlook.fr - [13/Jul/2026:00:04:08 +0200] "GET /api/categories?location_provider_id=39 HTTP/1.1" 200 39640 "https://sherlook.fr/" "Mozilla/5.0 (Macintosh; Intel Mac OS X 10_15_7) AppleWebKit/537.36 (KHTML, like Gecko) Chrome/149.0.0.0 Safari/537.36"
2a01:e0a:1e9:52b0:75ff:9b03:26a8:613f api26.sherlook.fr - [13/Jul/2026:00:04:08 +0200] "GET /api/public/providers/39/announcements?page=1&limit=24 HTTP/1.1" 200 13538 "https://sherlook.fr/" "Mozilla/5.0 (Macintosh; Intel Mac OS X 10_15_7) AppleWebKit/537.36 (KHTML, like Gecko) Chrome/149.0.0.0 Safari/537.36"
2a01:e0a:1e9:52b0:75ff:9b03:26a8:613f api26.sherlook.fr - [13/Jul/2026:00:04:08 +0200] "GET /uploads/announcements/687f5d43de038_17531773495948181940917775705087.jpg HTTP/1.1" 404 993 "https://sherlook.fr/" "Mozilla/5.0 (Macintosh; Intel Mac OS X 10_15_7) AppleWebKit/537.36 (KHTML, like Gecko) Chrome/149.0.0.0 Safari/537.36"
2a01:e0a:1e9:52b0:75ff:9b03:26a8:613f api26.sherlook.fr - [13/Jul/2026:00:04:08 +0200] "GET /uploads/announcements/687f5becb7ea9_17531767506954324434554104841674.jpg HTTP/1.1" 404 993 "https://sherlook.fr/" "Mozilla/5.0 (Macintosh; Intel Mac OS X 10_15_7) AppleWebKit/537.36 (KHTML, like Gecko) Chrome/149.0.0.0 Safari/537.36"
2a01:e0a:1e9:52b0:75ff:9b03:26a8:613f api26.sherlook.fr - [13/Jul/2026:00:04:08 +0200] "GET /uploads/announcements/687f5cbda7bd9_1753177236901540755113803746211.jpg HTTP/1.1" 404 993 "https://sherlook.fr/" "Mozilla/5.0 (Macintosh; Intel Mac OS X 10_15_7) AppleWebKit/537.36 (KHTML, like Gecko) Chrome/149.0.0.0 Safari/537.36"
2a01:e0a:1e9:52b0:75ff:9b03:26a8:613f api26.sherlook.fr - [13/Jul/2026:00:04:08 +0200] "GET /uploads/announcements/687f5a37b2026_17531764849791576013692864876735.jpg HTTP/1.1" 404 993 "https://sherlook.fr/" "Mozilla/5.0 (Macintosh; Intel Mac OS X 10_15_7) AppleWebKit/537.36 (KHTML, like Gecko) Chrome/149.0.0.0 Safari/537.36"
66.249.68.133 api26.sherlook.fr - [13/Jul/2026:00:04:10 +0200] "OPTIONS /api/announcements/latest?limit=16&status_in=active%2Cresolved%2Cclosed&city=Festival+de+Saumur HTTP/1.1" 200 25 "https://sherlook.fr/" "Mozilla/5.0 (Linux; Android 6.0.1; Nexus 5X Build/MMB29P) AppleWebKit/537.36 (KHTML, like Gecko) Chrome/150.0.7871.46 Mobile Safari/537.36 (compatible; GoogleOther)"
66.249.68.133 api26.sherlook.fr - [13/Jul/2026:00:04:10 +0200] "GET /api/announcements/latest?limit=16&status_in=active%2Cresolved%2Cclosed&city=Festival+de+Saumur HTTP/1.1" 200 20 "https://sherlook.fr/" "Mozilla/5.0 (Linux; Android 6.0.1; Nexus 5X Build/MMB29P) AppleWebKit/537.36 (KHTML, like Gecko) Chrome/150.0.7871.46 Mobile Safari/537.36 (compatible; GoogleOther)"
2a01:e0a:1e9:52b0:75ff:9b03:26a8:613f api26.sherlook.fr - [13/Jul/2026:00:04:10 +0200] "GET /api/google-reviews-config HTTP/1.1" 200 2165 "https://sherlook.fr/" "Mozilla/5.0 (Macintosh; Intel Mac OS X 10_15_7) AppleWebKit/537.36 (KHTML, like Gecko) Chrome/149.0.0.0 Safari/537.36"
2a01:e0a:1e9:52b0:75ff:9b03:26a8:613f api26.sherlook.fr - [13/Jul/2026:00:04:10 +0200] "GET /api/home-splash-screen HTTP/1.1" 200 1620 "https://sherlook.fr/" "Mozilla/5.0 (Macintosh; Intel Mac OS X 10_15_7) AppleWebKit/537.36 (KHTML, like Gecko) Chrome/149.0.0.0 Safari/537.36"
2a01:e0a:1e9:52b0:75ff:9b03:26a8:613f api26.sherlook.fr - [13/Jul/2026:00:04:10 +0200] "GET /api/google-reviews-config HTTP/1.1" 200 2165 "https://sherlook.fr/" "Mozilla/5.0 (Macintosh; Intel Mac OS X 10_15_7) AppleWebKit/537.36 (KHTML, like Gecko) Chrome/149.0.0.0 Safari/537.36"
66.249.68.133 api26.sherlook.fr - [13/Jul/2026:00:04:12 +0200] "OPTIONS /api/announcements/latest?limit=16&status_in=active%2Cresolved%2Cclosed&city=Plage+de+l%27Ayguade+%28Gruissan%29 HTTP/1.1" 200 25 "https://sherlook.fr/" "Mozilla/5.0 (Linux; Android 6.0.1; Nexus 5X Build/MMB29P) AppleWebKit/537.36 (KHTML, like Gecko) Chrome/150.0.7871.46 Mobile Safari/537.36 (compatible; GoogleOther)"
66.249.68.134 api26.sherlook.fr - [13/Jul/2026:00:04:12 +0200] "GET /api/announcements/latest?limit=16&status_in=active%2Cresolved%2Cclosed&city=Plage+de+l%27Ayguade+%28Gruissan%29 HTTP/1.1" 200 20 "https://sherlook.fr/" "Mozilla/5.0 (Linux; Android 6.0.1; Nexus 5X Build/MMB29P) AppleWebKit/537.36 (KHTML, like Gecko) Chrome/150.0.7871.46 Mobile Safari/537.36 (compatible; GoogleOther)"
2a01:e0a:1e9:52b0:75ff:9b03:26a8:613f sherlook.fr - [13/Jul/2026:00:04:14 +0200] "GET /fr/objets-trouves/festival-vandb-fest-2026.txt?_rsc=1i1sg HTTP/1.1" 200 20836 "https://sherlook.fr/fr" "Mozilla/5.0 (Macintosh; Intel Mac OS X 10_15_7) AppleWebKit/537.36 (KHTML, like Gecko) Chrome/149.0.0.0 Safari/537.36"
2a01:e0a:1e9:52b0:75ff:9b03:26a8:613f api26.sherlook.fr - [13/Jul/2026:00:04:14 +0200] "OPTIONS /api/public/providers/slug/festival-vandb-fest-2026 HTTP/1.1" 200 25 "https://sherlook.fr/" "Mozilla/5.0 (Macintosh; Intel Mac OS X 10_15_7) AppleWebKit/537.36 (KHTML, like Gecko) Chrome/149.0.0.0 Safari/537.36"
2a01:e0a:1e9:52b0:75ff:9b03:26a8:613f api26.sherlook.fr - [13/Jul/2026:00:04:14 +0200] "GET /api/public/providers/slug/festival-vandb-fest-2026 HTTP/1.1" 200 1349 "https://sherlook.fr/" "Mozilla/5.0 (Macintosh; Intel Mac OS X 10_15_7) AppleWebKit/537.36 (KHTML, like Gecko) Chrome/149.0.0.0 Safari/537.36"
2a01:e0a:1e9:52b0:75ff:9b03:26a8:613f api26.sherlook.fr - [13/Jul/2026:00:04:14 +0200] "OPTIONS /api/categories?location_provider_id=49 HTTP/1.1" 200 25 "https://sherlook.fr/" "Mozilla/5.0 (Macintosh; Intel Mac OS X 10_15_7) AppleWebKit/537.36 (KHTML, like Gecko) Chrome/149.0.0.0 Safari/537.36"
2a01:e0a:1e9:52b0:75ff:9b03:26a8:613f api26.sherlook.fr - [13/Jul/2026:00:04:14 +0200] "OPTIONS /api/public/provider-events?location_provider_id=49 HTTP/1.1" 200 25 "https://sherlook.fr/" "Mozilla/5.0 (Macintosh; Intel Mac OS X 10_15_7) AppleWebKit/537.36 (KHTML, like Gecko) Chrome/149.0.0.0 Safari/537.36"
2a01:e0a:1e9:52b0:75ff:9b03:26a8:613f api26.sherlook.fr - [13/Jul/2026:00:04:14 +0200] "OPTIONS /api/public/providers/49/announcements?page=1&limit=24 HTTP/1.1" 200 25 "https://sherlook.fr/" "Mozilla/5.0 (Macintosh; Intel Mac OS X 10_15_7) AppleWebKit/537.36 (KHTML, like Gecko) Chrome/149.0.0.0 Safari/537.36"
2a01:e0a:1e9:52b0:75ff:9b03:26a8:613f api26.sherlook.fr - [13/Jul/2026:00:04:14 +0200] "GET /api/public/provider-events?location_provider_id=49 HTTP/1.1" 200 53 "https://sherlook.fr/" "Mozilla/5.0 (Macintosh; Intel Mac OS X 10_15_7) AppleWebKit/537.36 (KHTML, like Gecko) Chrome/149.0.0.0 Safari/537.36"
2a01:e0a:1e9:52b0:75ff:9b03:26a8:613f api26.sherlook.fr - [13/Jul/2026:00:04:14 +0200] "GET /api/categories?location_provider_id=49 HTTP/1.1" 200 39640 "https://sherlook.fr/" "Mozilla/5.0 (Macintosh; Intel Mac OS X 10_15_7) AppleWebKit/537.36 (KHTML, like Gecko) Chrome/149.0.0.0 Safari/537.36"
2a01:e0a:1e9:52b0:75ff:9b03:26a8:613f api26.sherlook.fr - [13/Jul/2026:00:04:14 +0200] "GET /api/public/providers/49/announcements?page=1&limit=24 HTTP/1.1" 200 953 "https://sherlook.fr/" "Mozilla/5.0 (Macintosh; Intel Mac OS X 10_15_7) AppleWebKit/537.36 (KHTML, like Gecko) Chrome/149.0.0.0 Safari/537.36"
2a01:e0a:1e9:52b0:75ff:9b03:26a8:613f sherlook.fr - [13/Jul/2026:00:04:22 +0200] "GET /build-info.json?v=1783893862403 HTTP/1.1" 200 68 "https://sherlook.fr/fr/objets-trouves/festival-vandb-fest-2026" "Mozilla/5.0 (Macintosh; Intel Mac OS X 10_15_7) AppleWebKit/537.36 (KHTML, like Gecko) Chrome/149.0.0.0 Safari/537.36"
2a01:e0a:1e9:52b0:75ff:9b03:26a8:613f api26.sherlook.fr - [13/Jul/2026:00:04:22 +0200] "GET /api/public/providers/slug/festival-vandb-fest-2026 HTTP/1.1" 200 1349 "https://sherlook.fr/" "Mozilla/5.0 (Macintosh; Intel Mac OS X 10_15_7) AppleWebKit/537.36 (KHTML, like Gecko) Chrome/149.0.0.0 Safari/537.36"
2a01:e0a:1e9:52b0:75ff:9b03:26a8:613f api26.sherlook.fr - [13/Jul/2026:00:04:24 +0200] "GET /api/announcements/latest?limit=16&status_in=active%2Cresolved%2Cclosed HTTP/1.1" 200 13203 "https://sherlook.fr/" "Mozilla/5.0 (Macintosh; Intel Mac OS X 10_15_7) AppleWebKit/537.36 (KHTML, like Gecko) Chrome/149.0.0.0 Safari/537.36"
2a01:e0a:1e9:52b0:75ff:9b03:26a8:613f api26.sherlook.fr - [13/Jul/2026:00:04:24 +0200] "GET /api/announcements/latest?limit=16&status_in=active%2Cresolved%2Cclosed HTTP/1.1" 200 13203 "https://sherlook.fr/" "Mozilla/5.0 (Macintosh; Intel Mac OS X 10_15_7) AppleWebKit/537.36 (KHTML, like Gecko) Chrome/149.0.0.0 Safari/537.36"
66.249.68.133 api26.sherlook.fr - [13/Jul/2026:00:04:25 +0200] "OPTIONS /api/announcements/latest?limit=16&status_in=active%2Cresolved%2Cclosed&city=Plage+de+Keremma+%28Guiss%C3%A9ny%29 HTTP/1.1" 200 25 "https://sherlook.fr/" "Mozilla/5.0 (Linux; Android 6.0.1; Nexus 5X Build/MMB29P) AppleWebKit/537.36 (KHTML, like Gecko) Chrome/150.0.7871.46 Mobile Safari/537.36 (compatible; GoogleOther)"
66.249.68.133 api26.sherlook.fr - [13/Jul/2026:00:04:25 +0200] "GET /api/announcements/latest?limit=16&status_in=active%2Cresolved%2Cclosed&city=Plage+de+Keremma+%28Guiss%C3%A9ny%29 HTTP/1.1" 200 20 "https://sherlook.fr/" "Mozilla/5.0 (Linux; Android 6.0.1; Nexus 5X Build/MMB29P) AppleWebKit/537.36 (KHTML, like Gecko) Chrome/150.0.7871.46 Mobile Safari/537.36 (compatible; GoogleOther)"
2a01:e0a:1e9:52b0:75ff:9b03:26a8:613f sherlook.fr - [13/Jul/2026:00:04:28 +0200] "GET /build-info.json?v=1783893868484 HTTP/1.1" 200 68 "https://sherlook.fr/fr/objets-trouves/festival-vandb-fest-2026" "Mozilla/5.0 (Macintosh; Intel Mac OS X 10_15_7) AppleWebKit/537.36 (KHTML, like Gecko) Chrome/149.0.0.0 Safari/537.36"
2a01:e0a:1e9:52b0:75ff:9b03:26a8:613f api26.sherlook.fr - [13/Jul/2026:00:04:28 +0200] "GET /api/public/providers/slug/festival-vandb-fest-2026 HTTP/1.1" 200 1349 "https://sherlook.fr/" "Mozilla/5.0 (Macintosh; Intel Mac OS X 10_15_7) AppleWebKit/537.36 (KHTML, like Gecko) Chrome/149.0.0.0 Safari/537.36"
2a01:e0a:1e9:52b0:75ff:9b03:26a8:613f sherlook.fr - [13/Jul/2026:00:04:31 +0200] "GET /build-info.json?v=1783893871319 HTTP/1.1" 200 68 "https://sherlook.fr/fr/objets-trouves/festival-vandb-fest-2026" "Mozilla/5.0 (Macintosh; Intel Mac OS X 10_15_7) AppleWebKit/537.36 (KHTML, like Gecko) Chrome/149.0.0.0 Safari/537.36"
2a01:e0a:1e9:52b0:75ff:9b03:26a8:613f api26.sherlook.fr - [13/Jul/2026:00:04:31 +0200] "GET /api/public/providers/slug/festival-vandb-fest-2026 HTTP/1.1" 200 1349 "https://sherlook.fr/" "Mozilla/5.0 (Macintosh; Intel Mac OS X 10_15_7) AppleWebKit/537.36 (KHTML, like Gecko) Chrome/149.0.0.0 Safari/537.36"
2a01:e0a:1e9:52b0:75ff:9b03:26a8:613f sherlook.fr - [13/Jul/2026:00:04:31 +0200] "GET /build-info.json?v=1783893871801 HTTP/1.1" 200 68 "https://sherlook.fr/fr/objets-trouves/festival-vandb-fest-2026" "Mozilla/5.0 (Macintosh; Intel Mac OS X 10_15_7) AppleWebKit/537.36 (KHTML, like Gecko) Chrome/149.0.0.0 Safari/537.36"
91.167.165.74 sherlookxk.cluster021.hosting.ovh.net - [13/Jul/2026:00:04:32 +0200] "GET /build-info.json?v=1783893872634 HTTP/1.1" 200 68 "http://sherlookxk.cluster021.hosting.ovh.net/fr.html" "Mozilla/5.0 (Macintosh; Intel Mac OS X 10_15_7) AppleWebKit/537.36 (KHTML, like Gecko) Chrome/149.0.0.0 Safari/537.36"
2a01:e0a:1e9:52b0:75ff:9b03:26a8:613f api26.sherlook.fr - [13/Jul/2026:00:04:35 +0200] "OPTIONS /api/announcements/latest?limit=16&status_in=active%2Cresolved%2Cclosed HTTP/1.1" 200 25 "http://sherlookxk.cluster021.hosting.ovh.net/" "Mozilla/5.0 (Macintosh; Intel Mac OS X 10_15_7) AppleWebKit/537.36 (KHTML, like Gecko) Chrome/149.0.0.0 Safari/537.36"
2a01:e0a:1e9:52b0:75ff:9b03:26a8:613f api26.sherlook.fr - [13/Jul/2026:00:04:36 +0200] "OPTIONS /api/announcements/latest?limit=16&status_in=active%2Cresolved%2Cclosed HTTP/1.1" 200 25 "http://sherlookxk.cluster021.hosting.ovh.net/" "Mozilla/5.0 (Macintosh; Intel Mac OS X 10_15_7) AppleWebKit/537.36 (KHTML, like Gecko) Chrome/149.0.0.0 Safari/537.36"
185.191.171.7 www.api2-dev.sherlook.fr - [13/Jul/2026:00:04:37 +0200] "GET /var/cache/dev/Container2VdxMNz/getVichFileUploadSubscriberService.php HTTP/1.1" 500 - "-" "Mozilla/5.0 (compatible; SemrushBot/7~bl; +http://www.semrush.com/bot.html)"
2a01:e0a:1e9:52b0:75ff:9b03:26a8:613f api26.sherlook.fr - [13/Jul/2026:00:04:44 +0200] "GET /api/announcements/latest?limit=16&status_in=active%2Cresolved%2Cclosed HTTP/1.1" 200 13203 "https://sherlook.fr/" "Mozilla/5.0 (Macintosh; Intel Mac OS X 10_15_7) AppleWebKit/537.36 (KHTML, like Gecko) Chrome/149.0.0.0 Safari/537.36"
2a01:e0a:1e9:52b0:75ff:9b03:26a8:613f api26.sherlook.fr - [13/Jul/2026:00:04:44 +0200] "GET /api/announcements/latest?limit=16&status_in=active%2Cresolved%2Cclosed HTTP/1.1" 200 13203 "https://sherlook.fr/" "Mozilla/5.0 (Macintosh; Intel Mac OS X 10_15_7) AppleWebKit/537.36 (KHTML, like Gecko) Chrome/149.0.0.0 Safari/537.36"
66.249.70.69 sherlook.fr - [13/Jul/2026:00:04:47 +0200] "GET /fr/objets-trouves/festival/festival-de-carhaix HTTP/1.1" 200 23232 "-" "Mozilla/5.0 (Linux; Android 6.0.1; Nexus 5X Build/MMB29P) AppleWebKit/537.36 (KHTML, like Gecko) Chrome/150.0.7871.46 Mobile Safari/537.36 (compatible; GoogleOther)"
66.249.68.133 api26.sherlook.fr - [13/Jul/2026:00:04:50 +0200] "OPTIONS /api/announcements/latest?limit=16&status_in=active%2Cresolved%2Cclosed&city=Festival+de+Carhaix HTTP/1.1" 200 25 "https://sherlook.fr/" "Mozilla/5.0 (Linux; Android 6.0.1; Nexus 5X Build/MMB29P) AppleWebKit/537.36 (KHTML, like Gecko) Chrome/150.0.7871.46 Mobile Safari/537.36 (compatible; GoogleOther)"
66.249.68.133 api26.sherlook.fr - [13/Jul/2026:00:04:50 +0200] "GET /api/announcements/latest?limit=16&status_in=active%2Cresolved%2Cclosed&city=Festival+de+Carhaix HTTP/1.1" 200 20 "https://sherlook.fr/" "Mozilla/5.0 (Linux; Android 6.0.1; Nexus 5X Build/MMB29P) AppleWebKit/537.36 (KHTML, like Gecko) Chrome/150.0.7871.46 Mobile Safari/537.36 (compatible; GoogleOther)"
185.191.171.10 www.api2-dev.sherlook.fr - [13/Jul/2026:00:04:53 +0200] "GET /vendor/symfony/doctrine-bridge/DependencyInjection/ HTTP/1.1" 200 454 "-" "Mozilla/5.0 (compatible; SemrushBot/7~bl; +http://www.semrush.com/bot.html)"
185.191.171.1 www.api2-dev.sherlook.fr - [13/Jul/2026:00:04:55 +0200] "GET /vendor/google/gax/src/Transport/Grpc/ServerStreamingCallWrapper.php HTTP/1.1" 500 - "-" "Mozilla/5.0 (compatible; SemrushBot/7~bl; +http://www.semrush.com/bot.html)"
66.249.70.70 sherlook.fr - [13/Jul/2026:00:05:04 +0200] "GET /fr/objets-trouves/plage/plage-de-penthievre-quiberon-plages HTTP/1.1" 200 23276 "-" "Mozilla/5.0 (Linux; Android 6.0.1; Nexus 5X Build/MMB29P) AppleWebKit/537.36 (KHTML, like Gecko) Chrome/150.0.7871.46 Mobile Safari/537.36 (compatible; Googlebot/2.1; +http://www.google.com/bot.html)"
2a01:e0a:1e9:52b0:75ff:9b03:26a8:613f api26.sherlook.fr - [13/Jul/2026:00:05:04 +0200] "GET /api/announcements/latest?limit=16&status_in=active%2Cresolved%2Cclosed HTTP/1.1" 200 13203 "https://sherlook.fr/" "Mozilla/5.0 (Macintosh; Intel Mac OS X 10_15_7) AppleWebKit/537.36 (KHTML, like Gecko) Chrome/149.0.0.0 Safari/537.36"
2a01:e0a:1e9:52b0:75ff:9b03:26a8:613f api26.sherlook.fr - [13/Jul/2026:00:05:04 +0200] "GET /api/announcements/latest?limit=16&status_in=active%2Cresolved%2Cclosed HTTP/1.1" 200 13203 "https://sherlook.fr/" "Mozilla/5.0 (Macintosh; Intel Mac OS X 10_15_7) AppleWebKit/537.36 (KHTML, like Gecko) Chrome/149.0.0.0 Safari/537.36"
66.249.68.135 api26.sherlook.fr - [13/Jul/2026:00:05:12 +0200] "GET /robots.txt HTTP/1.1" 404 993 "-" "Mozilla/5.0 (compatible; Googlebot/2.1; +http://www.google.com/bot.html)"
66.249.68.135 api26.sherlook.fr - [13/Jul/2026:00:05:12 +0200] "OPTIONS /api/announcements/latest?limit=16&status_in=active%2Cresolved%2Cclosed&city=Plage+de+Penthi%C3%A8vre+%28Quiberon%29 HTTP/1.1" 200 25 "https://sherlook.fr/" "Mozilla/5.0 (Linux; Android 6.0.1; Nexus 5X Build/MMB29P) AppleWebKit/537.36 (KHTML, like Gecko) Chrome/150.0.7871.46 Mobile Safari/537.36 (compatible; Googlebot/2.1; +http://www.google.com/bot.html)"
66.249.68.135 api26.sherlook.fr - [13/Jul/2026:00:05:12 +0200] "GET /api/announcements/latest?limit=16&status_in=active%2Cresolved%2Cclosed&city=Plage+de+Penthi%C3%A8vre+%28Quiberon%29 HTTP/1.1" 200 20 "https://sherlook.fr/" "Mozilla/5.0 (Linux; Android 6.0.1; Nexus 5X Build/MMB29P) AppleWebKit/537.36 (KHTML, like Gecko) Chrome/150.0.7871.46 Mobile Safari/537.36 (compatible; Googlebot/2.1; +http://www.google.com/bot.html)"
66.249.70.69 sherlook.fr - [13/Jul/2026:00:05:17 +0200] "GET /fr/objets-trouves/centre-commercial/centre-commercial-les-deux-lions HTTP/1.1" 200 23208 "-" "Mozilla/5.0 (Linux; Android 6.0.1; Nexus 5X Build/MMB29P) AppleWebKit/537.36 (KHTML, like Gecko) Chrome/150.0.7871.46 Mobile Safari/537.36 (compatible; GoogleOther)"
85.208.96.207 www.api2-dev.sherlook.fr - [13/Jul/2026:00:05:18 +0200] "GET /var/cache/prodnew/pools/system/uXuZUMp3r-/S/W/ HTTP/1.1" 200 395 "-" "Mozilla/5.0 (compatible; SemrushBot/7~bl; +http://www.semrush.com/bot.html)"
66.249.68.134 api26.sherlook.fr - [13/Jul/2026:00:05:20 +0200] "OPTIONS /api/announcements/latest?limit=16&status_in=active%2Cresolved%2Cclosed&city=Centre+Commercial+Les+Deux+Lions HTTP/1.1" 200 25 "https://sherlook.fr/" "Mozilla/5.0 (Linux; Android 6.0.1; Nexus 5X Build/MMB29P) AppleWebKit/537.36 (KHTML, like Gecko) Chrome/150.0.7871.46 Mobile Safari/537.36 (compatible; GoogleOther)"
66.249.68.133 api26.sherlook.fr - [13/Jul/2026:00:05:21 +0200] "GET /api/announcements/latest?limit=16&status_in=active%2Cresolved%2Cclosed&city=Centre+Commercial+Les+Deux+Lions HTTP/1.1" 200 20 "https://sherlook.fr/" "Mozilla/5.0 (Linux; Android 6.0.1; Nexus 5X Build/MMB29P) AppleWebKit/537.36 (KHTML, like Gecko) Chrome/150.0.7871.46 Mobile Safari/537.36 (compatible; GoogleOther)"
2a01:e0a:1e9:52b0:75ff:9b03:26a8:613f api26.sherlook.fr - [13/Jul/2026:00:05:24 +0200] "GET /api/announcements/latest?limit=16&status_in=active%2Cresolved%2Cclosed HTTP/1.1" 200 13203 "https://sherlook.fr/" "Mozilla/5.0 (Macintosh; Intel Mac OS X 10_15_7) AppleWebKit/537.36 (KHTML, like Gecko) Chrome/149.0.0.0 Safari/537.36"
2a01:e0a:1e9:52b0:75ff:9b03:26a8:613f api26.sherlook.fr - [13/Jul/2026:00:05:25 +0200] "GET /api/announcements/latest?limit=16&status_in=active%2Cresolved%2Cclosed HTTP/1.1" 200 13203 "https://sherlook.fr/" "Mozilla/5.0 (Macintosh; Intel Mac OS X 10_15_7) AppleWebKit/537.36 (KHTML, like Gecko) Chrome/149.0.0.0 Safari/537.36"
85.208.96.198 www.api2-dev.sherlook.fr - [13/Jul/2026:00:05:27 +0200] "GET /vendor/symfony/intl/Resources/data/regions/en_001.php HTTP/1.1" 200 25 "-" "Mozilla/5.0 (compatible; SemrushBot/7~bl; +http://www.semrush.com/bot.html)"
66.249.70.69 sherlook.fr - [13/Jul/2026:00:05:35 +0200] "GET /fr/objets-trouves/plage/plage-de-piantarella-bonifacio HTTP/1.1" 200 23169 "-" "Mozilla/5.0 (Linux; Android 6.0.1; Nexus 5X Build/MMB29P) AppleWebKit/537.36 (KHTML, like Gecko) Chrome/150.0.7871.46 Mobile Safari/537.36 (compatible; GoogleOther)"
185.191.171.7 www.api2-dev.sherlook.fr - [13/Jul/2026:00:05:36 +0200] "GET /vendor/nikic/php-parser/lib/PhpParser/NodeVisitorAbstract.php HTTP/1.1" 500 - "-" "Mozilla/5.0 (compatible; SemrushBot/7~bl; +http://www.semrush.com/bot.html)"
66.249.68.133 api26.sherlook.fr - [13/Jul/2026:00:05:43 +0200] "OPTIONS /api/announcements/latest?limit=16&status_in=active%2Cresolved%2Cclosed&city=Plage+de+Piantarella+%28Bonifacio%29 HTTP/1.1" 200 25 "https://sherlook.fr/" "Mozilla/5.0 (Linux; Android 6.0.1; Nexus 5X Build/MMB29P) AppleWebKit/537.36 (KHTML, like Gecko) Chrome/150.0.7871.46 Mobile Safari/537.36 (compatible; GoogleOther)"
66.249.68.133 api26.sherlook.fr - [13/Jul/2026:00:05:43 +0200] "GET /api/announcements/latest?limit=16&status_in=active%2Cresolved%2Cclosed&city=Plage+de+Piantarella+%28Bonifacio%29 HTTP/1.1" 200 20 "https://sherlook.fr/" "Mozilla/5.0 (Linux; Android 6.0.1; Nexus 5X Build/MMB29P) AppleWebKit/537.36 (KHTML, like Gecko) Chrome/150.0.7871.46 Mobile Safari/537.36 (compatible; GoogleOther)"
2a01:e0a:1e9:52b0:75ff:9b03:26a8:613f api26.sherlook.fr - [13/Jul/2026:00:05:45 +0200] "GET /api/announcements/latest?limit=16&status_in=active%2Cresolved%2Cclosed HTTP/1.1" 200 13203 "https://sherlook.fr/" "Mozilla/5.0 (Macintosh; Intel Mac OS X 10_15_7) AppleWebKit/537.36 (KHTML, like Gecko) Chrome/149.0.0.0 Safari/537.36"
2a01:e0a:1e9:52b0:75ff:9b03:26a8:613f api26.sherlook.fr - [13/Jul/2026:00:05:45 +0200] "GET /api/announcements/latest?limit=16&status_in=active%2Cresolved%2Cclosed HTTP/1.1" 200 13203 "https://sherlook.fr/" "Mozilla/5.0 (Macintosh; Intel Mac OS X 10_15_7) AppleWebKit/537.36 (KHTML, like Gecko) Chrome/149.0.0.0 Safari/537.36"
2a01:e0a:1e9:52b0:75ff:9b03:26a8:613f api26.sherlook.fr - [13/Jul/2026:00:06:05 +0200] "GET /api/announcements/latest?limit=16&status_in=active%2Cresolved%2Cclosed HTTP/1.1" 200 13203 "https://sherlook.fr/" "Mozilla/5.0 (Macintosh; Intel Mac OS X 10_15_7) AppleWebKit/537.36 (KHTML, like Gecko) Chrome/149.0.0.0 Safari/537.36"
2a01:e0a:1e9:52b0:75ff:9b03:26a8:613f api26.sherlook.fr - [13/Jul/2026:00:06:05 +0200] "GET /api/announcements/latest?limit=16&status_in=active%2Cresolved%2Cclosed HTTP/1.1" 200 13203 "https://sherlook.fr/" "Mozilla/5.0 (Macintosh; Intel Mac OS X 10_15_7) AppleWebKit/537.36 (KHTML, like Gecko) Chrome/149.0.0.0 Safari/537.36"
2a01:e0a:1e9:52b0:75ff:9b03:26a8:613f sherlook.fr - [13/Jul/2026:00:06:18 +0200] "GET /build-info.json?v=1783893978442 HTTP/1.1" 200 68 "https://sherlook.fr/fr/objets-trouves/festival-vandb-fest-2026" "Mozilla/5.0 (Macintosh; Intel Mac OS X 10_15_7) AppleWebKit/537.36 (KHTML, like Gecko) Chrome/149.0.0.0 Safari/537.36"
2a01:e0a:1e9:52b0:75ff:9b03:26a8:613f api26.sherlook.fr - [13/Jul/2026:00:06:18 +0200] "GET /api/public/providers/slug/festival-vandb-fest-2026 HTTP/1.1" 200 1349 "https://sherlook.fr/" "Mozilla/5.0 (Macintosh; Intel Mac OS X 10_15_7) AppleWebKit/537.36 (KHTML, like Gecko) Chrome/149.0.0.0 Safari/537.36"
2a01:e0a:1e9:52b0:75ff:9b03:26a8:613f sherlook.fr - [13/Jul/2026:00:06:19 +0200] "GET /fr.txt?_rsc=1ihx7 HTTP/1.1" 200 20696 "https://sherlook.fr/fr/objets-trouves/festival-vandb-fest-2026" "Mozilla/5.0 (Macintosh; Intel Mac OS X 10_15_7) AppleWebKit/537.36 (KHTML, like Gecko) Chrome/149.0.0.0 Safari/537.36"
2a01:e0a:1e9:52b0:75ff:9b03:26a8:613f api26.sherlook.fr - [13/Jul/2026:00:06:19 +0200] "GET /api/google-reviews-config HTTP/1.1" 200 2165 "https://sherlook.fr/" "Mozilla/5.0 (Macintosh; Intel Mac OS X 10_15_7) AppleWebKit/537.36 (KHTML, like Gecko) Chrome/149.0.0.0 Safari/537.36"
2a01:e0a:1e9:52b0:75ff:9b03:26a8:613f api26.sherlook.fr - [13/Jul/2026:00:06:19 +0200] "GET /api/home-splash-screen HTTP/1.1" 200 1620 "https://sherlook.fr/" "Mozilla/5.0 (Macintosh; Intel Mac OS X 10_15_7) AppleWebKit/537.36 (KHTML, like Gecko) Chrome/149.0.0.0 Safari/537.36"
2a01:e0a:1e9:52b0:75ff:9b03:26a8:613f api26.sherlook.fr - [13/Jul/2026:00:06:19 +0200] "GET /api/public/providers?page=1&limit=48 HTTP/1.1" 200 11316 "https://sherlook.fr/" "Mozilla/5.0 (Macintosh; Intel Mac OS X 10_15_7) AppleWebKit/537.36 (KHTML, like Gecko) Chrome/149.0.0.0 Safari/537.36"
2a01:e0a:1e9:52b0:75ff:9b03:26a8:613f api26.sherlook.fr - [13/Jul/2026:00:06:19 +0200] "GET /api/google-reviews-config HTTP/1.1" 200 2165 "https://sherlook.fr/" "Mozilla/5.0 (Macintosh; Intel Mac OS X 10_15_7) AppleWebKit/537.36 (KHTML, like Gecko) Chrome/149.0.0.0 Safari/537.36"
2a01:e0a:1e9:52b0:75ff:9b03:26a8:613f api26.sherlook.fr - [13/Jul/2026:00:06:19 +0200] "GET /api/delivery/pricing HTTP/1.1" 200 2311 "https://sherlook.fr/" "Mozilla/5.0 (Macintosh; Intel Mac OS X 10_15_7) AppleWebKit/537.36 (KHTML, like Gecko) Chrome/149.0.0.0 Safari/537.36"
2a01:e0a:1e9:52b0:75ff:9b03:26a8:613f api26.sherlook.fr - [13/Jul/2026:00:06:19 +0200] "GET /api/announcements/latest?limit=16&status_in=active%2Cresolved%2Cclosed HTTP/1.1" 200 13203 "https://sherlook.fr/" "Mozilla/5.0 (Macintosh; Intel Mac OS X 10_15_7) AppleWebKit/537.36 (KHTML, like Gecko) Chrome/149.0.0.0 Safari/537.36"
66.249.70.69 sherlook.fr - [13/Jul/2026:00:06:24 +0200] "GET /fr/objets-trouves/plage/plage-de-keremma-landeda HTTP/1.1" 200 23263 "-" "Mozilla/5.0 (Linux; Android 6.0.1; Nexus 5X Build/MMB29P) AppleWebKit/537.36 (KHTML, like Gecko) Chrome/150.0.7871.46 Mobile Safari/537.36 (compatible; GoogleOther)"
2a01:e0a:1e9:52b0:75ff:9b03:26a8:613f api26.sherlook.fr - [13/Jul/2026:00:06:25 +0200] "GET /api/announcements/latest?limit=16&status_in=active%2Cresolved%2Cclosed HTTP/1.1" 200 13203 "https://sherlook.fr/" "Mozilla/5.0 (Macintosh; Intel Mac OS X 10_15_7) AppleWebKit/537.36 (KHTML, like Gecko) Chrome/149.0.0.0 Safari/537.36"
2a01:e0a:1e9:52b0:75ff:9b03:26a8:613f api26.sherlook.fr - [13/Jul/2026:00:06:25 +0200] "GET /api/announcements/latest?limit=16&status_in=active%2Cresolved%2Cclosed HTTP/1.1" 200 13203 "https://sherlook.fr/" "Mozilla/5.0 (Macintosh; Intel Mac OS X 10_15_7) AppleWebKit/537.36 (KHTML, like Gecko) Chrome/149.0.0.0 Safari/537.36"
2a01:e0a:1e9:52b0:75ff:9b03:26a8:613f admin.sherlook.fr - [13/Jul/2026:00:06:29 +0200] "GET /monitoring HTTP/1.1" 200 501 "-" "Mozilla/5.0 (Macintosh; Intel Mac OS X 10_15_7) AppleWebKit/537.36 (KHTML, like Gecko) Chrome/149.0.0.0 Safari/537.36"
2a01:e0a:1e9:52b0:75ff:9b03:26a8:613f admin.sherlook.fr - [13/Jul/2026:00:06:30 +0200] "GET /manifest.json HTTP/1.1" 304 - "https://admin.sherlook.fr/monitoring" "Mozilla/5.0 (Macintosh; Intel Mac OS X 10_15_7) AppleWebKit/537.36 (KHTML, like Gecko) Chrome/149.0.0.0 Safari/537.36"
2a01:e0a:1e9:52b0:75ff:9b03:26a8:613f admin.sherlook.fr - [13/Jul/2026:00:06:30 +0200] "GET /favicon.ico HTTP/1.1" 304 - "https://admin.sherlook.fr/monitoring" "Mozilla/5.0 (Macintosh; Intel Mac OS X 10_15_7) AppleWebKit/537.36 (KHTML, like Gecko) Chrome/149.0.0.0 Safari/537.36"
2a01:e0a:1e9:52b0:75ff:9b03:26a8:613f api26.sherlook.fr - [13/Jul/2026:00:06:30 +0200] "GET /api/profile HTTP/1.1" 200 351 "https://admin.sherlook.fr/" "Mozilla/5.0 (Macintosh; Intel Mac OS X 10_15_7) AppleWebKit/537.36 (KHTML, like Gecko) Chrome/149.0.0.0 Safari/537.36"
2a01:e0a:1e9:52b0:75ff:9b03:26a8:613f api26.sherlook.fr - [13/Jul/2026:00:06:30 +0200] "GET /api/admin/monitoring/snapshot?period=day HTTP/1.1" 200 1273 "https://admin.sherlook.fr/" "Mozilla/5.0 (Macintosh; Intel Mac OS X 10_15_7) AppleWebKit/537.36 (KHTML, like Gecko) Chrome/149.0.0.0 Safari/537.36"
2a01:e0a:1e9:52b0:75ff:9b03:26a8:613f api26.sherlook.fr - [13/Jul/2026:00:06:30 +0200] "GET /api/providers?status=active&limit=1000 HTTP/1.1" 200 25453 "https://admin.sherlook.fr/" "Mozilla/5.0 (Macintosh; Intel Mac OS X 10_15_7) AppleWebKit/537.36 (KHTML, like Gecko) Chrome/149.0.0.0 Safari/537.36"
2a01:e0a:1e9:52b0:75ff:9b03:26a8:613f api26.sherlook.fr - [13/Jul/2026:00:06:30 +0200] "GET /api/admin/monitoring/analytics-realtime HTTP/1.1" 200 348 "https://admin.sherlook.fr/" "Mozilla/5.0 (Macintosh; Intel Mac OS X 10_15_7) AppleWebKit/537.36 (KHTML, like Gecko) Chrome/149.0.0.0 Safari/537.36"
66.249.70.70 sherlook.fr - [13/Jul/2026:00:06:34 +0200] "GET /fr/objets-trouves/festival/festival-de-bethune HTTP/1.1" 200 23234 "-" "Mozilla/5.0 (Linux; Android 6.0.1; Nexus 5X Build/MMB29P) AppleWebKit/537.36 (KHTML, like Gecko) Chrome/150.0.7871.46 Mobile Safari/537.36 (compatible; GoogleOther)"
2a01:e0a:1e9:52b0:75ff:9b03:26a8:613f api26.sherlook.fr - [13/Jul/2026:00:06:45 +0200] "GET /api/announcements/latest?limit=16&status_in=active%2Cresolved%2Cclosed HTTP/1.1" 200 13203 "https://sherlook.fr/" "Mozilla/5.0 (Macintosh; Intel Mac OS X 10_15_7) AppleWebKit/537.36 (KHTML, like Gecko) Chrome/149.0.0.0 Safari/537.36"
2a01:e0a:1e9:52b0:75ff:9b03:26a8:613f api26.sherlook.fr - [13/Jul/2026:00:06:46 +0200] "GET /api/announcements/latest?limit=16&status_in=active%2Cresolved%2Cclosed HTTP/1.1" 200 13203 "https://sherlook.fr/" "Mozilla/5.0 (Macintosh; Intel Mac OS X 10_15_7) AppleWebKit/537.36 (KHTML, like Gecko) Chrome/149.0.0.0 Safari/537.36"
2a01:e0a:1e9:52b0:75ff:9b03:26a8:613f api26.sherlook.fr - [13/Jul/2026:00:06:46 +0200] "OPTIONS /api/admin/dashboard/cities HTTP/1.1" 200 25 "https://admin.sherlook.fr/" "Mozilla/5.0 (Macintosh; Intel Mac OS X 10_15_7) AppleWebKit/537.36 (KHTML, like Gecko) Chrome/149.0.0.0 Safari/537.36"
2a01:e0a:1e9:52b0:75ff:9b03:26a8:613f api26.sherlook.fr - [13/Jul/2026:00:06:46 +0200] "OPTIONS /api/admin/dashboard/matchings-chart?granularity=day&date_from=2026-06-14&date_to=2026-07-13 HTTP/1.1" 200 25 "https://admin.sherlook.fr/" "Mozilla/5.0 (Macintosh; Intel Mac OS X 10_15_7) AppleWebKit/537.36 (KHTML, like Gecko) Chrome/149.0.0.0 Safari/537.36"
2a01:e0a:1e9:52b0:75ff:9b03:26a8:613f api26.sherlook.fr - [13/Jul/2026:00:06:46 +0200] "OPTIONS /api/admin/announcements/creations-chart?granularity=day&date_from=2026-06-14&date_to=2026-07-13 HTTP/1.1" 200 25 "https://admin.sherlook.fr/" "Mozilla/5.0 (Macintosh; Intel Mac OS X 10_15_7) AppleWebKit/537.36 (KHTML, like Gecko) Chrome/149.0.0.0 Safari/537.36"
2a01:e0a:1e9:52b0:75ff:9b03:26a8:613f api26.sherlook.fr - [13/Jul/2026:00:06:46 +0200] "OPTIONS /api/admin/dashboard/summary?date_from=2026-06-14&date_to=2026-07-13 HTTP/1.1" 200 25 "https://admin.sherlook.fr/" "Mozilla/5.0 (Macintosh; Intel Mac OS X 10_15_7) AppleWebKit/537.36 (KHTML, like Gecko) Chrome/149.0.0.0 Safari/537.36"
2a01:e0a:1e9:52b0:75ff:9b03:26a8:613f api26.sherlook.fr - [13/Jul/2026:00:06:46 +0200] "OPTIONS /api/admin/dashboard/deliveries-chart?granularity=day&date_from=2026-06-14&date_to=2026-07-13 HTTP/1.1" 200 25 "https://admin.sherlook.fr/" "Mozilla/5.0 (Macintosh; Intel Mac OS X 10_15_7) AppleWebKit/537.36 (KHTML, like Gecko) Chrome/149.0.0.0 Safari/537.36"
2a01:e0a:1e9:52b0:75ff:9b03:26a8:613f api26.sherlook.fr - [13/Jul/2026:00:06:46 +0200] "GET /api/admin/dashboard/cities HTTP/1.1" 200 803 "https://admin.sherlook.fr/" "Mozilla/5.0 (Macintosh; Intel Mac OS X 10_15_7) AppleWebKit/537.36 (KHTML, like Gecko) Chrome/149.0.0.0 Safari/537.36"
2a01:e0a:1e9:52b0:75ff:9b03:26a8:613f api26.sherlook.fr - [13/Jul/2026:00:06:46 +0200] "GET /api/admin/announcements/creations-chart?granularity=day&date_from=2026-06-14&date_to=2026-07-13 HTTP/1.1" 200 1694 "https://admin.sherlook.fr/" "Mozilla/5.0 (Macintosh; Intel Mac OS X 10_15_7) AppleWebKit/537.36 (KHTML, like Gecko) Chrome/149.0.0.0 Safari/537.36"
2a01:e0a:1e9:52b0:75ff:9b03:26a8:613f api26.sherlook.fr - [13/Jul/2026:00:06:46 +0200] "GET /api/admin/dashboard/matchings-chart?granularity=day&date_from=2026-06-14&date_to=2026-07-13 HTTP/1.1" 200 2682 "https://admin.sherlook.fr/" "Mozilla/5.0 (Macintosh; Intel Mac OS X 10_15_7) AppleWebKit/537.36 (KHTML, like Gecko) Chrome/149.0.0.0 Safari/537.36"
2a01:e0a:1e9:52b0:75ff:9b03:26a8:613f api26.sherlook.fr - [13/Jul/2026:00:06:46 +0200] "GET /api/admin/dashboard/deliveries-chart?granularity=day&date_from=2026-06-14&date_to=2026-07-13 HTTP/1.1" 200 3268 "https://admin.sherlook.fr/" "Mozilla/5.0 (Macintosh; Intel Mac OS X 10_15_7) AppleWebKit/537.36 (KHTML, like Gecko) Chrome/149.0.0.0 Safari/537.36"
2a01:e0a:1e9:52b0:75ff:9b03:26a8:613f api26.sherlook.fr - [13/Jul/2026:00:06:46 +0200] "GET /api/admin/dashboard/summary?date_from=2026-06-14&date_to=2026-07-13 HTTP/1.1" 200 267 "https://admin.sherlook.fr/" "Mozilla/5.0 (Macintosh; Intel Mac OS X 10_15_7) AppleWebKit/537.36 (KHTML, like Gecko) Chrome/149.0.0.0 Safari/537.36"
185.191.171.14 www.api2-dev.sherlook.fr - [13/Jul/2026:00:06:50 +0200] "GET /var/cache/prodnew/pools/system/U2r0A0vugr/S/J/nPnXQFYZSBJgpFt1Vgcg HTTP/1.1" 200 1482 "-" "Mozilla/5.0 (compatible; SemrushBot/7~bl; +http://www.semrush.com/bot.html)"
2a01:e0a:1e9:52b0:75ff:9b03:26a8:613f sherlook.fr - [13/Jul/2026:00:06:53 +0200] "GET /build-info.json?v=1783894013387 HTTP/1.1" 200 68 "https://sherlook.fr/fr" "Mozilla/5.0 (Macintosh; Intel Mac OS X 10_15_7) AppleWebKit/537.36 (KHTML, like Gecko) Chrome/149.0.0.0 Safari/537.36"
2a01:e0a:1e9:52b0:75ff:9b03:26a8:613f sherlook.fr - [13/Jul/2026:00:06:56 +0200] "GET /build-info.json?v=1783894016952 HTTP/1.1" 200 68 "https://sherlook.fr/fr" "Mozilla/5.0 (Macintosh; Intel Mac OS X 10_15_7) AppleWebKit/537.36 (KHTML, like Gecko) Chrome/149.0.0.0 Safari/537.36"
2a01:e0a:1e9:52b0:75ff:9b03:26a8:613f api26.sherlook.fr - [13/Jul/2026:00:07:06 +0200] "GET /api/announcements/latest?limit=16&status_in=active%2Cresolved%2Cclosed HTTP/1.1" 200 13203 "https://sherlook.fr/" "Mozilla/5.0 (Macintosh; Intel Mac OS X 10_15_7) AppleWebKit/537.36 (KHTML, like Gecko) Chrome/149.0.0.0 Safari/537.36"
2a01:e0a:1e9:52b0:75ff:9b03:26a8:613f api26.sherlook.fr - [13/Jul/2026:00:07:06 +0200] "GET /api/announcements/latest?limit=16&status_in=active%2Cresolved%2Cclosed HTTP/1.1" 200 13203 "https://sherlook.fr/" "Mozilla/5.0 (Macintosh; Intel Mac OS X 10_15_7) AppleWebKit/537.36 (KHTML, like Gecko) Chrome/149.0.0.0 Safari/537.36"
66.249.70.71 sherlook.fr - [13/Jul/2026:00:07:07 +0200] "GET /fr/objets-trouves/plage/plage-de-la-digue-trouville-sur-mer HTTP/1.1" 200 23329 "-" "Mozilla/5.0 (Linux; Android 6.0.1; Nexus 5X Build/MMB29P) AppleWebKit/537.36 (KHTML, like Gecko) Chrome/150.0.7871.46 Mobile Safari/537.36 (compatible; Googlebot/2.1; +http://www.google.com/bot.html)"
66.249.68.135 api26.sherlook.fr - [13/Jul/2026:00:07:12 +0200] "GET /robots.txt HTTP/1.1" 404 993 "-" "Mozilla/5.0 (compatible; Googlebot/2.1; +http://www.google.com/bot.html)"
66.249.70.69 sherlook.fr - [13/Jul/2026:00:07:12 +0200] "GET /fr/fr/objets-trouves/vichy/marathons HTTP/1.1" 404 9333 "-" "Mozilla/5.0 (Linux; Android 6.0.1; Nexus 5X Build/MMB29P) AppleWebKit/537.36 (KHTML, like Gecko) Chrome/150.0.7871.46 Mobile Safari/537.36 (compatible; GoogleOther)"
66.249.68.133 api26.sherlook.fr - [13/Jul/2026:00:07:12 +0200] "OPTIONS /api/announcements/latest?limit=16&status_in=active%2Cresolved%2Cclosed&city=Plage+de+la+Digue+%28Trouville-sur-Mer%29 HTTP/1.1" 200 25 "https://sherlook.fr/" "Mozilla/5.0 (Linux; Android 6.0.1; Nexus 5X Build/MMB29P) AppleWebKit/537.36 (KHTML, like Gecko) Chrome/150.0.7871.46 Mobile Safari/537.36 (compatible; Googlebot/2.1; +http://www.google.com/bot.html)"
5.135.48.114 api26.sherlook.fr - [13/Jul/2026:00:07:12 +0200] "GET /api/public/providers/slug/les-vieilles-charrues-2026 HTTP/1.1" 200 1156 "-" "Sherlook-SherlookPro/1.0"
2a01:e0a:1e9:52b0:75ff:9b03:26a8:613f sherlook.fr - [13/Jul/2026:00:07:12 +0200] "GET /fr/objets-trouves/les-vieilles-charrues-2026 HTTP/1.1" 200 22810 "-" "Mozilla/5.0 (Macintosh; Intel Mac OS X 10_15_7) AppleWebKit/537.36 (KHTML, like Gecko) Chrome/149.0.0.0 Safari/537.36"
2a01:e0a:1e9:52b0:75ff:9b03:26a8:613f api26.sherlook.fr - [13/Jul/2026:00:07:12 +0200] "GET /api/maintenance-mode HTTP/1.1" 200 112 "https://sherlook.fr/" "Mozilla/5.0 (Macintosh; Intel Mac OS X 10_15_7) AppleWebKit/537.36 (KHTML, like Gecko) Chrome/149.0.0.0 Safari/537.36"
2a01:e0a:1e9:52b0:75ff:9b03:26a8:613f sherlook.fr - [13/Jul/2026:00:07:13 +0200] "GET /build-info.json?v=1783894032995 HTTP/1.1" 200 68 "https://sherlook.fr/fr/objets-trouves/les-vieilles-charrues-2026" "Mozilla/5.0 (Macintosh; Intel Mac OS X 10_15_7) AppleWebKit/537.36 (KHTML, like Gecko) Chrome/149.0.0.0 Safari/537.36"
2a01:e0a:1e9:52b0:75ff:9b03:26a8:613f api26.sherlook.fr - [13/Jul/2026:00:07:13 +0200] "GET /api/home-announcement-theme HTTP/1.1" 200 74 "https://sherlook.fr/" "Mozilla/5.0 (Macintosh; Intel Mac OS X 10_15_7) AppleWebKit/537.36 (KHTML, like Gecko) Chrome/149.0.0.0 Safari/537.36"
2a01:e0a:1e9:52b0:75ff:9b03:26a8:613f api26.sherlook.fr - [13/Jul/2026:00:07:13 +0200] "GET /api/frontend-ui-config HTTP/1.1" 200 57 "https://sherlook.fr/" "Mozilla/5.0 (Macintosh; Intel Mac OS X 10_15_7) AppleWebKit/537.36 (KHTML, like Gecko) Chrome/149.0.0.0 Safari/537.36"
2a01:e0a:1e9:52b0:75ff:9b03:26a8:613f api26.sherlook.fr - [13/Jul/2026:00:07:13 +0200] "GET /api/public/providers?page=1&limit=48 HTTP/1.1" 200 11316 "https://sherlook.fr/" "Mozilla/5.0 (Macintosh; Intel Mac OS X 10_15_7) AppleWebKit/537.36 (KHTML, like Gecko) Chrome/149.0.0.0 Safari/537.36"
2a01:e0a:1e9:52b0:75ff:9b03:26a8:613f api26.sherlook.fr - [13/Jul/2026:00:07:13 +0200] "GET /api/public/providers/slug/les-vieilles-charrues-2026 HTTP/1.1" 200 1156 "https://sherlook.fr/" "Mozilla/5.0 (Macintosh; Intel Mac OS X 10_15_7) AppleWebKit/537.36 (KHTML, like Gecko) Chrome/149.0.0.0 Safari/537.36"
