2a01:e0a:1e9:52b0:75ff:9b03:26a8:613f api26.sherlook.fr - [13/Jul/2026:00:00:01 +0200] "GET /api/announcements/latest?limit=16&status_in=active%2Cresolved%2Cclosed HTTP/1.1" 200 13203 "https://sherlook.fr/" "Mozilla/5.0 (Macintosh; Intel Mac OS X 10_15_7) AppleWebKit/537.36 (KHTML, like Gecko) Chrome/149.0.0.0 Safari/537.36"
2a01:e0a:1e9:52b0:75ff:9b03:26a8:613f api26.sherlook.fr - [13/Jul/2026:00:00:02 +0200] "GET /api/announcements/latest?limit=16&status_in=active%2Cresolved%2Cclosed HTTP/1.1" 200 13203 "https://sherlook.fr/" "Mozilla/5.0 (Macintosh; Intel Mac OS X 10_15_7) AppleWebKit/537.36 (KHTML, like Gecko) Chrome/149.0.0.0 Safari/537.36"
66.249.68.133 api26.sherlook.fr - [13/Jul/2026:00:00:11 +0200] "OPTIONS /api/announcements/latest?limit=16&status_in=active%2Cresolved%2Cclosed&city=Plage+de+Deauville+%28Deauville%29 HTTP/1.1" 200 25 "https://sherlook.fr/" "Mozilla/5.0 (Linux; Android 6.0.1; Nexus 5X Build/MMB29P) AppleWebKit/537.36 (KHTML, like Gecko) Chrome/150.0.7871.46 Mobile Safari/537.36 (compatible; GoogleOther)"
66.249.68.134 api26.sherlook.fr - [13/Jul/2026:00:00:12 +0200] "GET /api/announcements/latest?limit=16&status_in=active%2Cresolved%2Cclosed&city=Plage+de+Deauville+%28Deauville%29 HTTP/1.1" 200 20 "https://sherlook.fr/" "Mozilla/5.0 (Linux; Android 6.0.1; Nexus 5X Build/MMB29P) AppleWebKit/537.36 (KHTML, like Gecko) Chrome/150.0.7871.46 Mobile Safari/537.36 (compatible; GoogleOther)"
66.249.70.69 sherlook.fr - [13/Jul/2026:00:00:12 +0200] "GET /fr/objets-trouves/plage/plage-de-saint-guenole-penmarch HTTP/1.1" 200 23283 "-" "Mozilla/5.0 (Linux; Android 6.0.1; Nexus 5X Build/MMB29P) AppleWebKit/537.36 (KHTML, like Gecko) Chrome/150.0.7871.46 Mobile Safari/537.36 (compatible; GoogleOther)"
66.249.68.134 api26.sherlook.fr - [13/Jul/2026:00:00:14 +0200] "OPTIONS /api/announcements/latest?limit=16&status_in=active%2Cresolved%2Cclosed&city=Festival+de+Cayenne HTTP/1.1" 200 25 "https://sherlook.fr/" "Mozilla/5.0 (Linux; Android 6.0.1; Nexus 5X Build/MMB29P) AppleWebKit/537.36 (KHTML, like Gecko) Chrome/150.0.7871.46 Mobile Safari/537.36 (compatible; GoogleOther)"
66.249.68.135 api26.sherlook.fr - [13/Jul/2026:00:00:14 +0200] "GET /api/announcements/latest?limit=16&status_in=active%2Cresolved%2Cclosed&city=Festival+de+Cayenne HTTP/1.1" 200 20 "https://sherlook.fr/" "Mozilla/5.0 (Linux; Android 6.0.1; Nexus 5X Build/MMB29P) AppleWebKit/537.36 (KHTML, like Gecko) Chrome/150.0.7871.46 Mobile Safari/537.36 (compatible; GoogleOther)"
2a01:e0a:1e9:52b0:75ff:9b03:26a8:613f api26.sherlook.fr - [13/Jul/2026:00:00:22 +0200] "GET /api/announcements/latest?limit=16&status_in=active%2Cresolved%2Cclosed HTTP/1.1" 200 13203 "https://sherlook.fr/" "Mozilla/5.0 (Macintosh; Intel Mac OS X 10_15_7) AppleWebKit/537.36 (KHTML, like Gecko) Chrome/149.0.0.0 Safari/537.36"
2a01:e0a:1e9:52b0:75ff:9b03:26a8:613f api26.sherlook.fr - [13/Jul/2026:00:00:22 +0200] "GET /api/announcements/latest?limit=16&status_in=active%2Cresolved%2Cclosed HTTP/1.1" 200 13203 "https://sherlook.fr/" "Mozilla/5.0 (Macintosh; Intel Mac OS X 10_15_7) AppleWebKit/537.36 (KHTML, like Gecko) Chrome/149.0.0.0 Safari/537.36"
66.249.93.194 sherlook.fr - [13/Jul/2026:00:00:24 +0200] "GET /.well-known/traffic-advice HTTP/1.1" 404 9333 "-" "Chrome Privacy Preserving Prefetch Proxy"
2001:4860:7:60f::fb sherlook.fr - [13/Jul/2026:00:00:24 +0200] "GET /fr/objets-trouves/dunkerque/lapins HTTP/1.1" 200 22801 "https://www.google.com/" "Mozilla/5.0 (Linux; Android 10; K) AppleWebKit/537.36 (KHTML, like Gecko) Chrome/150.0.0.0 Mobile Safari/537.36"
2a01:e0a:1e9:52b0:75ff:9b03:26a8:613f api26.sherlook.fr - [13/Jul/2026:00:00:42 +0200] "GET /api/announcements/latest?limit=16&status_in=active%2Cresolved%2Cclosed HTTP/1.1" 200 13203 "https://sherlook.fr/" "Mozilla/5.0 (Macintosh; Intel Mac OS X 10_15_7) AppleWebKit/537.36 (KHTML, like Gecko) Chrome/149.0.0.0 Safari/537.36"
2a01:e0a:1e9:52b0:75ff:9b03:26a8:613f api26.sherlook.fr - [13/Jul/2026:00:00:42 +0200] "GET /api/announcements/latest?limit=16&status_in=active%2Cresolved%2Cclosed HTTP/1.1" 200 13203 "https://sherlook.fr/" "Mozilla/5.0 (Macintosh; Intel Mac OS X 10_15_7) AppleWebKit/537.36 (KHTML, like Gecko) Chrome/149.0.0.0 Safari/537.36"
5.135.48.114 api26.sherlook.fr - [13/Jul/2026:00:00:45 +0200] "GET /api/public/providers/slug/arcachon HTTP/1.1" 404 35 "-" "Sherlook-SherlookPro/1.0"
66.249.70.70 sherlook.fr - [13/Jul/2026:00:00:45 +0200] "GET /fr/fr/objets-trouves/arcachon HTTP/1.1" 200 22927 "-" "Mozilla/5.0 (Linux; Android 6.0.1; Nexus 5X Build/MMB29P) AppleWebKit/537.36 (KHTML, like Gecko) Chrome/150.0.7871.46 Mobile Safari/537.36 (compatible; GoogleOther)"
2a02:8429:9092:4c01:52b5:af46:e5f5:25f sherlook.fr - [13/Jul/2026:00:00:52 +0200] "GET /_next/static/chunks/3819ba31936291b2.css HTTP/1.1" 200 5354 "https://sherlook.fr/fr/objets-trouves/dunkerque/lapins" "Mozilla/5.0 (Linux; Android 10; K) AppleWebKit/537.36 (KHTML, like Gecko) Chrome/150.0.0.0 Mobile Safari/537.36"
2a02:8429:9092:4c01:52b5:af46:e5f5:25f sherlook.fr - [13/Jul/2026:00:00:52 +0200] "GET /_next/static/chunks/4ba0bb46ab33441a.js HTTP/1.1" 200 4857 "https://sherlook.fr/fr/objets-trouves/dunkerque/lapins" "Mozilla/5.0 (Linux; Android 10; K) AppleWebKit/537.36 (KHTML, like Gecko) Chrome/150.0.0.0 Mobile Safari/537.36"
2a02:8429:9092:4c01:52b5:af46:e5f5:25f sherlook.fr - [13/Jul/2026:00:00:52 +0200] "GET /_next/static/chunks/c447325494d9c00a.js HTTP/1.1" 200 8714 "https://sherlook.fr/fr/objets-trouves/dunkerque/lapins" "Mozilla/5.0 (Linux; Android 10; K) AppleWebKit/537.36 (KHTML, like Gecko) Chrome/150.0.0.0 Mobile Safari/537.36"
2a02:8429:9092:4c01:52b5:af46:e5f5:25f sherlook.fr - [13/Jul/2026:00:00:52 +0200] "GET /_next/static/media/2aeed2bd2aff4ccd-s.p.fd5c5424.woff2 HTTP/1.1" 200 35964 "https://sherlook.fr/fr/objets-trouves/dunkerque/lapins" "Mozilla/5.0 (Linux; Android 10; K) AppleWebKit/537.36 (KHTML, like Gecko) Chrome/150.0.0.0 Mobile Safari/537.36"
2a02:8429:9092:4c01:52b5:af46:e5f5:25f sherlook.fr - [13/Jul/2026:00:00:52 +0200] "GET /_next/static/media/9254db10a3b4f046-s.p.282e882c.woff2 HTTP/1.1" 200 39516 "https://sherlook.fr/fr/objets-trouves/dunkerque/lapins" "Mozilla/5.0 (Linux; Android 10; K) AppleWebKit/537.36 (KHTML, like Gecko) Chrome/150.0.0.0 Mobile Safari/537.36"
2a02:8429:9092:4c01:52b5:af46:e5f5:25f sherlook.fr - [13/Jul/2026:00:00:52 +0200] "GET /_next/static/chunks/c675639d7acd55d8.js HTTP/1.1" 200 59334 "https://sherlook.fr/fr/objets-trouves/dunkerque/lapins" "Mozilla/5.0 (Linux; Android 10; K) AppleWebKit/537.36 (KHTML, like Gecko) Chrome/150.0.0.0 Mobile Safari/537.36"
2a02:8429:9092:4c01:52b5:af46:e5f5:25f sherlook.fr - [13/Jul/2026:00:00:52 +0200] "GET /_next/static/chunks/7852c0989af0e844.js HTTP/1.1" 200 5763 "https://sherlook.fr/fr/objets-trouves/dunkerque/lapins" "Mozilla/5.0 (Linux; Android 10; K) AppleWebKit/537.36 (KHTML, like Gecko) Chrome/150.0.0.0 Mobile Safari/537.36"
2a02:8429:9092:4c01:52b5:af46:e5f5:25f sherlook.fr - [13/Jul/2026:00:00:52 +0200] "GET /_next/static/chunks/604624bd8b6b20d0.js HTTP/1.1" 200 11095 "https://sherlook.fr/fr/objets-trouves/dunkerque/lapins" "Mozilla/5.0 (Linux; Android 10; K) AppleWebKit/537.36 (KHTML, like Gecko) Chrome/150.0.0.0 Mobile Safari/537.36"
2a02:8429:9092:4c01:52b5:af46:e5f5:25f sherlook.fr - [13/Jul/2026:00:00:52 +0200] "GET /_next/static/chunks/f823ee29841782ea.js HTTP/1.1" 200 225 "https://sherlook.fr/fr/objets-trouves/dunkerque/lapins" "Mozilla/5.0 (Linux; Android 10; K) AppleWebKit/537.36 (KHTML, like Gecko) Chrome/150.0.0.0 Mobile Safari/537.36"
2a02:8429:9092:4c01:52b5:af46:e5f5:25f sherlook.fr - [13/Jul/2026:00:00:52 +0200] "GET /_next/static/chunks/faf927d6f91f778f.js HTTP/1.1" 200 18534 "https://sherlook.fr/fr/objets-trouves/dunkerque/lapins" "Mozilla/5.0 (Linux; Android 10; K) AppleWebKit/537.36 (KHTML, like Gecko) Chrome/150.0.0.0 Mobile Safari/537.36"
2a02:8429:9092:4c01:52b5:af46:e5f5:25f sherlook.fr - [13/Jul/2026:00:00:52 +0200] "GET /_next/static/chunks/a5e13e9bc13dfc57.js HTTP/1.1" 200 17807 "https://sherlook.fr/fr/objets-trouves/dunkerque/lapins" "Mozilla/5.0 (Linux; Android 10; K) AppleWebKit/537.36 (KHTML, like Gecko) Chrome/150.0.0.0 Mobile Safari/537.36"
2a02:8429:9092:4c01:52b5:af46:e5f5:25f sherlook.fr - [13/Jul/2026:00:00:52 +0200] "GET /_next/static/chunks/f47122f67e736860.js HTTP/1.1" 200 605 "https://sherlook.fr/fr/objets-trouves/dunkerque/lapins" "Mozilla/5.0 (Linux; Android 10; K) AppleWebKit/537.36 (KHTML, like Gecko) Chrome/150.0.0.0 Mobile Safari/537.36"
2a02:8429:9092:4c01:52b5:af46:e5f5:25f sherlook.fr - [13/Jul/2026:00:00:52 +0200] "GET /_next/static/chunks/b82dbc664b85809e.js HTTP/1.1" 200 9839 "https://sherlook.fr/fr/objets-trouves/dunkerque/lapins" "Mozilla/5.0 (Linux; Android 10; K) AppleWebKit/537.36 (KHTML, like Gecko) Chrome/150.0.0.0 Mobile Safari/537.36"
2a02:8429:9092:4c01:52b5:af46:e5f5:25f sherlook.fr - [13/Jul/2026:00:00:52 +0200] "GET /_next/static/chunks/5378da5323b9f17c.js HTTP/1.1" 200 9791 "https://sherlook.fr/fr/objets-trouves/dunkerque/lapins" "Mozilla/5.0 (Linux; Android 10; K) AppleWebKit/537.36 (KHTML, like Gecko) Chrome/150.0.0.0 Mobile Safari/537.36"
2a02:8429:9092:4c01:52b5:af46:e5f5:25f sherlook.fr - [13/Jul/2026:00:00:52 +0200] "GET /_next/static/chunks/2492a380d8eac4be.js HTTP/1.1" 200 20146 "https://sherlook.fr/fr/objets-trouves/dunkerque/lapins" "Mozilla/5.0 (Linux; Android 10; K) AppleWebKit/537.36 (KHTML, like Gecko) Chrome/150.0.0.0 Mobile Safari/537.36"
2a02:8429:9092:4c01:52b5:af46:e5f5:25f sherlook.fr - [13/Jul/2026:00:00:52 +0200] "GET /_next/static/chunks/42650e55a57e7717.js HTTP/1.1" 200 7398 "https://sherlook.fr/fr/objets-trouves/dunkerque/lapins" "Mozilla/5.0 (Linux; Android 10; K) AppleWebKit/537.36 (KHTML, like Gecko) Chrome/150.0.0.0 Mobile Safari/537.36"
2a02:8429:9092:4c01:52b5:af46:e5f5:25f sherlook.fr - [13/Jul/2026:00:00:52 +0200] "GET /_next/static/chunks/09e326bca7beb553.js HTTP/1.1" 200 7237 "https://sherlook.fr/fr/objets-trouves/dunkerque/lapins" "Mozilla/5.0 (Linux; Android 10; K) AppleWebKit/537.36 (KHTML, like Gecko) Chrome/150.0.0.0 Mobile Safari/537.36"
2a02:8429:9092:4c01:52b5:af46:e5f5:25f sherlook.fr - [13/Jul/2026:00:00:52 +0200] "GET /_next/static/chunks/008f8d7eee3603b5.js HTTP/1.1" 200 7819 "https://sherlook.fr/fr/objets-trouves/dunkerque/lapins" "Mozilla/5.0 (Linux; Android 10; K) AppleWebKit/537.36 (KHTML, like Gecko) Chrome/150.0.0.0 Mobile Safari/537.36"
2a02:8429:9092:4c01:52b5:af46:e5f5:25f sherlook.fr - [13/Jul/2026:00:00:52 +0200] "GET /_next/static/chunks/0464fc7fd2e4a0f3.js HTTP/1.1" 200 10263 "https://sherlook.fr/fr/objets-trouves/dunkerque/lapins" "Mozilla/5.0 (Linux; Android 10; K) AppleWebKit/537.36 (KHTML, like Gecko) Chrome/150.0.0.0 Mobile Safari/537.36"
2a02:8429:9092:4c01:52b5:af46:e5f5:25f sherlook.fr - [13/Jul/2026:00:00:52 +0200] "GET /_next/static/chunks/0b14a8bf40068470.js HTTP/1.1" 200 9117 "https://sherlook.fr/fr/objets-trouves/dunkerque/lapins" "Mozilla/5.0 (Linux; Android 10; K) AppleWebKit/537.36 (KHTML, like Gecko) Chrome/150.0.0.0 Mobile Safari/537.36"
2a02:8429:9092:4c01:52b5:af46:e5f5:25f sherlook.fr - [13/Jul/2026:00:00:52 +0200] "GET /_next/static/chunks/9ac035ad21738652.js HTTP/1.1" 200 10631 "https://sherlook.fr/fr/objets-trouves/dunkerque/lapins" "Mozilla/5.0 (Linux; Android 10; K) AppleWebKit/537.36 (KHTML, like Gecko) Chrome/150.0.0.0 Mobile Safari/537.36"
2a02:8429:9092:4c01:52b5:af46:e5f5:25f sherlook.fr - [13/Jul/2026:00:00:52 +0200] "GET /_next/static/chunks/b963f2562880defe.js HTTP/1.1" 200 12265 "https://sherlook.fr/fr/objets-trouves/dunkerque/lapins" "Mozilla/5.0 (Linux; Android 10; K) AppleWebKit/537.36 (KHTML, like Gecko) Chrome/150.0.0.0 Mobile Safari/537.36"
2a02:8429:9092:4c01:52b5:af46:e5f5:25f sherlook.fr - [13/Jul/2026:00:00:52 +0200] "GET /_next/static/chunks/8257b8ee901ab8e0.js HTTP/1.1" 200 13684 "https://sherlook.fr/fr/objets-trouves/dunkerque/lapins" "Mozilla/5.0 (Linux; Android 10; K) AppleWebKit/537.36 (KHTML, like Gecko) Chrome/150.0.0.0 Mobile Safari/537.36"
2a02:8429:9092:4c01:52b5:af46:e5f5:25f sherlook.fr - [13/Jul/2026:00:00:52 +0200] "GET /_next/static/chunks/turbopack-4662cc3cf77a529f.js HTTP/1.1" 200 3886 "https://sherlook.fr/fr/objets-trouves/dunkerque/lapins" "Mozilla/5.0 (Linux; Android 10; K) AppleWebKit/537.36 (KHTML, like Gecko) Chrome/150.0.0.0 Mobile Safari/537.36"
2a02:8429:9092:4c01:52b5:af46:e5f5:25f sherlook.fr - [13/Jul/2026:00:00:52 +0200] "GET /_next/static/chunks/8c028b7e35d867e3.js HTTP/1.1" 200 11900 "https://sherlook.fr/fr/objets-trouves/dunkerque/lapins" "Mozilla/5.0 (Linux; Android 10; K) AppleWebKit/537.36 (KHTML, like Gecko) Chrome/150.0.0.0 Mobile Safari/537.36"
2a02:8429:9092:4c01:52b5:af46:e5f5:25f sherlook.fr - [13/Jul/2026:00:00:52 +0200] "GET /_next/static/chunks/36132bdb0a0414d8.js HTTP/1.1" 200 7116 "https://sherlook.fr/fr/objets-trouves/dunkerque/lapins" "Mozilla/5.0 (Linux; Android 10; K) AppleWebKit/537.36 (KHTML, like Gecko) Chrome/150.0.0.0 Mobile Safari/537.36"
2a02:8429:9092:4c01:52b5:af46:e5f5:25f sherlook.fr - [13/Jul/2026:00:00:52 +0200] "GET /_next/static/chunks/514c027fa1762f92.js HTTP/1.1" 200 27121 "https://sherlook.fr/fr/objets-trouves/dunkerque/lapins" "Mozilla/5.0 (Linux; Android 10; K) AppleWebKit/537.36 (KHTML, like Gecko) Chrome/150.0.0.0 Mobile Safari/537.36"
2a02:8429:9092:4c01:52b5:af46:e5f5:25f sherlook.fr - [13/Jul/2026:00:00:52 +0200] "GET /_next/static/chunks/8e691c868a63ab7f.js HTTP/1.1" 200 13236 "https://sherlook.fr/fr/objets-trouves/dunkerque/lapins" "Mozilla/5.0 (Linux; Android 10; K) AppleWebKit/537.36 (KHTML, like Gecko) Chrome/150.0.0.0 Mobile Safari/537.36"
2a02:8429:9092:4c01:52b5:af46:e5f5:25f sherlook.fr - [13/Jul/2026:00:00:52 +0200] "GET /_next/static/chunks/7abf19d937bb4bd6.js HTTP/1.1" 200 17943 "https://sherlook.fr/fr/objets-trouves/dunkerque/lapins" "Mozilla/5.0 (Linux; Android 10; K) AppleWebKit/537.36 (KHTML, like Gecko) Chrome/150.0.0.0 Mobile Safari/537.36"
2a02:8429:9092:4c01:52b5:af46:e5f5:25f sherlook.fr - [13/Jul/2026:00:00:52 +0200] "GET /_next/static/chunks/7b0558286322ce3c.js HTTP/1.1" 200 47731 "https://sherlook.fr/fr/objets-trouves/dunkerque/lapins" "Mozilla/5.0 (Linux; Android 10; K) AppleWebKit/537.36 (KHTML, like Gecko) Chrome/150.0.0.0 Mobile Safari/537.36"
2a02:8429:9092:4c01:52b5:af46:e5f5:25f sherlook.fr - [13/Jul/2026:00:00:52 +0200] "GET /_next/static/chunks/acecf355b6847ff2.js HTTP/1.1" 200 74658 "https://sherlook.fr/fr/objets-trouves/dunkerque/lapins" "Mozilla/5.0 (Linux; Android 10; K) AppleWebKit/537.36 (KHTML, like Gecko) Chrome/150.0.0.0 Mobile Safari/537.36"
2a02:8429:9092:4c01:52b5:af46:e5f5:25f sherlook.fr - [13/Jul/2026:00:00:53 +0200] "GET /manifest.webmanifest HTTP/1.1" 200 698 "https://sherlook.fr/fr/objets-trouves/dunkerque/lapins" "Mozilla/5.0 (Linux; Android 10; K) AppleWebKit/537.36 (KHTML, like Gecko) Chrome/150.0.0.0 Mobile Safari/537.36"
2a02:8429:9092:4c01:52b5:af46:e5f5:25f sherlook.fr - [13/Jul/2026:00:00:53 +0200] "GET /apple-touch-icon.png HTTP/1.1" 200 11519 "https://sherlook.fr/fr/objets-trouves/dunkerque/lapins" "Mozilla/5.0 (Linux; Android 10; K) AppleWebKit/537.36 (KHTML, like Gecko) Chrome/150.0.0.0 Mobile Safari/537.36"
2a02:8429:9092:4c01:52b5:af46:e5f5:25f sherlook.fr - [13/Jul/2026:00:00:53 +0200] "GET /favicon.png HTTP/1.1" 200 5560 "https://sherlook.fr/fr/objets-trouves/dunkerque/lapins" "Mozilla/5.0 (Linux; Android 10; K) AppleWebKit/537.36 (KHTML, like Gecko) Chrome/150.0.0.0 Mobile Safari/537.36"
2a02:8429:9092:4c01:52b5:af46:e5f5:25f api26.sherlook.fr - [13/Jul/2026:00:00:53 +0200] "GET /api/maintenance-mode HTTP/1.1" 200 113 "https://sherlook.fr/" "Mozilla/5.0 (Linux; Android 10; K) AppleWebKit/537.36 (KHTML, like Gecko) Chrome/150.0.0.0 Mobile Safari/537.36"
2a02:8429:9092:4c01:52b5:af46:e5f5:25f sherlook.fr - [13/Jul/2026:00:00:53 +0200] "GET /icon-512.png HTTP/1.1" 200 37841 "https://sherlook.fr/fr/objets-trouves/dunkerque/lapins" "Mozilla/5.0 (Linux; Android 10; K) AppleWebKit/537.36 (KHTML, like Gecko) Chrome/150.0.0.0 Mobile Safari/537.36"
2a02:8429:9092:4c01:52b5:af46:e5f5:25f sherlook.fr - [13/Jul/2026:00:00:53 +0200] "GET /_next/static/chunks/a51316881ec173e7.js HTTP/1.1" 200 341372 "https://sherlook.fr/fr/objets-trouves/dunkerque/lapins" "Mozilla/5.0 (Linux; Android 10; K) AppleWebKit/537.36 (KHTML, like Gecko) Chrome/150.0.0.0 Mobile Safari/537.36"
2a02:8429:9092:4c01:52b5:af46:e5f5:25f sherlook.fr - [13/Jul/2026:00:00:53 +0200] "GET /_next/static/chunks/1f3fe5470b81c7dd.js HTTP/1.1" 200 15166 "https://sherlook.fr/fr/objets-trouves/dunkerque/lapins" "Mozilla/5.0 (Linux; Android 10; K) AppleWebKit/537.36 (KHTML, like Gecko) Chrome/150.0.0.0 Mobile Safari/537.36"
2a02:8429:9092:4c01:52b5:af46:e5f5:25f sherlook.fr - [13/Jul/2026:00:00:53 +0200] "GET /build-info.json?v=1783893653347 HTTP/1.1" 200 68 "https://sherlook.fr/fr/objets-trouves/dunkerque/lapins" "Mozilla/5.0 (Linux; Android 10; K) AppleWebKit/537.36 (KHTML, like Gecko) Chrome/150.0.0.0 Mobile Safari/537.36"
2a02:8429:9092:4c01:52b5:af46:e5f5:25f api26.sherlook.fr - [13/Jul/2026:00:00:53 +0200] "GET /api/frontend-ui-config HTTP/1.1" 200 57 "https://sherlook.fr/" "Mozilla/5.0 (Linux; Android 10; K) AppleWebKit/537.36 (KHTML, like Gecko) Chrome/150.0.0.0 Mobile Safari/537.36"
2a02:8429:9092:4c01:52b5:af46:e5f5:25f api26.sherlook.fr - [13/Jul/2026:00:00:53 +0200] "GET /api/google-reviews-config HTTP/1.1" 200 2165 "https://sherlook.fr/" "Mozilla/5.0 (Linux; Android 10; K) AppleWebKit/537.36 (KHTML, like Gecko) Chrome/150.0.0.0 Mobile Safari/537.36"
2a02:8429:9092:4c01:52b5:af46:e5f5:25f api26.sherlook.fr - [13/Jul/2026:00:00:53 +0200] "GET /api/home-announcement-theme HTTP/1.1" 200 74 "https://sherlook.fr/" "Mozilla/5.0 (Linux; Android 10; K) AppleWebKit/537.36 (KHTML, like Gecko) Chrome/150.0.0.0 Mobile Safari/537.36"
2a02:8429:9092:4c01:52b5:af46:e5f5:25f api26.sherlook.fr - [13/Jul/2026:00:00:53 +0200] "GET /api/google-reviews-config HTTP/1.1" 200 2165 "https://sherlook.fr/" "Mozilla/5.0 (Linux; Android 10; K) AppleWebKit/537.36 (KHTML, like Gecko) Chrome/150.0.0.0 Mobile Safari/537.36"
2a02:8429:9092:4c01:52b5:af46:e5f5:25f sherlook.fr - [13/Jul/2026:00:00:53 +0200] "GET /_next/static/media/ce62453a442c7f35-s.124b2306.woff2 HTTP/1.1" 200 37520 "https://sherlook.fr/_next/static/chunks/3819ba31936291b2.css" "Mozilla/5.0 (Linux; Android 10; K) AppleWebKit/537.36 (KHTML, like Gecko) Chrome/150.0.0.0 Mobile Safari/537.36"
2a02:8429:9092:4c01:52b5:af46:e5f5:25f sherlook.fr - [13/Jul/2026:00:00:53 +0200] "GET /assets/home-hero-doudou.webp HTTP/1.1" 200 75400 "https://sherlook.fr/_next/static/chunks/3819ba31936291b2.css" "Mozilla/5.0 (Linux; Android 10; K) AppleWebKit/537.36 (KHTML, like Gecko) Chrome/150.0.0.0 Mobile Safari/537.36"
2a02:8429:9092:4c01:52b5:af46:e5f5:25f sherlook.fr - [13/Jul/2026:00:00:53 +0200] "GET /assets/sherlook-logo.svg HTTP/1.1" 200 17559 "https://sherlook.fr/fr/objets-trouves/dunkerque/lapins" "Mozilla/5.0 (Linux; Android 10; K) AppleWebKit/537.36 (KHTML, like Gecko) Chrome/150.0.0.0 Mobile Safari/537.36"
2a02:8429:9092:4c01:52b5:af46:e5f5:25f sherlook.fr - [13/Jul/2026:00:00:53 +0200] "GET /assets/partner-logo-circle.svg HTTP/1.1" 200 792 "https://sherlook.fr/fr/objets-trouves/dunkerque/lapins" "Mozilla/5.0 (Linux; Android 10; K) AppleWebKit/537.36 (KHTML, like Gecko) Chrome/150.0.0.0 Mobile Safari/537.36"
2a02:8429:9092:4c01:52b5:af46:e5f5:25f sherlook.fr - [13/Jul/2026:00:00:53 +0200] "GET /assets/stats/objets-publies.svg HTTP/1.1" 200 1681 "https://sherlook.fr/fr/objets-trouves/dunkerque/lapins" "Mozilla/5.0 (Linux; Android 10; K) AppleWebKit/537.36 (KHTML, like Gecko) Chrome/150.0.0.0 Mobile Safari/537.36"
2a02:8429:9092:4c01:52b5:af46:e5f5:25f sherlook.fr - [13/Jul/2026:00:00:53 +0200] "GET /assets/stats/objets-retrouves.svg HTTP/1.1" 200 1902 "https://sherlook.fr/fr/objets-trouves/dunkerque/lapins" "Mozilla/5.0 (Linux; Android 10; K) AppleWebKit/537.36 (KHTML, like Gecko) Chrome/150.0.0.0 Mobile Safari/537.36"
2a02:8429:9092:4c01:52b5:af46:e5f5:25f sherlook.fr - [13/Jul/2026:00:00:53 +0200] "GET /assets/stats/eco.svg HTTP/1.1" 200 4015 "https://sherlook.fr/fr/objets-trouves/dunkerque/lapins" "Mozilla/5.0 (Linux; Android 10; K) AppleWebKit/537.36 (KHTML, like Gecko) Chrome/150.0.0.0 Mobile Safari/537.36"
2a02:8429:9092:4c01:52b5:af46:e5f5:25f sherlook.fr - [13/Jul/2026:00:00:53 +0200] "GET /assets/stats/smartphones.svg HTTP/1.1" 200 2355 "https://sherlook.fr/fr/objets-trouves/dunkerque/lapins" "Mozilla/5.0 (Linux; Android 10; K) AppleWebKit/537.36 (KHTML, like Gecko) Chrome/150.0.0.0 Mobile Safari/537.36"
2a02:8429:9092:4c01:52b5:af46:e5f5:25f api26.sherlook.fr - [13/Jul/2026:00:00:53 +0200] "OPTIONS /api/public/providers?page=1&limit=48 HTTP/1.1" 200 25 "https://sherlook.fr/" "Mozilla/5.0 (Linux; Android 10; K) AppleWebKit/537.36 (KHTML, like Gecko) Chrome/150.0.0.0 Mobile Safari/537.36"
2a02:8429:9092:4c01:52b5:af46:e5f5:25f sherlook.fr - [13/Jul/2026:00:00:53 +0200] "GET /assets/pictos/publie.svg HTTP/1.1" 200 1113 "https://sherlook.fr/fr/objets-trouves/dunkerque/lapins" "Mozilla/5.0 (Linux; Android 10; K) AppleWebKit/537.36 (KHTML, like Gecko) Chrome/150.0.0.0 Mobile Safari/537.36"
2a02:8429:9092:4c01:52b5:af46:e5f5:25f sherlook.fr - [13/Jul/2026:00:00:53 +0200] "GET /sw.js HTTP/1.1" 200 370 "https://sherlook.fr/fr/objets-trouves/dunkerque/lapins" "Mozilla/5.0 (Linux; Android 10; K) AppleWebKit/537.36 (KHTML, like Gecko) Chrome/150.0.0.0 Mobile Safari/537.36"
2a02:8429:9092:4c01:52b5:af46:e5f5:25f api26.sherlook.fr - [13/Jul/2026:00:00:53 +0200] "GET /api/public/providers?page=1&limit=48 HTTP/1.1" 200 11316 "https://sherlook.fr/" "Mozilla/5.0 (Linux; Android 10; K) AppleWebKit/537.36 (KHTML, like Gecko) Chrome/150.0.0.0 Mobile Safari/537.36"
2a02:8429:9092:4c01:52b5:af46:e5f5:25f api26.sherlook.fr - [13/Jul/2026:00:00:53 +0200] "OPTIONS /api/announcements/latest?limit=16&status_in=active%2Cresolved%2Cclosed&cities_in_region=Amiens%2CArras%2CBeauvais%2CB%C3%A9thune%2CBethune%2CCalais%2CCambrai%2CCompi%C3%A8gne%2CCompiegne%2CDouai%2CDunkerque%2CLaon%2CLens%2CLille%2CMaubeuge%2CRoubaix%2CSoissons%2CTourcoing%2CValenciennes%2CWattrelos&category_slugs=animaux%2Canimaux-compagnie HTTP/1.1" 200 25 "https://sherlook.fr/" "Mozilla/5.0 (Linux; Android 10; K) AppleWebKit/537.36 (KHTML, like Gecko) Chrome/150.0.0.0 Mobile Safari/537.36"
2a02:8429:9092:4c01:52b5:af46:e5f5:25f api26.sherlook.fr - [13/Jul/2026:00:00:53 +0200] "GET /api/announcements/latest?limit=16&status_in=active%2Cresolved%2Cclosed&cities_in_region=Amiens%2CArras%2CBeauvais%2CB%C3%A9thune%2CBethune%2CCalais%2CCambrai%2CCompi%C3%A8gne%2CCompiegne%2CDouai%2CDunkerque%2CLaon%2CLens%2CLille%2CMaubeuge%2CRoubaix%2CSoissons%2CTourcoing%2CValenciennes%2CWattrelos&category_slugs=animaux%2Canimaux-compagnie HTTP/1.1" 200 20 "https://sherlook.fr/" "Mozilla/5.0 (Linux; Android 10; K) AppleWebKit/537.36 (KHTML, like Gecko) Chrome/150.0.0.0 Mobile Safari/537.36"
2a02:8429:9092:4c01:52b5:af46:e5f5:25f sherlook.fr - [13/Jul/2026:00:00:58 +0200] "GET /assets/pictos/matche.svg HTTP/1.1" 200 953 "https://sherlook.fr/fr/objets-trouves/dunkerque/lapins" "Mozilla/5.0 (Linux; Android 10; K) AppleWebKit/537.36 (KHTML, like Gecko) Chrome/150.0.0.0 Mobile Safari/537.36"
66.249.70.69 sherlook.fr - [13/Jul/2026:00:00:59 +0200] "GET /fr/objets-trouves/plage/plage-de-gros-jonc-ile-de-re-plages HTTP/1.1" 200 23287 "-" "Mozilla/5.0 (Linux; Android 6.0.1; Nexus 5X Build/MMB29P) AppleWebKit/537.36 (KHTML, like Gecko) Chrome/150.0.7871.46 Mobile Safari/537.36 (compatible; Googlebot/2.1; +http://www.google.com/bot.html)"
185.191.171.9 www.api2-dev.sherlook.fr - [13/Jul/2026:00:01:01 +0200] "GET /robots.txt HTTP/1.1" 404 196 "-" "Mozilla/5.0 (compatible; SemrushBot/7~bl; +http://www.semrush.com/bot.html)"
185.191.171.15 www.api2-dev.sherlook.fr - [13/Jul/2026:00:01:01 +0200] "GET /vendor/symfony/property-access/PropertyPathIteratorInterface.php HTTP/1.1" 200 25 "-" "Mozilla/5.0 (compatible; SemrushBot/7~bl; +http://www.semrush.com/bot.html)"
2a01:e0a:1e9:52b0:75ff:9b03:26a8:613f api26.sherlook.fr - [13/Jul/2026:00:01:02 +0200] "GET /api/announcements/latest?limit=16&status_in=active%2Cresolved%2Cclosed HTTP/1.1" 200 13203 "https://sherlook.fr/" "Mozilla/5.0 (Macintosh; Intel Mac OS X 10_15_7) AppleWebKit/537.36 (KHTML, like Gecko) Chrome/149.0.0.0 Safari/537.36"
2a01:e0a:1e9:52b0:75ff:9b03:26a8:613f api26.sherlook.fr - [13/Jul/2026:00:01:03 +0200] "GET /api/announcements/latest?limit=16&status_in=active%2Cresolved%2Cclosed HTTP/1.1" 200 13203 "https://sherlook.fr/" "Mozilla/5.0 (Macintosh; Intel Mac OS X 10_15_7) AppleWebKit/537.36 (KHTML, like Gecko) Chrome/149.0.0.0 Safari/537.36"
2a01:e0a:1e9:52b0:75ff:9b03:26a8:613f sherlook.fr - [13/Jul/2026:00:01:20 +0200] "GET /build-info.json?v=1783893680262 HTTP/1.1" 200 68 "https://sherlook.fr/fr" "Mozilla/5.0 (Macintosh; Intel Mac OS X 10_15_7) AppleWebKit/537.36 (KHTML, like Gecko) Chrome/149.0.0.0 Safari/537.36"
2a01:e0a:1e9:52b0:75ff:9b03:26a8:613f api26.sherlook.fr - [13/Jul/2026:00:01:23 +0200] "GET /api/announcements/latest?limit=16&status_in=active%2Cresolved%2Cclosed HTTP/1.1" 200 13203 "https://sherlook.fr/" "Mozilla/5.0 (Macintosh; Intel Mac OS X 10_15_7) AppleWebKit/537.36 (KHTML, like Gecko) Chrome/149.0.0.0 Safari/537.36"
2a01:e0a:1e9:52b0:75ff:9b03:26a8:613f api26.sherlook.fr - [13/Jul/2026:00:01:23 +0200] "GET /api/announcements/latest?limit=16&status_in=active%2Cresolved%2Cclosed HTTP/1.1" 200 13203 "https://sherlook.fr/" "Mozilla/5.0 (Macintosh; Intel Mac OS X 10_15_7) AppleWebKit/537.36 (KHTML, like Gecko) Chrome/149.0.0.0 Safari/537.36"
2a01:e0a:1e9:52b0:75ff:9b03:26a8:613f api26.sherlook.fr - [13/Jul/2026:00:01:26 +0200] "GET /api/public/providers?page=1&limit=48 HTTP/1.1" 200 11316 "https://sherlook.fr/" "Mozilla/5.0 (Macintosh; Intel Mac OS X 10_15_7) AppleWebKit/537.36 (KHTML, like Gecko) Chrome/149.0.0.0 Safari/537.36"
66.249.70.70 sherlook.fr - [13/Jul/2026:00:01:28 +0200] "GET /fr/fr/objets-trouves/centre-commercial/les-portes-de-avranches HTTP/1.1" 404 9333 "-" "Mozilla/5.0 (Linux; Android 6.0.1; Nexus 5X Build/MMB29P) AppleWebKit/537.36 (KHTML, like Gecko) Chrome/150.0.7871.46 Mobile Safari/537.36 (compatible; GoogleOther)"
2a01:e0a:1e9:52b0:75ff:9b03:26a8:613f sherlook.fr - [13/Jul/2026:00:01:29 +0200] "GET /fr/charte-de-confiance.txt?_rsc=1i1sg HTTP/1.1" 304 - "https://sherlook.fr/fr" "Mozilla/5.0 (Macintosh; Intel Mac OS X 10_15_7) AppleWebKit/537.36 (KHTML, like Gecko) Chrome/149.0.0.0 Safari/537.36"
2a01:e0a:1e9:52b0:75ff:9b03:26a8:613f sherlook.fr - [13/Jul/2026:00:01:30 +0200] "GET /fr/objets-trouves/les-vieilles-charrues-2026.txt?_rsc=tyckg HTTP/1.1" 304 - "https://sherlook.fr/fr/charte-de-confiance" "Mozilla/5.0 (Macintosh; Intel Mac OS X 10_15_7) AppleWebKit/537.36 (KHTML, like Gecko) Chrome/149.0.0.0 Safari/537.36"
2a01:e0a:1e9:52b0:75ff:9b03:26a8:613f api26.sherlook.fr - [13/Jul/2026:00:01:31 +0200] "GET /api/public/providers/slug/les-vieilles-charrues-2026 HTTP/1.1" 200 1156 "https://sherlook.fr/" "Mozilla/5.0 (Macintosh; Intel Mac OS X 10_15_7) AppleWebKit/537.36 (KHTML, like Gecko) Chrome/149.0.0.0 Safari/537.36"
2a01:e0a:1e9:52b0:75ff:9b03:26a8:613f api26.sherlook.fr - [13/Jul/2026:00:01:31 +0200] "GET /api/public/provider-events?location_provider_id=46 HTTP/1.1" 200 53 "https://sherlook.fr/" "Mozilla/5.0 (Macintosh; Intel Mac OS X 10_15_7) AppleWebKit/537.36 (KHTML, like Gecko) Chrome/149.0.0.0 Safari/537.36"
2a01:e0a:1e9:52b0:75ff:9b03:26a8:613f api26.sherlook.fr - [13/Jul/2026:00:01:31 +0200] "GET /api/categories?location_provider_id=46 HTTP/1.1" 200 39640 "https://sherlook.fr/" "Mozilla/5.0 (Macintosh; Intel Mac OS X 10_15_7) AppleWebKit/537.36 (KHTML, like Gecko) Chrome/149.0.0.0 Safari/537.36"
2a01:e0a:1e9:52b0:75ff:9b03:26a8:613f api26.sherlook.fr - [13/Jul/2026:00:01:31 +0200] "GET /api/public/providers/46/announcements?page=1&limit=24 HTTP/1.1" 200 1007 "https://sherlook.fr/" "Mozilla/5.0 (Macintosh; Intel Mac OS X 10_15_7) AppleWebKit/537.36 (KHTML, like Gecko) Chrome/149.0.0.0 Safari/537.36"
66.249.68.133 api26.sherlook.fr - [13/Jul/2026:00:01:31 +0200] "GET /robots.txt HTTP/1.1" 404 993 "-" "Mozilla/5.0 (compatible; Googlebot/2.1; +http://www.google.com/bot.html)"
2a01:e0a:1e9:52b0:75ff:9b03:26a8:613f api26.sherlook.fr - [13/Jul/2026:00:01:32 +0200] "GET /api/google-reviews-config HTTP/1.1" 200 2165 "https://sherlook.fr/" "Mozilla/5.0 (Macintosh; Intel Mac OS X 10_15_7) AppleWebKit/537.36 (KHTML, like Gecko) Chrome/149.0.0.0 Safari/537.36"
2a01:e0a:1e9:52b0:75ff:9b03:26a8:613f api26.sherlook.fr - [13/Jul/2026:00:01:32 +0200] "GET /api/google-reviews-config HTTP/1.1" 200 2165 "https://sherlook.fr/" "Mozilla/5.0 (Macintosh; Intel Mac OS X 10_15_7) AppleWebKit/537.36 (KHTML, like Gecko) Chrome/149.0.0.0 Safari/537.36"
2a01:e0a:1e9:52b0:75ff:9b03:26a8:613f api26.sherlook.fr - [13/Jul/2026:00:01:32 +0200] "GET /api/home-splash-screen HTTP/1.1" 200 1620 "https://sherlook.fr/" "Mozilla/5.0 (Macintosh; Intel Mac OS X 10_15_7) AppleWebKit/537.36 (KHTML, like Gecko) Chrome/149.0.0.0 Safari/537.36"
2a01:e0a:1e9:52b0:75ff:9b03:26a8:613f api26.sherlook.fr - [13/Jul/2026:00:01:32 +0200] "GET /api/delivery/pricing HTTP/1.1" 200 2311 "https://sherlook.fr/" "Mozilla/5.0 (Macintosh; Intel Mac OS X 10_15_7) AppleWebKit/537.36 (KHTML, like Gecko) Chrome/149.0.0.0 Safari/537.36"
66.249.70.70 sherlook.fr - [13/Jul/2026:00:01:34 +0200] "GET /fr/objets-trouves/plage/plage-de-benodet-quimper HTTP/1.1" 200 23257 "-" "Mozilla/5.0 (Linux; Android 6.0.1; Nexus 5X Build/MMB29P) AppleWebKit/537.36 (KHTML, like Gecko) Chrome/150.0.7871.46 Mobile Safari/537.36 (compatible; GoogleOther)"
66.249.68.133 api26.sherlook.fr - [13/Jul/2026:00:01:35 +0200] "OPTIONS /api/announcements/latest?limit=16&status_in=active%2Cresolved%2Cclosed&city=Plage+de+Cavalaire+%28Cavalaire-sur-Mer%29 HTTP/1.1" 200 25 "https://sherlook.fr/" "Mozilla/5.0 (Linux; Android 6.0.1; Nexus 5X Build/MMB29P) AppleWebKit/537.36 (KHTML, like Gecko) Chrome/150.0.7871.46 Mobile Safari/537.36 (compatible; Googlebot/2.1; +http://www.google.com/bot.html)"
66.249.68.134 api26.sherlook.fr - [13/Jul/2026:00:01:37 +0200] "OPTIONS /api/announcements/latest?limit=16&status_in=active%2Cresolved%2Cclosed&city=Plage+de+B%C3%A9nodet+%28Quimper%29 HTTP/1.1" 200 25 "https://sherlook.fr/" "Mozilla/5.0 (Linux; Android 6.0.1; Nexus 5X Build/MMB29P) AppleWebKit/537.36 (KHTML, like Gecko) Chrome/150.0.7871.46 Mobile Safari/537.36 (compatible; GoogleOther)"
66.249.68.134 api26.sherlook.fr - [13/Jul/2026:00:01:37 +0200] "GET /api/announcements/latest?limit=16&status_in=active%2Cresolved%2Cclosed&city=Plage+de+Cavalaire+%28Cavalaire-sur-Mer%29 HTTP/1.1" 200 20 "https://sherlook.fr/" "Mozilla/5.0 (Linux; Android 6.0.1; Nexus 5X Build/MMB29P) AppleWebKit/537.36 (KHTML, like Gecko) Chrome/150.0.7871.46 Mobile Safari/537.36 (compatible; Googlebot/2.1; +http://www.google.com/bot.html)"
95.108.213.156 sherlook.fr - [13/Jul/2026:00:01:37 +0200] "GET /robots.txt HTTP/1.1" 200 271 "-" "Mozilla/5.0 (compatible; YandexBot/3.0; +http://yandex.com/bots)"
66.249.68.133 api26.sherlook.fr - [13/Jul/2026:00:01:38 +0200] "GET /api/announcements/latest?limit=16&status_in=active%2Cresolved%2Cclosed&city=Plage+de+B%C3%A9nodet+%28Quimper%29 HTTP/1.1" 200 20 "https://sherlook.fr/" "Mozilla/5.0 (Linux; Android 6.0.1; Nexus 5X Build/MMB29P) AppleWebKit/537.36 (KHTML, like Gecko) Chrome/150.0.7871.46 Mobile Safari/537.36 (compatible; GoogleOther)"
95.108.213.108 sherlook.fr - [13/Jul/2026:00:01:38 +0200] "GET /trouve/87-sony HTTP/1.1" 404 9333 "-" "Mozilla/5.0 (compatible; YandexBot/3.0; +http://yandex.com/bots)"
2a01:e0a:1e9:52b0:75ff:9b03:26a8:613f api26.sherlook.fr - [13/Jul/2026:00:01:42 +0200] "GET /api/admin/moderation/image-alerts?page=1&limit=100&in_trash=0 HTTP/1.1" 200 69 "https://admin.sherlook.fr/" "Mozilla/5.0 (Macintosh; Intel Mac OS X 10_15_7) AppleWebKit/537.36 (KHTML, like Gecko) Chrome/149.0.0.0 Safari/537.36"
2a01:e0a:1e9:52b0:75ff:9b03:26a8:613f api26.sherlook.fr - [13/Jul/2026:00:01:43 +0200] "GET /api/announcements/latest?limit=16&status_in=active%2Cresolved%2Cclosed HTTP/1.1" 200 13203 "https://sherlook.fr/" "Mozilla/5.0 (Macintosh; Intel Mac OS X 10_15_7) AppleWebKit/537.36 (KHTML, like Gecko) Chrome/149.0.0.0 Safari/537.36"
2a01:e0a:1e9:52b0:75ff:9b03:26a8:613f api26.sherlook.fr - [13/Jul/2026:00:01:43 +0200] "GET /api/announcements/latest?limit=16&status_in=active%2Cresolved%2Cclosed HTTP/1.1" 200 13203 "https://sherlook.fr/" "Mozilla/5.0 (Macintosh; Intel Mac OS X 10_15_7) AppleWebKit/537.36 (KHTML, like Gecko) Chrome/149.0.0.0 Safari/537.36"
2a01:e0a:1e9:52b0:75ff:9b03:26a8:613f api26.sherlook.fr - [13/Jul/2026:00:01:46 +0200] "GET /api/admin/logs HTTP/1.1" 200 430 "https://admin.sherlook.fr/" "Mozilla/5.0 (Macintosh; Intel Mac OS X 10_15_7) AppleWebKit/537.36 (KHTML, like Gecko) Chrome/149.0.0.0 Safari/537.36"
2a01:e0a:1e9:52b0:75ff:9b03:26a8:613f api26.sherlook.fr - [13/Jul/2026:00:01:46 +0200] "GET /api/admin/logs?file=prod-2026-07-12.log&lines=500 HTTP/1.1" 200 242273 "https://admin.sherlook.fr/" "Mozilla/5.0 (Macintosh; Intel Mac OS X 10_15_7) AppleWebKit/537.36 (KHTML, like Gecko) Chrome/149.0.0.0 Safari/537.36"
2a01:e0a:1e9:52b0:75ff:9b03:26a8:613f api26.sherlook.fr - [13/Jul/2026:00:01:46 +0200] "GET /api/admin/logs?file=prod-2026-07-12.log&lines=500&date=2026-07-12 HTTP/1.1" 200 242281 "https://admin.sherlook.fr/" "Mozilla/5.0 (Macintosh; Intel Mac OS X 10_15_7) AppleWebKit/537.36 (KHTML, like Gecko) Chrome/149.0.0.0 Safari/537.36"
2a01:e0a:1e9:52b0:75ff:9b03:26a8:613f api26.sherlook.fr - [13/Jul/2026:00:01:50 +0200] "GET /api/google-reviews-config HTTP/1.1" 200 2165 "https://admin.sherlook.fr/" "Mozilla/5.0 (Macintosh; Intel Mac OS X 10_15_7) AppleWebKit/537.36 (KHTML, like Gecko) Chrome/149.0.0.0 Safari/537.36"
2a01:e0a:1e9:52b0:75ff:9b03:26a8:613f api26.sherlook.fr - [13/Jul/2026:00:01:55 +0200] "OPTIONS /api/providers?status=active&limit=1000 HTTP/1.1" 200 25 "https://admin.sherlook.fr/" "Mozilla/5.0 (Macintosh; Intel Mac OS X 10_15_7) AppleWebKit/537.36 (KHTML, like Gecko) Chrome/149.0.0.0 Safari/537.36"
2a01:e0a:1e9:52b0:75ff:9b03:26a8:613f api26.sherlook.fr - [13/Jul/2026:00:01:55 +0200] "GET /api/admin/monitoring/snapshot?period=day HTTP/1.1" 200 1273 "https://admin.sherlook.fr/" "Mozilla/5.0 (Macintosh; Intel Mac OS X 10_15_7) AppleWebKit/537.36 (KHTML, like Gecko) Chrome/149.0.0.0 Safari/537.36"
2a01:e0a:1e9:52b0:75ff:9b03:26a8:613f api26.sherlook.fr - [13/Jul/2026:00:01:55 +0200] "GET /api/providers?status=active&limit=1000 HTTP/1.1" 200 25453 "https://admin.sherlook.fr/" "Mozilla/5.0 (Macintosh; Intel Mac OS X 10_15_7) AppleWebKit/537.36 (KHTML, like Gecko) Chrome/149.0.0.0 Safari/537.36"
2a01:e0a:1e9:52b0:75ff:9b03:26a8:613f api26.sherlook.fr - [13/Jul/2026:00:01:55 +0200] "GET /api/admin/monitoring/analytics-realtime HTTP/1.1" 200 348 "https://admin.sherlook.fr/" "Mozilla/5.0 (Macintosh; Intel Mac OS X 10_15_7) AppleWebKit/537.36 (KHTML, like Gecko) Chrome/149.0.0.0 Safari/537.36"
2a01:e0a:1e9:52b0:75ff:9b03:26a8:613f api26.sherlook.fr - [13/Jul/2026:00:02:03 +0200] "GET /api/announcements/latest?limit=16&status_in=active%2Cresolved%2Cclosed HTTP/1.1" 200 13203 "https://sherlook.fr/" "Mozilla/5.0 (Macintosh; Intel Mac OS X 10_15_7) AppleWebKit/537.36 (KHTML, like Gecko) Chrome/149.0.0.0 Safari/537.36"
2a01:e0a:1e9:52b0:75ff:9b03:26a8:613f api26.sherlook.fr - [13/Jul/2026:00:02:03 +0200] "GET /api/announcements/latest?limit=16&status_in=active%2Cresolved%2Cclosed HTTP/1.1" 200 13203 "https://sherlook.fr/" "Mozilla/5.0 (Macintosh; Intel Mac OS X 10_15_7) AppleWebKit/537.36 (KHTML, like Gecko) Chrome/149.0.0.0 Safari/537.36"
66.249.70.70 sherlook.fr - [13/Jul/2026:00:02:22 +0200] "GET /fr/objets-trouves/festival/festival-de-saumur HTTP/1.1" 200 23239 "-" "Mozilla/5.0 (Linux; Android 6.0.1; Nexus 5X Build/MMB29P) AppleWebKit/537.36 (KHTML, like Gecko) Chrome/150.0.7871.46 Mobile Safari/537.36 (compatible; GoogleOther)"
2a01:e0a:1e9:52b0:75ff:9b03:26a8:613f api26.sherlook.fr - [13/Jul/2026:00:02:23 +0200] "GET /api/announcements/latest?limit=16&status_in=active%2Cresolved%2Cclosed HTTP/1.1" 200 13203 "https://sherlook.fr/" "Mozilla/5.0 (Macintosh; Intel Mac OS X 10_15_7) AppleWebKit/537.36 (KHTML, like Gecko) Chrome/149.0.0.0 Safari/537.36"
2a01:e0a:1e9:52b0:75ff:9b03:26a8:613f api26.sherlook.fr - [13/Jul/2026:00:02:23 +0200] "GET /api/announcements/latest?limit=16&status_in=active%2Cresolved%2Cclosed HTTP/1.1" 200 13203 "https://sherlook.fr/" "Mozilla/5.0 (Macintosh; Intel Mac OS X 10_15_7) AppleWebKit/537.36 (KHTML, like Gecko) Chrome/149.0.0.0 Safari/537.36"
2a01:e0a:1e9:52b0:75ff:9b03:26a8:613f sherlook.fr - [13/Jul/2026:00:02:31 +0200] "GET /build-info.json?v=1783893751084 HTTP/1.1" 200 68 "https://sherlook.fr/fr/" "Mozilla/5.0 (Macintosh; Intel Mac OS X 10_15_7) AppleWebKit/537.36 (KHTML, like Gecko) Chrome/149.0.0.0 Safari/537.36"
66.249.70.69 sherlook.fr - [13/Jul/2026:00:02:36 +0200] "GET /_next/static/chunks/a394c3056a8310f8.js HTTP/1.1" 200 23240 "https://sherlook.fr/fr/fr/objets-trouves/arcachon" "Mozilla/5.0 (Linux; Android 6.0.1; Nexus 5X Build/MMB29P) AppleWebKit/537.36 (KHTML, like Gecko) Chrome/150.0.7871.46 Mobile Safari/537.36 (compatible; GoogleOther)"
66.249.70.69 sherlook.fr - [13/Jul/2026:00:02:36 +0200] "GET /_next/static/chunks/f22721a8cf0dad28.js HTTP/1.1" 200 9631 "https://sherlook.fr/fr/fr/objets-trouves/arcachon" "Mozilla/5.0 (Linux; Android 6.0.1; Nexus 5X Build/MMB29P) AppleWebKit/537.36 (KHTML, like Gecko) Chrome/150.0.7871.46 Mobile Safari/537.36 (compatible; GoogleOther)"
66.249.70.70 sherlook.fr - [13/Jul/2026:00:02:36 +0200] "GET /_next/static/chunks/93ecdd3d55ea701d.js HTTP/1.1" 200 13826 "https://sherlook.fr/fr/fr/objets-trouves/arcachon" "Mozilla/5.0 (Linux; Android 6.0.1; Nexus 5X Build/MMB29P) AppleWebKit/537.36 (KHTML, like Gecko) Chrome/150.0.7871.46 Mobile Safari/537.36 (compatible; GoogleOther)"
66.249.70.70 sherlook.fr - [13/Jul/2026:00:02:37 +0200] "GET /_next/static/chunks/08245499d83302f7.js HTTP/1.1" 200 6354 "https://sherlook.fr/fr/fr/objets-trouves/arcachon" "Mozilla/5.0 (Linux; Android 6.0.1; Nexus 5X Build/MMB29P) AppleWebKit/537.36 (KHTML, like Gecko) Chrome/150.0.7871.46 Mobile Safari/537.36 (compatible; GoogleOther)"
66.249.68.134 api26.sherlook.fr - [13/Jul/2026:00:02:37 +0200] "GET /robots.txt HTTP/1.1" 404 993 "-" "Mozilla/5.0 (compatible; Googlebot/2.1; +http://www.google.com/bot.html)"
66.249.68.135 api26.sherlook.fr - [13/Jul/2026:00:02:38 +0200] "OPTIONS /api/announcements/latest?limit=16&status_in=active%2Cresolved%2Cclosed&city=Arcachon HTTP/1.1" 200 25 "https://sherlook.fr/" "Mozilla/5.0 (Linux; Android 6.0.1; Nexus 5X Build/MMB29P) AppleWebKit/537.36 (KHTML, like Gecko) Chrome/150.0.7871.46 Mobile Safari/537.36 (compatible; GoogleOther)"
66.249.68.133 api26.sherlook.fr - [13/Jul/2026:00:02:39 +0200] "GET /api/announcements/latest?limit=16&status_in=active%2Cresolved%2Cclosed&city=Arcachon HTTP/1.1" 200 20 "https://sherlook.fr/" "Mozilla/5.0 (Linux; Android 6.0.1; Nexus 5X Build/MMB29P) AppleWebKit/537.36 (KHTML, like Gecko) Chrome/150.0.7871.46 Mobile Safari/537.36 (compatible; GoogleOther)"
2a01:e0a:1e9:52b0:75ff:9b03:26a8:613f api26.sherlook.fr - [13/Jul/2026:00:02:43 +0200] "GET /api/announcements/latest?limit=16&status_in=active%2Cresolved%2Cclosed HTTP/1.1" 200 13203 "https://sherlook.fr/" "Mozilla/5.0 (Macintosh; Intel Mac OS X 10_15_7) AppleWebKit/537.36 (KHTML, like Gecko) Chrome/149.0.0.0 Safari/537.36"
2a01:e0a:1e9:52b0:75ff:9b03:26a8:613f api26.sherlook.fr - [13/Jul/2026:00:02:43 +0200] "GET /api/announcements/latest?limit=16&status_in=active%2Cresolved%2Cclosed HTTP/1.1" 200 13203 "https://sherlook.fr/" "Mozilla/5.0 (Macintosh; Intel Mac OS X 10_15_7) AppleWebKit/537.36 (KHTML, like Gecko) Chrome/149.0.0.0 Safari/537.36"
66.249.70.69 sherlook.fr - [13/Jul/2026:00:02:45 +0200] "GET /fr/objets-trouves/station-ski/le-haut-du-tot HTTP/1.1" 200 23322 "-" "Mozilla/5.0 (Linux; Android 6.0.1; Nexus 5X Build/MMB29P) AppleWebKit/537.36 (KHTML, like Gecko) Chrome/150.0.7871.46 Mobile Safari/537.36 (compatible; GoogleOther)"
66.249.68.133 api26.sherlook.fr - [13/Jul/2026:00:02:47 +0200] "OPTIONS /api/announcements/latest?limit=16&status_in=active%2Cresolved%2Cclosed&city=Saint-%C3%89tienne+Ch%C3%A2teaucreux HTTP/1.1" 200 25 "https://sherlook.fr/" "Mozilla/5.0 (Linux; Android 6.0.1; Nexus 5X Build/MMB29P) AppleWebKit/537.36 (KHTML, like Gecko) Chrome/150.0.7871.46 Mobile Safari/537.36 (compatible; GoogleOther)"
66.249.68.134 api26.sherlook.fr - [13/Jul/2026:00:02:47 +0200] "GET /api/announcements/latest?limit=16&status_in=active%2Cresolved%2Cclosed&city=Saint-%C3%89tienne+Ch%C3%A2teaucreux HTTP/1.1" 200 20 "https://sherlook.fr/" "Mozilla/5.0 (Linux; Android 6.0.1; Nexus 5X Build/MMB29P) AppleWebKit/537.36 (KHTML, like Gecko) Chrome/150.0.7871.46 Mobile Safari/537.36 (compatible; GoogleOther)"
85.208.96.204 www.api2-dev.sherlook.fr - [13/Jul/2026:00:02:52 +0200] "GET /vendor/symfony/serializer/Normalizer/UidNormalizer.php HTTP/1.1" 500 - "-" "Mozilla/5.0 (compatible; SemrushBot/7~bl; +http://www.semrush.com/bot.html)"
66.249.68.133 api26.sherlook.fr - [13/Jul/2026:00:02:55 +0200] "OPTIONS /api/announcements/latest?limit=16&status_in=active%2Cresolved%2Cclosed&city=M%C3%A2con HTTP/1.1" 200 25 "https://sherlook.fr/" "Mozilla/5.0 (Linux; Android 6.0.1; Nexus 5X Build/MMB29P) AppleWebKit/537.36 (KHTML, like Gecko) Chrome/150.0.7871.46 Mobile Safari/537.36 (compatible; Googlebot/2.1; +http://www.google.com/bot.html)"
66.249.68.133 api26.sherlook.fr - [13/Jul/2026:00:02:55 +0200] "GET /api/announcements/latest?limit=16&status_in=active%2Cresolved%2Cclosed&city=M%C3%A2con HTTP/1.1" 200 20 "https://sherlook.fr/" "Mozilla/5.0 (Linux; Android 6.0.1; Nexus 5X Build/MMB29P) AppleWebKit/537.36 (KHTML, like Gecko) Chrome/150.0.7871.46 Mobile Safari/537.36 (compatible; Googlebot/2.1; +http://www.google.com/bot.html)"
66.249.70.70 sherlook.fr - [13/Jul/2026:00:03:02 +0200] "GET /fr/objets-trouves/plage/plage-de-mers-mers-les-bains-plages HTTP/1.1" 200 23314 "-" "Mozilla/5.0 (Linux; Android 6.0.1; Nexus 5X Build/MMB29P) AppleWebKit/537.36 (KHTML, like Gecko) Chrome/150.0.7871.46 Mobile Safari/537.36 (compatible; Googlebot/2.1; +http://www.google.com/bot.html)"
2a01:e0a:1e9:52b0:75ff:9b03:26a8:613f api26.sherlook.fr - [13/Jul/2026:00:03:03 +0200] "GET /api/announcements/latest?limit=16&status_in=active%2Cresolved%2Cclosed HTTP/1.1" 200 13203 "https://sherlook.fr/" "Mozilla/5.0 (Macintosh; Intel Mac OS X 10_15_7) AppleWebKit/537.36 (KHTML, like Gecko) Chrome/149.0.0.0 Safari/537.36"
2a01:e0a:1e9:52b0:75ff:9b03:26a8:613f api26.sherlook.fr - [13/Jul/2026:00:03:04 +0200] "GET /api/announcements/latest?limit=16&status_in=active%2Cresolved%2Cclosed HTTP/1.1" 200 13203 "https://sherlook.fr/" "Mozilla/5.0 (Macintosh; Intel Mac OS X 10_15_7) AppleWebKit/537.36 (KHTML, like Gecko) Chrome/149.0.0.0 Safari/537.36"
2a01:e0a:1e9:52b0:75ff:9b03:26a8:613f sherlook.fr - [13/Jul/2026:00:03:09 +0200] "GET /fr/objets-trouves/les-saisies/velos HTTP/1.1" 200 22608 "https://www.google.com/" "Mozilla/5.0 (Macintosh; Intel Mac OS X 10_15_7) AppleWebKit/537.36 (KHTML, like Gecko) Chrome/149.0.0.0 Safari/537.36"
2a01:e0a:1e9:52b0:75ff:9b03:26a8:613f api26.sherlook.fr - [13/Jul/2026:00:03:09 +0200] "GET /api/maintenance-mode HTTP/1.1" 200 112 "https://sherlook.fr/" "Mozilla/5.0 (Macintosh; Intel Mac OS X 10_15_7) AppleWebKit/537.36 (KHTML, like Gecko) Chrome/149.0.0.0 Safari/537.36"
2a01:e0a:1e9:52b0:75ff:9b03:26a8:613f sherlook.fr - [13/Jul/2026:00:03:09 +0200] "GET /_next/static/chunks/02e71a8187a03f08.js HTTP/1.1" 200 14821 "https://sherlook.fr/fr/objets-trouves/les-saisies/velos" "Mozilla/5.0 (Macintosh; Intel Mac OS X 10_15_7) AppleWebKit/537.36 (KHTML, like Gecko) Chrome/149.0.0.0 Safari/537.36"
2a01:e0a:1e9:52b0:75ff:9b03:26a8:613f sherlook.fr - [13/Jul/2026:00:03:09 +0200] "GET /build-info.json?v=1783893789341 HTTP/1.1" 200 68 "https://sherlook.fr/fr/objets-trouves/les-saisies/velos" "Mozilla/5.0 (Macintosh; Intel Mac OS X 10_15_7) AppleWebKit/537.36 (KHTML, like Gecko) Chrome/149.0.0.0 Safari/537.36"
2a01:e0a:1e9:52b0:75ff:9b03:26a8:613f api26.sherlook.fr - [13/Jul/2026:00:03:09 +0200] "GET /api/frontend-ui-config HTTP/1.1" 200 57 "https://sherlook.fr/" "Mozilla/5.0 (Macintosh; Intel Mac OS X 10_15_7) AppleWebKit/537.36 (KHTML, like Gecko) Chrome/149.0.0.0 Safari/537.36"
2a01:e0a:1e9:52b0:75ff:9b03:26a8:613f api26.sherlook.fr - [13/Jul/2026:00:03:09 +0200] "GET /api/google-reviews-config HTTP/1.1" 200 2165 "https://sherlook.fr/" "Mozilla/5.0 (Macintosh; Intel Mac OS X 10_15_7) AppleWebKit/537.36 (KHTML, like Gecko) Chrome/149.0.0.0 Safari/537.36"
2a01:e0a:1e9:52b0:75ff:9b03:26a8:613f api26.sherlook.fr - [13/Jul/2026:00:03:09 +0200] "GET /api/google-reviews-config HTTP/1.1" 200 2165 "https://sherlook.fr/" "Mozilla/5.0 (Macintosh; Intel Mac OS X 10_15_7) AppleWebKit/537.36 (KHTML, like Gecko) Chrome/149.0.0.0 Safari/537.36"
2a01:e0a:1e9:52b0:75ff:9b03:26a8:613f api26.sherlook.fr - [13/Jul/2026:00:03:09 +0200] "GET /api/home-announcement-theme HTTP/1.1" 200 74 "https://sherlook.fr/" "Mozilla/5.0 (Macintosh; Intel Mac OS X 10_15_7) AppleWebKit/537.36 (KHTML, like Gecko) Chrome/149.0.0.0 Safari/537.36"
2a01:e0a:1e9:52b0:75ff:9b03:26a8:613f api26.sherlook.fr - [13/Jul/2026:00:03:09 +0200] "GET /api/public/providers?page=1&limit=48 HTTP/1.1" 200 11316 "https://sherlook.fr/" "Mozilla/5.0 (Macintosh; Intel Mac OS X 10_15_7) AppleWebKit/537.36 (KHTML, like Gecko) Chrome/149.0.0.0 Safari/537.36"
2a01:e0a:1e9:52b0:75ff:9b03:26a8:613f api26.sherlook.fr - [13/Jul/2026:00:03:09 +0200] "OPTIONS /api/announcements/latest?limit=16&status_in=active%2Cresolved%2Cclosed&cities_in_region=Lyon%2CSaint-%C3%89tienne%2CSaint-Etienne%2CGrenoble%2CVilleurbanne%2CClermont-Ferrand%2CAnnecy%2CValence%2CChamb%C3%A9ry%2CChambery%2CBourg-en-Bresse%2CVals-les-Bains%2CThonon-les-Bains%2CAurillac%2CBourgoin-Jallieu%2CMont%C3%A9limar%2CMontelimar%2CVichy%2CRoanne%2COyonnax%2CAnnemasse%2C%C3%89chirolles%2CEchirolles%2CChamonix%2CMeg%C3%A8ve%2CMegeve%2CMorzine%2CLes+Gets%2CLes+Arcs%2CLa+Plagne%2CTignes%2CVal+d%27Is%C3%A8re%2CVal+d%27Isere%2CCourchevel%2CM%C3%A9ribel%2CMeribel%2CVal+Thorens%2CLes+Menuires%2CL%27Alpe+d%27Huez%2CAlpe+d%27Huez%2CLes+Deux+Alpes%2CLa+Clusaz%2CLe+Grand-Bornand%2CLes+Saisies%2CAvoriaz&category_slugs=autre HTTP/1.1" 200 25 "https://sherlook.fr/" "Mozilla/5.0 (Macintosh; Intel Mac OS X 10_15_7) AppleWebKit/537.36 (KHTML, like Gecko) Chrome/149.0.0.0 Safari/537.36"
2a01:e0a:1e9:52b0:75ff:9b03:26a8:613f api26.sherlook.fr - [13/Jul/2026:00:03:09 +0200] "GET /api/delivery/pricing HTTP/1.1" 200 2311 "https://sherlook.fr/" "Mozilla/5.0 (Macintosh; Intel Mac OS X 10_15_7) AppleWebKit/537.36 (KHTML, like Gecko) Chrome/149.0.0.0 Safari/537.36"
2a01:e0a:1e9:52b0:75ff:9b03:26a8:613f api26.sherlook.fr - [13/Jul/2026:00:03:09 +0200] "GET /api/announcements/latest?limit=16&status_in=active%2Cresolved%2Cclosed&cities_in_region=Lyon%2CSaint-%C3%89tienne%2CSaint-Etienne%2CGrenoble%2CVilleurbanne%2CClermont-Ferrand%2CAnnecy%2CValence%2CChamb%C3%A9ry%2CChambery%2CBourg-en-Bresse%2CVals-les-Bains%2CThonon-les-Bains%2CAurillac%2CBourgoin-Jallieu%2CMont%C3%A9limar%2CMontelimar%2CVichy%2CRoanne%2COyonnax%2CAnnemasse%2C%C3%89chirolles%2CEchirolles%2CChamonix%2CMeg%C3%A8ve%2CMegeve%2CMorzine%2CLes+Gets%2CLes+Arcs%2CLa+Plagne%2CTignes%2CVal+d%27Is%C3%A8re%2CVal+d%27Isere%2CCourchevel%2CM%C3%A9ribel%2CMeribel%2CVal+Thorens%2CLes+Menuires%2CL%27Alpe+d%27Huez%2CAlpe+d%27Huez%2CLes+Deux+Alpes%2CLa+Clusaz%2CLe+Grand-Bornand%2CLes+Saisies%2CAvoriaz&category_slugs=autre HTTP/1.1" 200 20 "https://sherlook.fr/" "Mozilla/5.0 (Macintosh; Intel Mac OS X 10_15_7) AppleWebKit/537.36 (KHTML, like Gecko) Chrome/149.0.0.0 Safari/537.36"
66.249.70.69 sherlook.fr - [13/Jul/2026:00:03:10 +0200] "GET /fr/objets-trouves/plage/plage-de-toulhars-guidel HTTP/1.1" 200 23257 "-" "Mozilla/5.0 (Linux; Android 6.0.1; Nexus 5X Build/MMB29P) AppleWebKit/537.36 (KHTML, like Gecko) Chrome/150.0.7871.46 Mobile Safari/537.36 (compatible; GoogleOther)"
2a01:e0a:1e9:52b0:75ff:9b03:26a8:613f sherlook.fr - [13/Jul/2026:00:03:11 +0200] "GET /sw.js HTTP/1.1" 200 370 "https://sherlook.fr/sw.js" "Mozilla/5.0 (Macintosh; Intel Mac OS X 10_15_7) AppleWebKit/537.36 (KHTML, like Gecko) Chrome/149.0.0.0 Safari/537.36"
66.249.68.135 api26.sherlook.fr - [13/Jul/2026:00:03:13 +0200] "OPTIONS /api/announcements/latest?limit=16&status_in=active%2Cresolved%2Cclosed&city=Plage+de+Toulhars+%28Guidel%29 HTTP/1.1" 200 25 "https://sherlook.fr/" "Mozilla/5.0 (Linux; Android 6.0.1; Nexus 5X Build/MMB29P) AppleWebKit/537.36 (KHTML, like Gecko) Chrome/150.0.7871.46 Mobile Safari/537.36 (compatible; GoogleOther)"
66.249.68.135 api26.sherlook.fr - [13/Jul/2026:00:03:13 +0200] "GET /api/announcements/latest?limit=16&status_in=active%2Cresolved%2Cclosed&city=Plage+de+Toulhars+%28Guidel%29 HTTP/1.1" 200 20 "https://sherlook.fr/" "Mozilla/5.0 (Linux; Android 6.0.1; Nexus 5X Build/MMB29P) AppleWebKit/537.36 (KHTML, like Gecko) Chrome/150.0.7871.46 Mobile Safari/537.36 (compatible; GoogleOther)"
2a01:e0a:1e9:52b0:75ff:9b03:26a8:613f sherlook.fr - [13/Jul/2026:00:03:16 +0200] "GET /build-info.json?v=1783893796552 HTTP/1.1" 200 68 "https://sherlook.fr/fr/" "Mozilla/5.0 (Macintosh; Intel Mac OS X 10_15_7) AppleWebKit/537.36 (KHTML, like Gecko) Chrome/149.0.0.0 Safari/537.36"
35.192.232.168 www.kermessetoulouse.sherlook.fr - [13/Jul/2026:00:03:18 +0200] "POST / HTTP/1.1" 301 254 "https://www.kermessetoulouse.sherlook.fr/" "Mozilla/5.0 (Macintosh; Intel Mac OS X 10_15_7) AppleWebKit/537.36 (KHTML, like Gecko) Chrome/146.0.0.0 Safari/537.36"
35.192.232.168 sherlook.fr - [13/Jul/2026:00:03:18 +0200] "GET /trouver?&customerId=28 HTTP/1.1" 301 - "https://www.kermessetoulouse.sherlook.fr/" "Mozilla/5.0 (Macintosh; Intel Mac OS X 10_15_7) AppleWebKit/537.36 (KHTML, like Gecko) Chrome/146.0.0.0 Safari/537.36"
