66.249.68.133 api26.sherlook.fr - [13/Jul/2026:00:07:13 +0200] "GET /api/announcements/latest?limit=16&status_in=active%2Cresolved%2Cclosed&city=Plage+de+la+Digue+%28Trouville-sur-Mer%29 HTTP/1.1" 200 20 "https://sherlook.fr/" "Mozilla/5.0 (Linux; Android 6.0.1; Nexus 5X Build/MMB29P) AppleWebKit/537.36 (KHTML, like Gecko) Chrome/150.0.7871.46 Mobile Safari/537.36 (compatible; Googlebot/2.1; +http://www.google.com/bot.html)"
2a01:e0a:1e9:52b0:75ff:9b03:26a8:613f api26.sherlook.fr - [13/Jul/2026:00:07:13 +0200] "GET /api/public/provider-events?location_provider_id=46 HTTP/1.1" 200 53 "https://sherlook.fr/" "Mozilla/5.0 (Macintosh; Intel Mac OS X 10_15_7) AppleWebKit/537.36 (KHTML, like Gecko) Chrome/149.0.0.0 Safari/537.36"
2a01:e0a:1e9:52b0:75ff:9b03:26a8:613f api26.sherlook.fr - [13/Jul/2026:00:07:13 +0200] "GET /api/categories?location_provider_id=46 HTTP/1.1" 200 39640 "https://sherlook.fr/" "Mozilla/5.0 (Macintosh; Intel Mac OS X 10_15_7) AppleWebKit/537.36 (KHTML, like Gecko) Chrome/149.0.0.0 Safari/537.36"
2a01:e0a:1e9:52b0:75ff:9b03:26a8:613f api26.sherlook.fr - [13/Jul/2026:00:07:13 +0200] "GET /api/public/providers/46/announcements?page=1&limit=24 HTTP/1.1" 200 1007 "https://sherlook.fr/" "Mozilla/5.0 (Macintosh; Intel Mac OS X 10_15_7) AppleWebKit/537.36 (KHTML, like Gecko) Chrome/149.0.0.0 Safari/537.36"
2a01:e0a:1e9:52b0:75ff:9b03:26a8:613f sherlook.fr - [13/Jul/2026:00:07:14 +0200] "GET /sw.js HTTP/1.1" 200 370 "https://sherlook.fr/sw.js" "Mozilla/5.0 (Macintosh; Intel Mac OS X 10_15_7) AppleWebKit/537.36 (KHTML, like Gecko) Chrome/149.0.0.0 Safari/537.36"
2a01:e0a:1e9:52b0:75ff:9b03:26a8:613f sherlook.fr - [13/Jul/2026:00:07:23 +0200] "GET /fr/register.txt?redirect=%2Fcreate-announcement%3Fpartner_id%3D46&_rsc=4nmhe HTTP/1.1" 200 20152 "https://sherlook.fr/fr/objets-trouves/les-vieilles-charrues-2026" "Mozilla/5.0 (Macintosh; Intel Mac OS X 10_15_7) AppleWebKit/537.36 (KHTML, like Gecko) Chrome/149.0.0.0 Safari/537.36"
2a01:e0a:1e9:52b0:75ff:9b03:26a8:613f api26.sherlook.fr - [13/Jul/2026:00:07:26 +0200] "GET /api/announcements/latest?limit=16&status_in=active%2Cresolved%2Cclosed HTTP/1.1" 200 13203 "https://sherlook.fr/" "Mozilla/5.0 (Macintosh; Intel Mac OS X 10_15_7) AppleWebKit/537.36 (KHTML, like Gecko) Chrome/149.0.0.0 Safari/537.36"
2a01:e0a:1e9:52b0:75ff:9b03:26a8:613f api26.sherlook.fr - [13/Jul/2026:00:07:26 +0200] "GET /api/announcements/latest?limit=16&status_in=active%2Cresolved%2Cclosed HTTP/1.1" 200 13203 "https://sherlook.fr/" "Mozilla/5.0 (Macintosh; Intel Mac OS X 10_15_7) AppleWebKit/537.36 (KHTML, like Gecko) Chrome/149.0.0.0 Safari/537.36"
85.208.96.200 www.api2-dev.sherlook.fr - [13/Jul/2026:00:07:35 +0200] "GET /vendor/google/common-protos/metadata/Google/Iam/V1/Policy.php HTTP/1.1" 200 25 "-" "Mozilla/5.0 (compatible; SemrushBot/7~bl; +http://www.semrush.com/bot.html)"
2a01:e0a:1e9:52b0:75ff:9b03:26a8:613f sherlook.fr - [13/Jul/2026:00:07:36 +0200] "GET /build-info.json?v=1783894056232 HTTP/1.1" 200 68 "https://sherlook.fr/fr" "Mozilla/5.0 (Macintosh; Intel Mac OS X 10_15_7) AppleWebKit/537.36 (KHTML, like Gecko) Chrome/149.0.0.0 Safari/537.36"
185.191.171.15 www.api2-dev.sherlook.fr - [13/Jul/2026:00:07:38 +0200] "GET /var/cache/devnew/ContainerW43EJPY/getConfigBuilder_WarmerService.php HTTP/1.1" 500 - "-" "Mozilla/5.0 (compatible; SemrushBot/7~bl; +http://www.semrush.com/bot.html)"
2a01:e0a:1e9:52b0:75ff:9b03:26a8:613f api26.sherlook.fr - [13/Jul/2026:00:07:46 +0200] "GET /api/announcements/latest?limit=16&status_in=active%2Cresolved%2Cclosed HTTP/1.1" 200 13203 "https://sherlook.fr/" "Mozilla/5.0 (Macintosh; Intel Mac OS X 10_15_7) AppleWebKit/537.36 (KHTML, like Gecko) Chrome/149.0.0.0 Safari/537.36"
2a01:e0a:1e9:52b0:75ff:9b03:26a8:613f api26.sherlook.fr - [13/Jul/2026:00:07:46 +0200] "GET /api/announcements/latest?limit=16&status_in=active%2Cresolved%2Cclosed HTTP/1.1" 200 13203 "https://sherlook.fr/" "Mozilla/5.0 (Macintosh; Intel Mac OS X 10_15_7) AppleWebKit/537.36 (KHTML, like Gecko) Chrome/149.0.0.0 Safari/537.36"
66.249.70.69 sherlook.fr - [13/Jul/2026:00:07:50 +0200] "GET /fr/objets-trouves/plage/plage-de-langrune-saint-aubin-sur-mer HTTP/1.1" 200 23341 "-" "Mozilla/5.0 (Linux; Android 6.0.1; Nexus 5X Build/MMB29P) AppleWebKit/537.36 (KHTML, like Gecko) Chrome/150.0.7871.46 Mobile Safari/537.36 (compatible; GoogleOther)"
66.249.70.69 sherlook.fr - [13/Jul/2026:00:08:01 +0200] "GET /fr/objets-trouves/festival/festival-de-ussel HTTP/1.1" 200 23270 "-" "Mozilla/5.0 (Linux; Android 6.0.1; Nexus 5X Build/MMB29P) AppleWebKit/537.36 (KHTML, like Gecko) Chrome/150.0.7871.46 Mobile Safari/537.36 (compatible; GoogleOther)"
2a01:e0a:1e9:52b0:75ff:9b03:26a8:613f www.sherlook.fr - [13/Jul/2026:00:08:01 +0200] "GET /sw.js HTTP/1.1" 301 233 "https://www.sherlook.fr/sw.js" "Mozilla/5.0 (Macintosh; Intel Mac OS X 10_15_7) AppleWebKit/537.36 (KHTML, like Gecko) Chrome/149.0.0.0 Safari/537.36"
40.77.167.26 www.api2-dev.sherlook.fr - [13/Jul/2026:00:08:01 +0200] "GET /var/cache/dev/pools/system/gru-fzy4LN/L/ HTTP/1.1" 200 390 "-" "Mozilla/5.0 AppleWebKit/537.36 (KHTML, like Gecko; compatible; bingbot/2.0; +http://www.bing.com/bingbot.htm) Chrome/116.0.1938.76 Safari/537.36"
2a01:e0a:1e9:52b0:75ff:9b03:26a8:613f api26.sherlook.fr - [13/Jul/2026:00:08:06 +0200] "GET /api/announcements/latest?limit=16&status_in=active%2Cresolved%2Cclosed HTTP/1.1" 200 13203 "https://sherlook.fr/" "Mozilla/5.0 (Macintosh; Intel Mac OS X 10_15_7) AppleWebKit/537.36 (KHTML, like Gecko) Chrome/149.0.0.0 Safari/537.36"
2a01:e0a:1e9:52b0:75ff:9b03:26a8:613f api26.sherlook.fr - [13/Jul/2026:00:08:07 +0200] "GET /api/announcements/latest?limit=16&status_in=active%2Cresolved%2Cclosed HTTP/1.1" 200 13203 "https://sherlook.fr/" "Mozilla/5.0 (Macintosh; Intel Mac OS X 10_15_7) AppleWebKit/537.36 (KHTML, like Gecko) Chrome/149.0.0.0 Safari/537.36"
66.249.70.70 sherlook.fr - [13/Jul/2026:00:08:08 +0200] "GET /fr/objets-trouves/plage/plage-de-la-concurrence-la-rochelle HTTP/1.1" 200 23270 "-" "Mozilla/5.0 (Linux; Android 6.0.1; Nexus 5X Build/MMB29P) AppleWebKit/537.36 (KHTML, like Gecko) Chrome/150.0.7871.46 Mobile Safari/537.36 (compatible; Googlebot/2.1; +http://www.google.com/bot.html)"
91.167.165.74 sherlook.fr - [13/Jul/2026:00:08:10 +0200] "GET /sw.js HTTP/1.1" 200 370 "https://sherlook.fr/" "Mozilla/5.0 (iPhone; CPU iPhone OS 26_5_0 like Mac OS X) AppleWebKit/605.1.15 (KHTML, like Gecko) CriOS/150.0.7871.51 Mobile/15E148 Safari/604.1"
91.167.165.74 sherlook.fr - [13/Jul/2026:00:08:10 +0200] "GET /fr.html HTTP/1.1" 200 22613 "https://sherlook.fr/fr/" "Mozilla/5.0 (iPhone; CPU iPhone OS 26_5_0 like Mac OS X) AppleWebKit/605.1.15 (KHTML, like Gecko) CriOS/150.0.7871.51 Mobile/15E148 Safari/604.1"
91.167.165.74 sherlook.fr - [13/Jul/2026:00:08:11 +0200] "GET /manifest.webmanifest HTTP/1.1" 200 698 "https://sherlook.fr/fr.html" "Mozilla/5.0 (iPhone; CPU iPhone OS 26_5_0 like Mac OS X) AppleWebKit/605.1.15 (KHTML, like Gecko) CriOS/150.0.7871.51 Mobile/15E148 Safari/604.1"
2a01:e0a:1e9:52b0:e53c:98cd:1be0:3d2f api26.sherlook.fr - [13/Jul/2026:00:08:11 +0200] "GET /api/maintenance-mode HTTP/1.1" 200 112 "https://sherlook.fr/" "Mozilla/5.0 (iPhone; CPU iPhone OS 26_5_0 like Mac OS X) AppleWebKit/605.1.15 (KHTML, like Gecko) CriOS/150.0.7871.51 Mobile/15E148 Safari/604.1"
91.167.165.74 sherlook.fr - [13/Jul/2026:00:08:11 +0200] "GET /build-info.json?v=1783894091153 HTTP/1.1" 200 68 "https://sherlook.fr/fr.html" "Mozilla/5.0 (iPhone; CPU iPhone OS 26_5_0 like Mac OS X) AppleWebKit/605.1.15 (KHTML, like Gecko) CriOS/150.0.7871.51 Mobile/15E148 Safari/604.1"
2a01:e0a:1e9:52b0:e53c:98cd:1be0:3d2f api26.sherlook.fr - [13/Jul/2026:00:08:11 +0200] "GET /api/google-reviews-config HTTP/1.1" 200 2165 "https://sherlook.fr/" "Mozilla/5.0 (iPhone; CPU iPhone OS 26_5_0 like Mac OS X) AppleWebKit/605.1.15 (KHTML, like Gecko) CriOS/150.0.7871.51 Mobile/15E148 Safari/604.1"
2a01:e0a:1e9:52b0:e53c:98cd:1be0:3d2f api26.sherlook.fr - [13/Jul/2026:00:08:11 +0200] "GET /api/frontend-ui-config HTTP/1.1" 200 57 "https://sherlook.fr/" "Mozilla/5.0 (iPhone; CPU iPhone OS 26_5_0 like Mac OS X) AppleWebKit/605.1.15 (KHTML, like Gecko) CriOS/150.0.7871.51 Mobile/15E148 Safari/604.1"
2a01:e0a:1e9:52b0:e53c:98cd:1be0:3d2f api26.sherlook.fr - [13/Jul/2026:00:08:11 +0200] "GET /api/home-announcement-theme HTTP/1.1" 200 74 "https://sherlook.fr/" "Mozilla/5.0 (iPhone; CPU iPhone OS 26_5_0 like Mac OS X) AppleWebKit/605.1.15 (KHTML, like Gecko) CriOS/150.0.7871.51 Mobile/15E148 Safari/604.1"
2a01:e0a:1e9:52b0:e53c:98cd:1be0:3d2f api26.sherlook.fr - [13/Jul/2026:00:08:11 +0200] "OPTIONS /api/public/providers?page=1&limit=48 HTTP/1.1" 200 25 "https://sherlook.fr/" "Mozilla/5.0 (iPhone; CPU iPhone OS 26_5_0 like Mac OS X) AppleWebKit/605.1.15 (KHTML, like Gecko) CriOS/150.0.7871.51 Mobile/15E148 Safari/604.1"
2a01:e0a:1e9:52b0:e53c:98cd:1be0:3d2f api26.sherlook.fr - [13/Jul/2026:00:08:11 +0200] "OPTIONS /api/matches/my?exclude_status=rejected%2Cresolved&limit=200 HTTP/1.1" 200 25 "https://sherlook.fr/" "Mozilla/5.0 (iPhone; CPU iPhone OS 26_5_0 like Mac OS X) AppleWebKit/605.1.15 (KHTML, like Gecko) CriOS/150.0.7871.51 Mobile/15E148 Safari/604.1"
2a01:e0a:1e9:52b0:e53c:98cd:1be0:3d2f api26.sherlook.fr - [13/Jul/2026:00:08:11 +0200] "OPTIONS /api/conversations HTTP/1.1" 200 25 "https://sherlook.fr/" "Mozilla/5.0 (iPhone; CPU iPhone OS 26_5_0 like Mac OS X) AppleWebKit/605.1.15 (KHTML, like Gecko) CriOS/150.0.7871.51 Mobile/15E148 Safari/604.1"
2a01:e0a:1e9:52b0:e53c:98cd:1be0:3d2f api26.sherlook.fr - [13/Jul/2026:00:08:11 +0200] "GET /api/google-reviews-config HTTP/1.1" 200 2165 "https://sherlook.fr/" "Mozilla/5.0 (iPhone; CPU iPhone OS 26_5_0 like Mac OS X) AppleWebKit/605.1.15 (KHTML, like Gecko) CriOS/150.0.7871.51 Mobile/15E148 Safari/604.1"
2a01:e0a:1e9:52b0:e53c:98cd:1be0:3d2f api26.sherlook.fr - [13/Jul/2026:00:08:11 +0200] "OPTIONS /api/announcements/latest?limit=16&status_in=active%2Cresolved%2Cclosed HTTP/1.1" 200 25 "https://sherlook.fr/" "Mozilla/5.0 (iPhone; CPU iPhone OS 26_5_0 like Mac OS X) AppleWebKit/605.1.15 (KHTML, like Gecko) CriOS/150.0.7871.51 Mobile/15E148 Safari/604.1"
2a01:e0a:1e9:52b0:e53c:98cd:1be0:3d2f api26.sherlook.fr - [13/Jul/2026:00:08:11 +0200] "OPTIONS /api/delivery/pricing HTTP/1.1" 200 25 "https://sherlook.fr/" "Mozilla/5.0 (iPhone; CPU iPhone OS 26_5_0 like Mac OS X) AppleWebKit/605.1.15 (KHTML, like Gecko) CriOS/150.0.7871.51 Mobile/15E148 Safari/604.1"
2a01:e0a:1e9:52b0:e53c:98cd:1be0:3d2f api26.sherlook.fr - [13/Jul/2026:00:08:11 +0200] "GET /api/public/providers?page=1&limit=48 HTTP/1.1" 200 11316 "https://sherlook.fr/" "Mozilla/5.0 (iPhone; CPU iPhone OS 26_5_0 like Mac OS X) AppleWebKit/605.1.15 (KHTML, like Gecko) CriOS/150.0.7871.51 Mobile/15E148 Safari/604.1"
2a01:e0a:1e9:52b0:e53c:98cd:1be0:3d2f api26.sherlook.fr - [13/Jul/2026:00:08:11 +0200] "GET /api/matches/my?exclude_status=rejected%2Cresolved&limit=200 HTTP/1.1" 200 70 "https://sherlook.fr/" "Mozilla/5.0 (iPhone; CPU iPhone OS 26_5_0 like Mac OS X) AppleWebKit/605.1.15 (KHTML, like Gecko) CriOS/150.0.7871.51 Mobile/15E148 Safari/604.1"
2a01:e0a:1e9:52b0:e53c:98cd:1be0:3d2f api26.sherlook.fr - [13/Jul/2026:00:08:11 +0200] "GET /api/conversations HTTP/1.1" 200 37 "https://sherlook.fr/" "Mozilla/5.0 (iPhone; CPU iPhone OS 26_5_0 like Mac OS X) AppleWebKit/605.1.15 (KHTML, like Gecko) CriOS/150.0.7871.51 Mobile/15E148 Safari/604.1"
2a01:e0a:1e9:52b0:e53c:98cd:1be0:3d2f api26.sherlook.fr - [13/Jul/2026:00:08:11 +0200] "GET /api/delivery/pricing HTTP/1.1" 200 2311 "https://sherlook.fr/" "Mozilla/5.0 (iPhone; CPU iPhone OS 26_5_0 like Mac OS X) AppleWebKit/605.1.15 (KHTML, like Gecko) CriOS/150.0.7871.51 Mobile/15E148 Safari/604.1"
2a01:e0a:1e9:52b0:e53c:98cd:1be0:3d2f api26.sherlook.fr - [13/Jul/2026:00:08:11 +0200] "GET /api/announcements/latest?limit=16&status_in=active%2Cresolved%2Cclosed HTTP/1.1" 200 13203 "https://sherlook.fr/" "Mozilla/5.0 (iPhone; CPU iPhone OS 26_5_0 like Mac OS X) AppleWebKit/605.1.15 (KHTML, like Gecko) CriOS/150.0.7871.51 Mobile/15E148 Safari/604.1"
91.167.165.74 sherlook.fr - [13/Jul/2026:00:08:12 +0200] "GET /fr/create-announcement.txt?type=lost&_rsc=1i1sg HTTP/1.1" 304 - "https://sherlook.fr/fr.html" "Mozilla/5.0 (iPhone; CPU iPhone OS 26_5_0 like Mac OS X) AppleWebKit/605.1.15 (KHTML, like Gecko) CriOS/150.0.7871.51 Mobile/15E148 Safari/604.1"
2a01:e0a:1e9:52b0:e53c:98cd:1be0:3d2f api26.sherlook.fr - [13/Jul/2026:00:08:12 +0200] "GET /api/public/provider-types HTTP/1.1" 200 2541 "https://sherlook.fr/" "Mozilla/5.0 (iPhone; CPU iPhone OS 26_5_0 like Mac OS X) AppleWebKit/605.1.15 (KHTML, like Gecko) CriOS/150.0.7871.51 Mobile/15E148 Safari/604.1"
2a01:e0a:1e9:52b0:e53c:98cd:1be0:3d2f api26.sherlook.fr - [13/Jul/2026:00:08:12 +0200] "GET /api/categories HTTP/1.1" 200 43186 "https://sherlook.fr/" "Mozilla/5.0 (iPhone; CPU iPhone OS 26_5_0 like Mac OS X) AppleWebKit/605.1.15 (KHTML, like Gecko) CriOS/150.0.7871.51 Mobile/15E148 Safari/604.1"
2a01:e0a:1e9:52b0:e53c:98cd:1be0:3d2f api26.sherlook.fr - [13/Jul/2026:00:08:12 +0200] "GET /api/public/providers?provider_type_id=14&limit=1&for_partner_selection=true HTTP/1.1" 200 70 "https://sherlook.fr/" "Mozilla/5.0 (iPhone; CPU iPhone OS 26_5_0 like Mac OS X) AppleWebKit/605.1.15 (KHTML, like Gecko) CriOS/150.0.7871.51 Mobile/15E148 Safari/604.1"
2a01:e0a:1e9:52b0:e53c:98cd:1be0:3d2f api26.sherlook.fr - [13/Jul/2026:00:08:12 +0200] "GET /api/public/providers?provider_type_id=11&limit=1&for_partner_selection=true HTTP/1.1" 200 70 "https://sherlook.fr/" "Mozilla/5.0 (iPhone; CPU iPhone OS 26_5_0 like Mac OS X) AppleWebKit/605.1.15 (KHTML, like Gecko) CriOS/150.0.7871.51 Mobile/15E148 Safari/604.1"
2a01:e0a:1e9:52b0:e53c:98cd:1be0:3d2f api26.sherlook.fr - [13/Jul/2026:00:08:12 +0200] "GET /api/public/providers?provider_type_id=13&limit=1&for_partner_selection=true HTTP/1.1" 200 70 "https://sherlook.fr/" "Mozilla/5.0 (iPhone; CPU iPhone OS 26_5_0 like Mac OS X) AppleWebKit/605.1.15 (KHTML, like Gecko) CriOS/150.0.7871.51 Mobile/15E148 Safari/604.1"
2a01:e0a:1e9:52b0:e53c:98cd:1be0:3d2f api26.sherlook.fr - [13/Jul/2026:00:08:12 +0200] "GET /api/public/providers?provider_type_id=6&limit=1&for_partner_selection=true HTTP/1.1" 200 919 "https://sherlook.fr/" "Mozilla/5.0 (iPhone; CPU iPhone OS 26_5_0 like Mac OS X) AppleWebKit/605.1.15 (KHTML, like Gecko) CriOS/150.0.7871.51 Mobile/15E148 Safari/604.1"
2a01:e0a:1e9:52b0:e53c:98cd:1be0:3d2f api26.sherlook.fr - [13/Jul/2026:00:08:12 +0200] "GET /api/public/providers?provider_type_id=12&limit=1&for_partner_selection=true HTTP/1.1" 200 893 "https://sherlook.fr/" "Mozilla/5.0 (iPhone; CPU iPhone OS 26_5_0 like Mac OS X) AppleWebKit/605.1.15 (KHTML, like Gecko) CriOS/150.0.7871.51 Mobile/15E148 Safari/604.1"
2a01:e0a:1e9:52b0:e53c:98cd:1be0:3d2f api26.sherlook.fr - [13/Jul/2026:00:08:12 +0200] "GET /api/public/providers?provider_type_id=9&limit=1&for_partner_selection=true HTTP/1.1" 200 70 "https://sherlook.fr/" "Mozilla/5.0 (iPhone; CPU iPhone OS 26_5_0 like Mac OS X) AppleWebKit/605.1.15 (KHTML, like Gecko) CriOS/150.0.7871.51 Mobile/15E148 Safari/604.1"
2a01:e0a:1e9:52b0:e53c:98cd:1be0:3d2f api26.sherlook.fr - [13/Jul/2026:00:08:12 +0200] "GET /api/public/providers?provider_type_id=7&limit=1&for_partner_selection=true HTTP/1.1" 200 70 "https://sherlook.fr/" "Mozilla/5.0 (iPhone; CPU iPhone OS 26_5_0 like Mac OS X) AppleWebKit/605.1.15 (KHTML, like Gecko) CriOS/150.0.7871.51 Mobile/15E148 Safari/604.1"
2a01:e0a:1e9:52b0:e53c:98cd:1be0:3d2f api26.sherlook.fr - [13/Jul/2026:00:08:12 +0200] "GET /api/public/providers?provider_type_id=10&limit=1&for_partner_selection=true HTTP/1.1" 200 70 "https://sherlook.fr/" "Mozilla/5.0 (iPhone; CPU iPhone OS 26_5_0 like Mac OS X) AppleWebKit/605.1.15 (KHTML, like Gecko) CriOS/150.0.7871.51 Mobile/15E148 Safari/604.1"
2a01:e0a:1e9:52b0:e53c:98cd:1be0:3d2f api26.sherlook.fr - [13/Jul/2026:00:08:12 +0200] "GET /api/public/providers?provider_type_id=8&limit=1&for_partner_selection=true HTTP/1.1" 200 992 "https://sherlook.fr/" "Mozilla/5.0 (iPhone; CPU iPhone OS 26_5_0 like Mac OS X) AppleWebKit/605.1.15 (KHTML, like Gecko) CriOS/150.0.7871.51 Mobile/15E148 Safari/604.1"
66.249.68.134 api26.sherlook.fr - [13/Jul/2026:00:08:12 +0200] "OPTIONS /api/announcements/latest?limit=16&status_in=active%2Cresolved%2Cclosed&city=Centre+Commercial+Arles HTTP/1.1" 200 25 "https://sherlook.fr/" "Mozilla/5.0 (Linux; Android 6.0.1; Nexus 5X Build/MMB29P) AppleWebKit/537.36 (KHTML, like Gecko) Chrome/150.0.7871.46 Mobile Safari/537.36 (compatible; Googlebot/2.1; +http://www.google.com/bot.html)"
66.249.68.133 api26.sherlook.fr - [13/Jul/2026:00:08:12 +0200] "GET /api/announcements/latest?limit=16&status_in=active%2Cresolved%2Cclosed&city=Centre+Commercial+Arles HTTP/1.1" 200 20 "https://sherlook.fr/" "Mozilla/5.0 (Linux; Android 6.0.1; Nexus 5X Build/MMB29P) AppleWebKit/537.36 (KHTML, like Gecko) Chrome/150.0.7871.46 Mobile Safari/537.36 (compatible; Googlebot/2.1; +http://www.google.com/bot.html)"
2a01:e0a:1e9:52b0:e53c:98cd:1be0:3d2f api26.sherlook.fr - [13/Jul/2026:00:08:18 +0200] "GET /api/google-reviews-config HTTP/1.1" 200 2165 "https://sherlook.fr/" "Mozilla/5.0 (iPhone; CPU iPhone OS 26_5_0 like Mac OS X) AppleWebKit/605.1.15 (KHTML, like Gecko) CriOS/150.0.7871.51 Mobile/15E148 Safari/604.1"
2a01:e0a:1e9:52b0:e53c:98cd:1be0:3d2f api26.sherlook.fr - [13/Jul/2026:00:08:18 +0200] "GET /api/google-reviews-config HTTP/1.1" 200 2165 "https://sherlook.fr/" "Mozilla/5.0 (iPhone; CPU iPhone OS 26_5_0 like Mac OS X) AppleWebKit/605.1.15 (KHTML, like Gecko) CriOS/150.0.7871.51 Mobile/15E148 Safari/604.1"
2a01:e0a:1e9:52b0:75ff:9b03:26a8:613f api26.sherlook.fr - [13/Jul/2026:00:08:20 +0200] "GET /api/announcements/latest?limit=16&status_in=active%2Cresolved%2Cclosed HTTP/1.1" 200 13203 "https://sherlook.fr/" "Mozilla/5.0 (Macintosh; Intel Mac OS X 10_15_7) AppleWebKit/537.36 (KHTML, like Gecko) Chrome/149.0.0.0 Safari/537.36"
185.191.171.13 www.api2-dev.sherlook.fr - [13/Jul/2026:00:08:22 +0200] "GET /var/cache/prodnew/pools/system/eEMNon9qTX/V/-/rJ8xku5xCaibXLlAYx3Q HTTP/1.1" 200 92 "-" "Mozilla/5.0 (compatible; SemrushBot/7~bl; +http://www.semrush.com/bot.html)"
2a01:e0a:1e9:52b0:75ff:9b03:26a8:613f api26.sherlook.fr - [13/Jul/2026:00:08:27 +0200] "GET /api/announcements/latest?limit=16&status_in=active%2Cresolved%2Cclosed HTTP/1.1" 200 13203 "https://sherlook.fr/" "Mozilla/5.0 (Macintosh; Intel Mac OS X 10_15_7) AppleWebKit/537.36 (KHTML, like Gecko) Chrome/149.0.0.0 Safari/537.36"
2a01:e0a:1e9:52b0:75ff:9b03:26a8:613f api26.sherlook.fr - [13/Jul/2026:00:08:27 +0200] "GET /api/announcements/latest?limit=16&status_in=active%2Cresolved%2Cclosed HTTP/1.1" 200 13203 "https://sherlook.fr/" "Mozilla/5.0 (Macintosh; Intel Mac OS X 10_15_7) AppleWebKit/537.36 (KHTML, like Gecko) Chrome/149.0.0.0 Safari/537.36"
2a01:e0a:1e9:52b0:e53c:98cd:1be0:3d2f api26.sherlook.fr - [13/Jul/2026:00:08:36 +0200] "GET /uploads/logos/kermesse-nice-6a00500a608a4.svg HTTP/1.1" 200 374763 "https://sherlook.fr/" "Mozilla/5.0 (iPhone; CPU iPhone OS 26_5_0 like Mac OS X) AppleWebKit/605.1.15 (KHTML, like Gecko) CriOS/150.0.7871.51 Mobile/15E148 Safari/604.1"
2a01:e0a:1e9:52b0:e53c:98cd:1be0:3d2f api26.sherlook.fr - [13/Jul/2026:00:08:36 +0200] "GET /uploads/logos/vandb-6a0050908aaee.svg HTTP/1.1" 304 - "https://sherlook.fr/" "Mozilla/5.0 (iPhone; CPU iPhone OS 26_5_0 like Mac OS X) AppleWebKit/605.1.15 (KHTML, like Gecko) CriOS/150.0.7871.51 Mobile/15E148 Safari/604.1"
2a01:e0a:1e9:52b0:e53c:98cd:1be0:3d2f api26.sherlook.fr - [13/Jul/2026:00:08:37 +0200] "GET /uploads/logos/logoTrans-6a2bc6bbf2470.svg HTTP/1.1" 200 494134 "https://sherlook.fr/" "Mozilla/5.0 (iPhone; CPU iPhone OS 26_5_0 like Mac OS X) AppleWebKit/605.1.15 (KHTML, like Gecko) CriOS/150.0.7871.51 Mobile/15E148 Safari/604.1"
2a01:e0a:1e9:52b0:e53c:98cd:1be0:3d2f api26.sherlook.fr - [13/Jul/2026:00:08:37 +0200] "GET /uploads/logos/Logo-Sezam-SaintMalo-vecto-6a3ba65956697.svg HTTP/1.1" 200 22631 "https://sherlook.fr/" "Mozilla/5.0 (iPhone; CPU iPhone OS 26_5_0 like Mac OS X) AppleWebKit/605.1.15 (KHTML, like Gecko) CriOS/150.0.7871.51 Mobile/15E148 Safari/604.1"
2a01:e0a:1e9:52b0:e53c:98cd:1be0:3d2f api26.sherlook.fr - [13/Jul/2026:00:08:38 +0200] "GET /uploads/logos/Logo-Sezam-Rennes-vecto-6a1ff29f3e555.svg HTTP/1.1" 200 18063 "https://sherlook.fr/" "Mozilla/5.0 (iPhone; CPU iPhone OS 26_5_0 like Mac OS X) AppleWebKit/605.1.15 (KHTML, like Gecko) CriOS/150.0.7871.51 Mobile/15E148 Safari/604.1"
2a01:e0a:1e9:52b0:e53c:98cd:1be0:3d2f api26.sherlook.fr - [13/Jul/2026:00:08:38 +0200] "GET /uploads/logos/ra25-69e759e54a20e.svg HTTP/1.1" 200 2694591 "https://sherlook.fr/" "Mozilla/5.0 (iPhone; CPU iPhone OS 26_5_0 like Mac OS X) AppleWebKit/605.1.15 (KHTML, like Gecko) CriOS/150.0.7871.51 Mobile/15E148 Safari/604.1"
78.240.228.201 sherlook.fr - [13/Jul/2026:00:08:42 +0200] "GET /sw.js HTTP/1.1" 200 370 "https://sherlook.fr/" "Mozilla/5.0 (iPhone; CPU iPhone OS 26_5_0 like Mac OS X) AppleWebKit/605.1.15 (KHTML, like Gecko) CriOS/150.0.7871.51 Mobile/15E148 Safari/604.1"
78.240.228.201 sherlook.fr - [13/Jul/2026:00:08:42 +0200] "GET /fr.html HTTP/1.1" 200 22613 "https://sherlook.fr/fr/" "Mozilla/5.0 (iPhone; CPU iPhone OS 26_5_0 like Mac OS X) AppleWebKit/605.1.15 (KHTML, like Gecko) CriOS/150.0.7871.51 Mobile/15E148 Safari/604.1"
2a01:e0a:1e9:52b0:e53c:98cd:1be0:3d2f sherlook.fr - [13/Jul/2026:00:08:43 +0200] "GET /fr/objets-trouves/les-vieilles-charrues-2026.txt?_rsc=1i1sg HTTP/1.1" 200 20858 "https://sherlook.fr/fr.html" "Mozilla/5.0 (iPhone; CPU iPhone OS 26_5_0 like Mac OS X) AppleWebKit/605.1.15 (KHTML, like Gecko) CriOS/150.0.7871.51 Mobile/15E148 Safari/604.1"
2a01:e0a:1e9:52b0:e53c:98cd:1be0:3d2f sherlook.fr - [13/Jul/2026:00:08:43 +0200] "GET /_next/static/chunks/a394c3056a8310f8.js HTTP/1.1" 200 23240 "https://sherlook.fr/fr.html" "Mozilla/5.0 (iPhone; CPU iPhone OS 26_5_0 like Mac OS X) AppleWebKit/605.1.15 (KHTML, like Gecko) CriOS/150.0.7871.51 Mobile/15E148 Safari/604.1"
2a01:e0a:1e9:52b0:e53c:98cd:1be0:3d2f api26.sherlook.fr - [13/Jul/2026:00:08:44 +0200] "OPTIONS /api/public/providers/slug/les-vieilles-charrues-2026 HTTP/1.1" 200 25 "https://sherlook.fr/" "Mozilla/5.0 (iPhone; CPU iPhone OS 26_5_0 like Mac OS X) AppleWebKit/605.1.15 (KHTML, like Gecko) CriOS/150.0.7871.51 Mobile/15E148 Safari/604.1"
2a01:e0a:1e9:52b0:e53c:98cd:1be0:3d2f api26.sherlook.fr - [13/Jul/2026:00:08:44 +0200] "GET /api/public/providers/slug/les-vieilles-charrues-2026 HTTP/1.1" 200 1156 "https://sherlook.fr/" "Mozilla/5.0 (iPhone; CPU iPhone OS 26_5_0 like Mac OS X) AppleWebKit/605.1.15 (KHTML, like Gecko) CriOS/150.0.7871.51 Mobile/15E148 Safari/604.1"
2a01:e0a:1e9:52b0:e53c:98cd:1be0:3d2f api26.sherlook.fr - [13/Jul/2026:00:08:44 +0200] "OPTIONS /api/public/providers/46/announcements?page=1&limit=24 HTTP/1.1" 200 25 "https://sherlook.fr/" "Mozilla/5.0 (iPhone; CPU iPhone OS 26_5_0 like Mac OS X) AppleWebKit/605.1.15 (KHTML, like Gecko) CriOS/150.0.7871.51 Mobile/15E148 Safari/604.1"
2a01:e0a:1e9:52b0:e53c:98cd:1be0:3d2f api26.sherlook.fr - [13/Jul/2026:00:08:44 +0200] "OPTIONS /api/public/provider-events?location_provider_id=46 HTTP/1.1" 200 25 "https://sherlook.fr/" "Mozilla/5.0 (iPhone; CPU iPhone OS 26_5_0 like Mac OS X) AppleWebKit/605.1.15 (KHTML, like Gecko) CriOS/150.0.7871.51 Mobile/15E148 Safari/604.1"
2a01:e0a:1e9:52b0:e53c:98cd:1be0:3d2f api26.sherlook.fr - [13/Jul/2026:00:08:44 +0200] "OPTIONS /api/categories?location_provider_id=46 HTTP/1.1" 200 25 "https://sherlook.fr/" "Mozilla/5.0 (iPhone; CPU iPhone OS 26_5_0 like Mac OS X) AppleWebKit/605.1.15 (KHTML, like Gecko) CriOS/150.0.7871.51 Mobile/15E148 Safari/604.1"
2a01:e0a:1e9:52b0:e53c:98cd:1be0:3d2f api26.sherlook.fr - [13/Jul/2026:00:08:44 +0200] "GET /api/public/provider-events?location_provider_id=46 HTTP/1.1" 200 53 "https://sherlook.fr/" "Mozilla/5.0 (iPhone; CPU iPhone OS 26_5_0 like Mac OS X) AppleWebKit/605.1.15 (KHTML, like Gecko) CriOS/150.0.7871.51 Mobile/15E148 Safari/604.1"
2a01:e0a:1e9:52b0:e53c:98cd:1be0:3d2f api26.sherlook.fr - [13/Jul/2026:00:08:44 +0200] "GET /api/public/providers/46/announcements?page=1&limit=24 HTTP/1.1" 200 1007 "https://sherlook.fr/" "Mozilla/5.0 (iPhone; CPU iPhone OS 26_5_0 like Mac OS X) AppleWebKit/605.1.15 (KHTML, like Gecko) CriOS/150.0.7871.51 Mobile/15E148 Safari/604.1"
2a01:e0a:1e9:52b0:e53c:98cd:1be0:3d2f api26.sherlook.fr - [13/Jul/2026:00:08:44 +0200] "GET /api/categories?location_provider_id=46 HTTP/1.1" 200 43186 "https://sherlook.fr/" "Mozilla/5.0 (iPhone; CPU iPhone OS 26_5_0 like Mac OS X) AppleWebKit/605.1.15 (KHTML, like Gecko) CriOS/150.0.7871.51 Mobile/15E148 Safari/604.1"
2a01:e0a:1e9:52b0:75ff:9b03:26a8:613f api26.sherlook.fr - [13/Jul/2026:00:08:47 +0200] "GET /api/announcements/latest?limit=16&status_in=active%2Cresolved%2Cclosed HTTP/1.1" 200 13203 "https://sherlook.fr/" "Mozilla/5.0 (Macintosh; Intel Mac OS X 10_15_7) AppleWebKit/537.36 (KHTML, like Gecko) Chrome/149.0.0.0 Safari/537.36"
2a01:e0a:1e9:52b0:75ff:9b03:26a8:613f api26.sherlook.fr - [13/Jul/2026:00:08:47 +0200] "GET /api/announcements/latest?limit=16&status_in=active%2Cresolved%2Cclosed HTTP/1.1" 200 13203 "https://sherlook.fr/" "Mozilla/5.0 (Macintosh; Intel Mac OS X 10_15_7) AppleWebKit/537.36 (KHTML, like Gecko) Chrome/149.0.0.0 Safari/537.36"
66.249.70.69 sherlook.fr - [13/Jul/2026:00:08:49 +0200] "GET /fr/objets-trouves/festival/festival-de-libourne HTTP/1.1" 200 23273 "-" "Mozilla/5.0 (Linux; Android 6.0.1; Nexus 5X Build/MMB29P) AppleWebKit/537.36 (KHTML, like Gecko) Chrome/150.0.7871.46 Mobile Safari/537.36 (compatible; GoogleOther)"
85.208.96.210 www.api2-dev.sherlook.fr - [13/Jul/2026:00:08:51 +0200] "GET /vendor/api-platform/core/src/Core/Metadata/Resource/ResourceNameCollection.php HTTP/1.1" 200 25 "-" "Mozilla/5.0 (compatible; SemrushBot/7~bl; +http://www.semrush.com/bot.html)"
2a01:e0a:1e9:52b0:75ff:9b03:26a8:613f api26.sherlook.fr - [13/Jul/2026:00:08:56 +0200] "GET /api/admin/monitoring/snapshot?period=day HTTP/1.1" 200 1273 "https://admin.sherlook.fr/" "Mozilla/5.0 (Macintosh; Intel Mac OS X 10_15_7) AppleWebKit/537.36 (KHTML, like Gecko) Chrome/149.0.0.0 Safari/537.36"
2a01:e0a:1e9:52b0:75ff:9b03:26a8:613f api26.sherlook.fr - [13/Jul/2026:00:08:56 +0200] "GET /api/admin/monitoring/analytics-realtime HTTP/1.1" 200 447 "https://admin.sherlook.fr/" "Mozilla/5.0 (Macintosh; Intel Mac OS X 10_15_7) AppleWebKit/537.36 (KHTML, like Gecko) Chrome/149.0.0.0 Safari/537.36"
66.249.68.133 api26.sherlook.fr - [13/Jul/2026:00:08:58 +0200] "OPTIONS /api/announcements/latest?limit=16&status_in=active%2Cresolved%2Cclosed&city=Festival+de+B%C3%A9thune HTTP/1.1" 200 25 "https://sherlook.fr/" "Mozilla/5.0 (Linux; Android 6.0.1; Nexus 5X Build/MMB29P) AppleWebKit/537.36 (KHTML, like Gecko) Chrome/150.0.7871.46 Mobile Safari/537.36 (compatible; GoogleOther)"
66.249.68.134 api26.sherlook.fr - [13/Jul/2026:00:08:59 +0200] "GET /api/announcements/latest?limit=16&status_in=active%2Cresolved%2Cclosed&city=Festival+de+B%C3%A9thune HTTP/1.1" 200 20 "https://sherlook.fr/" "Mozilla/5.0 (Linux; Android 6.0.1; Nexus 5X Build/MMB29P) AppleWebKit/537.36 (KHTML, like Gecko) Chrome/150.0.7871.46 Mobile Safari/537.36 (compatible; GoogleOther)"
66.249.68.134 api26.sherlook.fr - [13/Jul/2026:00:08:59 +0200] "GET /robots.txt HTTP/1.1" 404 993 "-" "Mozilla/5.0 (compatible; Googlebot/2.1; +http://www.google.com/bot.html)"
66.249.68.133 api26.sherlook.fr - [13/Jul/2026:00:09:00 +0200] "OPTIONS /api/announcements/latest?limit=16&status_in=active%2Cresolved%2Cclosed&city=Festival+de+Ussel HTTP/1.1" 200 25 "https://sherlook.fr/" "Mozilla/5.0 (Linux; Android 6.0.1; Nexus 5X Build/MMB29P) AppleWebKit/537.36 (KHTML, like Gecko) Chrome/150.0.7871.46 Mobile Safari/537.36 (compatible; GoogleOther)"
66.249.68.134 api26.sherlook.fr - [13/Jul/2026:00:09:00 +0200] "GET /api/announcements/latest?limit=16&status_in=active%2Cresolved%2Cclosed&city=Festival+de+Ussel HTTP/1.1" 200 20 "https://sherlook.fr/" "Mozilla/5.0 (Linux; Android 6.0.1; Nexus 5X Build/MMB29P) AppleWebKit/537.36 (KHTML, like Gecko) Chrome/150.0.7871.46 Mobile Safari/537.36 (compatible; GoogleOther)"
66.249.70.69 sherlook.fr - [13/Jul/2026:00:09:06 +0200] "GET /fr/objets-trouves/plage/plage-de-mousterlin-rosporden HTTP/1.1" 200 23263 "-" "Mozilla/5.0 (Linux; Android 6.0.1; Nexus 5X Build/MMB29P) AppleWebKit/537.36 (KHTML, like Gecko) Chrome/150.0.7871.46 Mobile Safari/537.36 (compatible; GoogleOther)"
2a01:e0a:1e9:52b0:75ff:9b03:26a8:613f api26.sherlook.fr - [13/Jul/2026:00:09:07 +0200] "GET /api/announcements/latest?limit=16&status_in=active%2Cresolved%2Cclosed HTTP/1.1" 200 13203 "https://sherlook.fr/" "Mozilla/5.0 (Macintosh; Intel Mac OS X 10_15_7) AppleWebKit/537.36 (KHTML, like Gecko) Chrome/149.0.0.0 Safari/537.36"
2a01:e0a:1e9:52b0:75ff:9b03:26a8:613f api26.sherlook.fr - [13/Jul/2026:00:09:07 +0200] "GET /api/announcements/latest?limit=16&status_in=active%2Cresolved%2Cclosed HTTP/1.1" 200 13203 "https://sherlook.fr/" "Mozilla/5.0 (Macintosh; Intel Mac OS X 10_15_7) AppleWebKit/537.36 (KHTML, like Gecko) Chrome/149.0.0.0 Safari/537.36"
66.249.70.69 sherlook.fr - [13/Jul/2026:00:09:09 +0200] "GET /fr/objets-trouves/centre-commercial/les-portes-de-granville HTTP/1.1" 200 23277 "-" "Mozilla/5.0 (Linux; Android 6.0.1; Nexus 5X Build/MMB29P) AppleWebKit/537.36 (KHTML, like Gecko) Chrome/150.0.7871.46 Mobile Safari/537.36 (compatible; Googlebot/2.1; +http://www.google.com/bot.html)"
66.249.70.69 sherlook.fr - [13/Jul/2026:00:09:10 +0200] "GET /fr/objets-trouves/site-touristique/chateau-d-amboise HTTP/1.1" 200 23331 "-" "Mozilla/5.0 (Linux; Android 6.0.1; Nexus 5X Build/MMB29P) AppleWebKit/537.36 (KHTML, like Gecko) Chrome/150.0.7871.46 Mobile Safari/537.36 (compatible; GoogleOther)"
66.249.70.69 sherlook.fr - [13/Jul/2026:00:09:20 +0200] "GET /fr/fr/objets-trouves/plage/plage-de-grande-anse-deshaies-guadeloupe HTTP/1.1" 404 9333 "-" "Mozilla/5.0 (Linux; Android 6.0.1; Nexus 5X Build/MMB29P) AppleWebKit/537.36 (KHTML, like Gecko) Chrome/150.0.7871.46 Mobile Safari/537.36 (compatible; GoogleOther)"
2a01:e0a:1e9:52b0:75ff:9b03:26a8:613f api26.sherlook.fr - [13/Jul/2026:00:09:27 +0200] "GET /api/announcements/latest?limit=16&status_in=active%2Cresolved%2Cclosed HTTP/1.1" 200 13203 "https://sherlook.fr/" "Mozilla/5.0 (Macintosh; Intel Mac OS X 10_15_7) AppleWebKit/537.36 (KHTML, like Gecko) Chrome/149.0.0.0 Safari/537.36"
2a01:e0a:1e9:52b0:75ff:9b03:26a8:613f api26.sherlook.fr - [13/Jul/2026:00:09:28 +0200] "GET /api/announcements/latest?limit=16&status_in=active%2Cresolved%2Cclosed HTTP/1.1" 200 13203 "https://sherlook.fr/" "Mozilla/5.0 (Macintosh; Intel Mac OS X 10_15_7) AppleWebKit/537.36 (KHTML, like Gecko) Chrome/149.0.0.0 Safari/537.36"
2a01:e0a:1e9:52b0:75ff:9b03:26a8:613f api26.sherlook.fr - [13/Jul/2026:00:09:32 +0200] "OPTIONS /api/admin/monitoring/snapshot?period=week HTTP/1.1" 200 25 "https://admin.sherlook.fr/" "Mozilla/5.0 (Macintosh; Intel Mac OS X 10_15_7) AppleWebKit/537.36 (KHTML, like Gecko) Chrome/149.0.0.0 Safari/537.36"
2a01:e0a:1e9:52b0:75ff:9b03:26a8:613f api26.sherlook.fr - [13/Jul/2026:00:09:32 +0200] "GET /api/admin/monitoring/snapshot?period=week HTTP/1.1" 200 1271 "https://admin.sherlook.fr/" "Mozilla/5.0 (Macintosh; Intel Mac OS X 10_15_7) AppleWebKit/537.36 (KHTML, like Gecko) Chrome/149.0.0.0 Safari/537.36"
66.249.70.69 sherlook.fr - [13/Jul/2026:00:09:37 +0200] "GET /fr/objets-trouves/station-ski/les-sybelles HTTP/1.1" 200 23239 "-" "Mozilla/5.0 (Linux; Android 6.0.1; Nexus 5X Build/MMB29P) AppleWebKit/537.36 (KHTML, like Gecko) Chrome/150.0.7871.46 Mobile Safari/537.36 (compatible; GoogleOther)"
2a01:e0a:1e9:52b0:75ff:9b03:26a8:613f api26.sherlook.fr - [13/Jul/2026:00:09:44 +0200] "OPTIONS /api/admin/monitoring/snapshot?period=month HTTP/1.1" 200 25 "https://admin.sherlook.fr/" "Mozilla/5.0 (Macintosh; Intel Mac OS X 10_15_7) AppleWebKit/537.36 (KHTML, like Gecko) Chrome/149.0.0.0 Safari/537.36"
2a01:e0a:1e9:52b0:75ff:9b03:26a8:613f api26.sherlook.fr - [13/Jul/2026:00:09:44 +0200] "GET /api/admin/monitoring/snapshot?period=month HTTP/1.1" 200 33785 "https://admin.sherlook.fr/" "Mozilla/5.0 (Macintosh; Intel Mac OS X 10_15_7) AppleWebKit/537.36 (KHTML, like Gecko) Chrome/149.0.0.0 Safari/537.36"
2a01:e0a:1e9:52b0:75ff:9b03:26a8:613f api26.sherlook.fr - [13/Jul/2026:00:09:48 +0200] "GET /api/announcements/latest?limit=16&status_in=active%2Cresolved%2Cclosed HTTP/1.1" 200 13203 "https://sherlook.fr/" "Mozilla/5.0 (Macintosh; Intel Mac OS X 10_15_7) AppleWebKit/537.36 (KHTML, like Gecko) Chrome/149.0.0.0 Safari/537.36"
2a01:e0a:1e9:52b0:75ff:9b03:26a8:613f api26.sherlook.fr - [13/Jul/2026:00:09:48 +0200] "GET /api/announcements/latest?limit=16&status_in=active%2Cresolved%2Cclosed HTTP/1.1" 200 13203 "https://sherlook.fr/" "Mozilla/5.0 (Macintosh; Intel Mac OS X 10_15_7) AppleWebKit/537.36 (KHTML, like Gecko) Chrome/149.0.0.0 Safari/537.36"
66.249.70.69 sherlook.fr - [13/Jul/2026:00:09:52 +0200] "GET /fr/objets-trouves/plage/plage-de-roscoff-roscoff-plages HTTP/1.1" 200 23248 "-" "Mozilla/5.0 (Linux; Android 6.0.1; Nexus 5X Build/MMB29P) AppleWebKit/537.36 (KHTML, like Gecko) Chrome/150.0.7871.46 Mobile Safari/537.36 (compatible; GoogleOther)"
66.249.70.69 sherlook.fr - [13/Jul/2026:00:09:52 +0200] "GET /fr/objets-trouves/plage/plage-de-conleau-vannes-plages HTTP/1.1" 200 23255 "-" "Mozilla/5.0 (Linux; Android 6.0.1; Nexus 5X Build/MMB29P) AppleWebKit/537.36 (KHTML, like Gecko) Chrome/150.0.7871.46 Mobile Safari/537.36 (compatible; GoogleOther)"
66.249.68.133 api26.sherlook.fr - [13/Jul/2026:00:09:55 +0200] "OPTIONS /api/announcements/latest?limit=16&status_in=active%2Cresolved%2Cclosed&city=Plage+de+Conleau+%28Vannes%29 HTTP/1.1" 200 25 "https://sherlook.fr/" "Mozilla/5.0 (Linux; Android 6.0.1; Nexus 5X Build/MMB29P) AppleWebKit/537.36 (KHTML, like Gecko) Chrome/150.0.7871.46 Mobile Safari/537.36 (compatible; GoogleOther)"
66.249.68.133 api26.sherlook.fr - [13/Jul/2026:00:09:56 +0200] "GET /api/announcements/latest?limit=16&status_in=active%2Cresolved%2Cclosed&city=Plage+de+Conleau+%28Vannes%29 HTTP/1.1" 200 20 "https://sherlook.fr/" "Mozilla/5.0 (Linux; Android 6.0.1; Nexus 5X Build/MMB29P) AppleWebKit/537.36 (KHTML, like Gecko) Chrome/150.0.7871.46 Mobile Safari/537.36 (compatible; GoogleOther)"
66.249.68.133 api26.sherlook.fr - [13/Jul/2026:00:09:58 +0200] "OPTIONS /api/announcements/latest?limit=16&status_in=active%2Cresolved%2Cclosed&city=Ch%C3%A2teau+d%27Amboise HTTP/1.1" 200 25 "https://sherlook.fr/" "Mozilla/5.0 (Linux; Android 6.0.1; Nexus 5X Build/MMB29P) AppleWebKit/537.36 (KHTML, like Gecko) Chrome/150.0.7871.46 Mobile Safari/537.36 (compatible; GoogleOther)"
66.249.68.133 api26.sherlook.fr - [13/Jul/2026:00:09:58 +0200] "GET /api/announcements/latest?limit=16&status_in=active%2Cresolved%2Cclosed&city=Ch%C3%A2teau+d%27Amboise HTTP/1.1" 200 20 "https://sherlook.fr/" "Mozilla/5.0 (Linux; Android 6.0.1; Nexus 5X Build/MMB29P) AppleWebKit/537.36 (KHTML, like Gecko) Chrome/150.0.7871.46 Mobile Safari/537.36 (compatible; GoogleOther)"
2a01:e0a:1e9:52b0:75ff:9b03:26a8:613f api26.sherlook.fr - [13/Jul/2026:00:10:08 +0200] "GET /api/announcements/latest?limit=16&status_in=active%2Cresolved%2Cclosed HTTP/1.1" 200 13203 "https://sherlook.fr/" "Mozilla/5.0 (Macintosh; Intel Mac OS X 10_15_7) AppleWebKit/537.36 (KHTML, like Gecko) Chrome/149.0.0.0 Safari/537.36"
2a01:e0a:1e9:52b0:75ff:9b03:26a8:613f api26.sherlook.fr - [13/Jul/2026:00:10:08 +0200] "GET /api/announcements/latest?limit=16&status_in=active%2Cresolved%2Cclosed HTTP/1.1" 200 13203 "https://sherlook.fr/" "Mozilla/5.0 (Macintosh; Intel Mac OS X 10_15_7) AppleWebKit/537.36 (KHTML, like Gecko) Chrome/149.0.0.0 Safari/537.36"
66.249.70.71 sherlook.fr - [13/Jul/2026:00:10:10 +0200] "GET /fr/objets-trouves/festival/festival-interceltique-de-lorient HTTP/1.1" 200 23267 "-" "Mozilla/5.0 (Linux; Android 6.0.1; Nexus 5X Build/MMB29P) AppleWebKit/537.36 (KHTML, like Gecko) Chrome/150.0.7871.46 Mobile Safari/537.36 (compatible; Googlebot/2.1; +http://www.google.com/bot.html)"
66.249.68.133 api26.sherlook.fr - [13/Jul/2026:00:10:18 +0200] "GET /robots.txt HTTP/1.1" 404 993 "-" "Mozilla/5.0 (compatible; Googlebot/2.1; +http://www.google.com/bot.html)"
66.249.68.134 api26.sherlook.fr - [13/Jul/2026:00:10:18 +0200] "OPTIONS /api/announcements/latest?limit=16&status_in=active%2Cresolved%2Cclosed&city=Plage+de+Langrune+%28Saint-Aubin-sur-Mer%29 HTTP/1.1" 200 25 "https://sherlook.fr/" "Mozilla/5.0 (Linux; Android 6.0.1; Nexus 5X Build/MMB29P) AppleWebKit/537.36 (KHTML, like Gecko) Chrome/150.0.7871.46 Mobile Safari/537.36 (compatible; GoogleOther)"
66.249.68.133 api26.sherlook.fr - [13/Jul/2026:00:10:19 +0200] "GET /api/announcements/latest?limit=16&status_in=active%2Cresolved%2Cclosed&city=Plage+de+Langrune+%28Saint-Aubin-sur-Mer%29 HTTP/1.1" 200 20 "https://sherlook.fr/" "Mozilla/5.0 (Linux; Android 6.0.1; Nexus 5X Build/MMB29P) AppleWebKit/537.36 (KHTML, like Gecko) Chrome/150.0.7871.46 Mobile Safari/537.36 (compatible; GoogleOther)"
2a01:e0a:1e9:52b0:75ff:9b03:26a8:613f api26.sherlook.fr - [13/Jul/2026:00:10:22 +0200] "OPTIONS /api/admin/messaging-settings HTTP/1.1" 200 25 "https://admin.sherlook.fr/" "Mozilla/5.0 (Macintosh; Intel Mac OS X 10_15_7) AppleWebKit/537.36 (KHTML, like Gecko) Chrome/149.0.0.0 Safari/537.36"
66.249.70.69 sherlook.fr - [13/Jul/2026:00:10:22 +0200] "GET /fr/objets-trouves/gare/gare-thann HTTP/1.1" 200 23159 "-" "Mozilla/5.0 (Linux; Android 6.0.1; Nexus 5X Build/MMB29P) AppleWebKit/537.36 (KHTML, like Gecko) Chrome/150.0.7871.46 Mobile Safari/537.36 (compatible; GoogleOther)"
2a01:e0a:1e9:52b0:75ff:9b03:26a8:613f api26.sherlook.fr - [13/Jul/2026:00:10:22 +0200] "GET /api/admin/messaging-settings HTTP/1.1" 200 169 "https://admin.sherlook.fr/" "Mozilla/5.0 (Macintosh; Intel Mac OS X 10_15_7) AppleWebKit/537.36 (KHTML, like Gecko) Chrome/149.0.0.0 Safari/537.36"
2a01:e0a:1e9:52b0:75ff:9b03:26a8:613f api26.sherlook.fr - [13/Jul/2026:00:10:23 +0200] "OPTIONS /api/categories HTTP/1.1" 200 25 "https://admin.sherlook.fr/" "Mozilla/5.0 (Macintosh; Intel Mac OS X 10_15_7) AppleWebKit/537.36 (KHTML, like Gecko) Chrome/149.0.0.0 Safari/537.36"
2a01:e0a:1e9:52b0:75ff:9b03:26a8:613f api26.sherlook.fr - [13/Jul/2026:00:10:23 +0200] "GET /api/categories HTTP/1.1" 200 45937 "https://admin.sherlook.fr/" "Mozilla/5.0 (Macintosh; Intel Mac OS X 10_15_7) AppleWebKit/537.36 (KHTML, like Gecko) Chrome/149.0.0.0 Safari/537.36"
2a01:e0a:1e9:52b0:75ff:9b03:26a8:613f api26.sherlook.fr - [13/Jul/2026:00:10:24 +0200] "OPTIONS /api/provider-users?page=1&limit=20 HTTP/1.1" 200 25 "https://admin.sherlook.fr/" "Mozilla/5.0 (Macintosh; Intel Mac OS X 10_15_7) AppleWebKit/537.36 (KHTML, like Gecko) Chrome/149.0.0.0 Safari/537.36"
2a01:e0a:1e9:52b0:75ff:9b03:26a8:613f api26.sherlook.fr - [13/Jul/2026:00:10:24 +0200] "GET /api/provider-users?page=1&limit=20 HTTP/1.1" 200 8403 "https://admin.sherlook.fr/" "Mozilla/5.0 (Macintosh; Intel Mac OS X 10_15_7) AppleWebKit/537.36 (KHTML, like Gecko) Chrome/149.0.0.0 Safari/537.36"
2a01:e0a:1e9:52b0:75ff:9b03:26a8:613f api26.sherlook.fr - [13/Jul/2026:00:10:24 +0200] "GET /api/providers?limit=100 HTTP/1.1" 200 28082 "https://admin.sherlook.fr/" "Mozilla/5.0 (Macintosh; Intel Mac OS X 10_15_7) AppleWebKit/537.36 (KHTML, like Gecko) Chrome/149.0.0.0 Safari/537.36"
2a01:e0a:1e9:52b0:75ff:9b03:26a8:613f api26.sherlook.fr - [13/Jul/2026:00:10:25 +0200] "OPTIONS /api/users?search=&status=&role=&page=1&limit=20 HTTP/1.1" 200 25 "https://admin.sherlook.fr/" "Mozilla/5.0 (Macintosh; Intel Mac OS X 10_15_7) AppleWebKit/537.36 (KHTML, like Gecko) Chrome/149.0.0.0 Safari/537.36"
2a01:e0a:1e9:52b0:75ff:9b03:26a8:613f api26.sherlook.fr - [13/Jul/2026:00:10:25 +0200] "GET /api/users?search=&status=&role=&page=1&limit=20 HTTP/1.1" 200 11865 "https://admin.sherlook.fr/" "Mozilla/5.0 (Macintosh; Intel Mac OS X 10_15_7) AppleWebKit/537.36 (KHTML, like Gecko) Chrome/149.0.0.0 Safari/537.36"
2a01:e0a:1e9:52b0:75ff:9b03:26a8:613f admin.sherlook.fr - [13/Jul/2026:00:10:25 +0200] "GET /uploads/avatars/https://lh3.googleusercontent.com/a/ACg8ocL3qJnYgwaGBl1MXv28PfXeYc5Bq22GUYWdjXd0_RxhxNjytw=s96-c HTTP/1.1" 200 501 "https://admin.sherlook.fr/users" "Mozilla/5.0 (Macintosh; Intel Mac OS X 10_15_7) AppleWebKit/537.36 (KHTML, like Gecko) Chrome/149.0.0.0 Safari/537.36"
2a01:e0a:1e9:52b0:75ff:9b03:26a8:613f admin.sherlook.fr - [13/Jul/2026:00:10:25 +0200] "GET /uploads/avatars/https://lh3.googleusercontent.com/a/ACg8ocJl-YbjdRTrzy5SX_uxPdG_cU5oQ1iYkQ5V4T-t8kknYvrxgstR=s96-c HTTP/1.1" 200 501 "https://admin.sherlook.fr/users" "Mozilla/5.0 (Macintosh; Intel Mac OS X 10_15_7) AppleWebKit/537.36 (KHTML, like Gecko) Chrome/149.0.0.0 Safari/537.36"
2a01:e0a:1e9:52b0:75ff:9b03:26a8:613f admin.sherlook.fr - [13/Jul/2026:00:10:25 +0200] "GET /uploads/avatars/https://lh3.googleusercontent.com/a/ACg8ocLNmBjGuuL4uzJ9eQpwQDc2MYqcFrVuuHhwNeoTal69YSpgSw=s96-c HTTP/1.1" 200 501 "https://admin.sherlook.fr/users" "Mozilla/5.0 (Macintosh; Intel Mac OS X 10_15_7) AppleWebKit/537.36 (KHTML, like Gecko) Chrome/149.0.0.0 Safari/537.36"
2a01:e0a:1e9:52b0:75ff:9b03:26a8:613f admin.sherlook.fr - [13/Jul/2026:00:10:25 +0200] "GET /uploads/avatars/https://lh3.googleusercontent.com/a/ACg8ocIs74fkrsX9FJcwwA607nvcTc66jr-VJfcENIt-t38bhtxC=s96-c HTTP/1.1" 200 501 "https://admin.sherlook.fr/users" "Mozilla/5.0 (Macintosh; Intel Mac OS X 10_15_7) AppleWebKit/537.36 (KHTML, like Gecko) Chrome/149.0.0.0 Safari/537.36"
2a01:e0a:1e9:52b0:75ff:9b03:26a8:613f api26.sherlook.fr - [13/Jul/2026:00:10:25 +0200] "GET /api/provider-types HTTP/1.1" 200 5113 "https://admin.sherlook.fr/" "Mozilla/5.0 (Macintosh; Intel Mac OS X 10_15_7) AppleWebKit/537.36 (KHTML, like Gecko) Chrome/149.0.0.0 Safari/537.36"
2a01:e0a:1e9:52b0:75ff:9b03:26a8:613f api26.sherlook.fr - [13/Jul/2026:00:10:26 +0200] "OPTIONS /api/icons/list HTTP/1.1" 200 25 "https://admin.sherlook.fr/" "Mozilla/5.0 (Macintosh; Intel Mac OS X 10_15_7) AppleWebKit/537.36 (KHTML, like Gecko) Chrome/149.0.0.0 Safari/537.36"
2a01:e0a:1e9:52b0:75ff:9b03:26a8:613f api26.sherlook.fr - [13/Jul/2026:00:10:26 +0200] "GET /api/icons/list HTTP/1.1" 200 3285 "https://admin.sherlook.fr/" "Mozilla/5.0 (Macintosh; Intel Mac OS X 10_15_7) AppleWebKit/537.36 (KHTML, like Gecko) Chrome/149.0.0.0 Safari/537.36"
66.249.70.69 sherlook.fr - [13/Jul/2026:00:10:26 +0200] "GET /fr/objets-trouves/centre-commercial/centre-commercial-narbonne HTTP/1.1" 200 23211 "-" "Mozilla/5.0 (Linux; Android 6.0.1; Nexus 5X Build/MMB29P) AppleWebKit/537.36 (KHTML, like Gecko) Chrome/150.0.7871.46 Mobile Safari/537.36 (compatible; GoogleOther)"
66.249.68.134 api26.sherlook.fr - [13/Jul/2026:00:10:27 +0200] "OPTIONS /api/announcements/latest?limit=16&status_in=active%2Cresolved%2Cclosed&city=Thann HTTP/1.1" 200 25 "https://sherlook.fr/" "Mozilla/5.0 (Linux; Android 6.0.1; Nexus 5X Build/MMB29P) AppleWebKit/537.36 (KHTML, like Gecko) Chrome/150.0.7871.46 Mobile Safari/537.36 (compatible; GoogleOther)"
2a01:e0a:1e9:52b0:75ff:9b03:26a8:613f api26.sherlook.fr - [13/Jul/2026:00:10:27 +0200] "GET /api/admin/dashboard/matchings-chart?granularity=day&date_from=2026-06-14&date_to=2026-07-13 HTTP/1.1" 200 2682 "https://admin.sherlook.fr/" "Mozilla/5.0 (Macintosh; Intel Mac OS X 10_15_7) AppleWebKit/537.36 (KHTML, like Gecko) Chrome/149.0.0.0 Safari/537.36"
2a01:e0a:1e9:52b0:75ff:9b03:26a8:613f api26.sherlook.fr - [13/Jul/2026:00:10:27 +0200] "GET /api/admin/dashboard/cities HTTP/1.1" 200 803 "https://admin.sherlook.fr/" "Mozilla/5.0 (Macintosh; Intel Mac OS X 10_15_7) AppleWebKit/537.36 (KHTML, like Gecko) Chrome/149.0.0.0 Safari/537.36"
2a01:e0a:1e9:52b0:75ff:9b03:26a8:613f api26.sherlook.fr - [13/Jul/2026:00:10:27 +0200] "GET /api/admin/announcements/creations-chart?granularity=day&date_from=2026-06-14&date_to=2026-07-13 HTTP/1.1" 200 1694 "https://admin.sherlook.fr/" "Mozilla/5.0 (Macintosh; Intel Mac OS X 10_15_7) AppleWebKit/537.36 (KHTML, like Gecko) Chrome/149.0.0.0 Safari/537.36"
2a01:e0a:1e9:52b0:75ff:9b03:26a8:613f api26.sherlook.fr - [13/Jul/2026:00:10:27 +0200] "GET /api/admin/dashboard/deliveries-chart?granularity=day&date_from=2026-06-14&date_to=2026-07-13 HTTP/1.1" 200 3268 "https://admin.sherlook.fr/" "Mozilla/5.0 (Macintosh; Intel Mac OS X 10_15_7) AppleWebKit/537.36 (KHTML, like Gecko) Chrome/149.0.0.0 Safari/537.36"
2a01:e0a:1e9:52b0:75ff:9b03:26a8:613f api26.sherlook.fr - [13/Jul/2026:00:10:27 +0200] "GET /api/admin/dashboard/summary?date_from=2026-06-14&date_to=2026-07-13 HTTP/1.1" 200 267 "https://admin.sherlook.fr/" "Mozilla/5.0 (Macintosh; Intel Mac OS X 10_15_7) AppleWebKit/537.36 (KHTML, like Gecko) Chrome/149.0.0.0 Safari/537.36"
66.249.68.133 api26.sherlook.fr - [13/Jul/2026:00:10:27 +0200] "GET /api/announcements/latest?limit=16&status_in=active%2Cresolved%2Cclosed&city=Thann HTTP/1.1" 200 20 "https://sherlook.fr/" "Mozilla/5.0 (Linux; Android 6.0.1; Nexus 5X Build/MMB29P) AppleWebKit/537.36 (KHTML, like Gecko) Chrome/150.0.7871.46 Mobile Safari/537.36 (compatible; GoogleOther)"
2a01:e0a:1e9:52b0:75ff:9b03:26a8:613f api26.sherlook.fr - [13/Jul/2026:00:10:28 +0200] "GET /api/announcements/latest?limit=16&status_in=active%2Cresolved%2Cclosed HTTP/1.1" 200 13203 "https://sherlook.fr/" "Mozilla/5.0 (Macintosh; Intel Mac OS X 10_15_7) AppleWebKit/537.36 (KHTML, like Gecko) Chrome/149.0.0.0 Safari/537.36"
2a01:e0a:1e9:52b0:75ff:9b03:26a8:613f api26.sherlook.fr - [13/Jul/2026:00:10:28 +0200] "GET /api/announcements/latest?limit=16&status_in=active%2Cresolved%2Cclosed HTTP/1.1" 200 13203 "https://sherlook.fr/" "Mozilla/5.0 (Macintosh; Intel Mac OS X 10_15_7) AppleWebKit/537.36 (KHTML, like Gecko) Chrome/149.0.0.0 Safari/537.36"
66.249.68.133 api26.sherlook.fr - [13/Jul/2026:00:10:41 +0200] "OPTIONS /api/announcements/latest?limit=16&status_in=active%2Cresolved%2Cclosed&city=Les+Sybelles HTTP/1.1" 200 25 "https://sherlook.fr/" "Mozilla/5.0 (Linux; Android 6.0.1; Nexus 5X Build/MMB29P) AppleWebKit/537.36 (KHTML, like Gecko) Chrome/150.0.7871.46 Mobile Safari/537.36 (compatible; GoogleOther)"
66.249.68.133 api26.sherlook.fr - [13/Jul/2026:00:10:41 +0200] "GET /api/announcements/latest?limit=16&status_in=active%2Cresolved%2Cclosed&city=Les+Sybelles HTTP/1.1" 200 20 "https://sherlook.fr/" "Mozilla/5.0 (Linux; Android 6.0.1; Nexus 5X Build/MMB29P) AppleWebKit/537.36 (KHTML, like Gecko) Chrome/150.0.7871.46 Mobile Safari/537.36 (compatible; GoogleOther)"
66.249.70.69 sherlook.fr - [13/Jul/2026:00:10:43 +0200] "GET /fr/objets-trouves/plage/plage-de-merlimont-cucq HTTP/1.1" 200 23291 "-" "Mozilla/5.0 (Linux; Android 6.0.1; Nexus 5X Build/MMB29P) AppleWebKit/537.36 (KHTML, like Gecko) Chrome/150.0.7871.46 Mobile Safari/537.36 (compatible; GoogleOther)"
66.249.68.133 api26.sherlook.fr - [13/Jul/2026:00:10:45 +0200] "OPTIONS /api/announcements/latest?limit=16&status_in=active%2Cresolved%2Cclosed&city=Plage+de+Mousterlin+%28Rosporden%29 HTTP/1.1" 200 25 "https://sherlook.fr/" "Mozilla/5.0 (Linux; Android 6.0.1; Nexus 5X Build/MMB29P) AppleWebKit/537.36 (KHTML, like Gecko) Chrome/150.0.7871.46 Mobile Safari/537.36 (compatible; GoogleOther)"
66.249.68.133 api26.sherlook.fr - [13/Jul/2026:00:10:46 +0200] "OPTIONS /api/announcements/latest?limit=16&status_in=active%2Cresolved%2Cclosed&city=Plage+de+Merlimont+%28Cucq%29 HTTP/1.1" 200 25 "https://sherlook.fr/" "Mozilla/5.0 (Linux; Android 6.0.1; Nexus 5X Build/MMB29P) AppleWebKit/537.36 (KHTML, like Gecko) Chrome/150.0.7871.46 Mobile Safari/537.36 (compatible; GoogleOther)"
66.249.68.133 api26.sherlook.fr - [13/Jul/2026:00:10:46 +0200] "GET /api/announcements/latest?limit=16&status_in=active%2Cresolved%2Cclosed&city=Plage+de+Mousterlin+%28Rosporden%29 HTTP/1.1" 200 20 "https://sherlook.fr/" "Mozilla/5.0 (Linux; Android 6.0.1; Nexus 5X Build/MMB29P) AppleWebKit/537.36 (KHTML, like Gecko) Chrome/150.0.7871.46 Mobile Safari/537.36 (compatible; GoogleOther)"
66.249.68.133 api26.sherlook.fr - [13/Jul/2026:00:10:46 +0200] "GET /api/announcements/latest?limit=16&status_in=active%2Cresolved%2Cclosed&city=Plage+de+Merlimont+%28Cucq%29 HTTP/1.1" 200 20 "https://sherlook.fr/" "Mozilla/5.0 (Linux; Android 6.0.1; Nexus 5X Build/MMB29P) AppleWebKit/537.36 (KHTML, like Gecko) Chrome/150.0.7871.46 Mobile Safari/537.36 (compatible; GoogleOther)"
2a01:e0a:1e9:52b0:75ff:9b03:26a8:613f api26.sherlook.fr - [13/Jul/2026:00:10:48 +0200] "GET /api/announcements/latest?limit=16&status_in=active%2Cresolved%2Cclosed HTTP/1.1" 200 13203 "https://sherlook.fr/" "Mozilla/5.0 (Macintosh; Intel Mac OS X 10_15_7) AppleWebKit/537.36 (KHTML, like Gecko) Chrome/149.0.0.0 Safari/537.36"
2a01:e0a:1e9:52b0:75ff:9b03:26a8:613f api26.sherlook.fr - [13/Jul/2026:00:10:48 +0200] "GET /api/announcements/latest?limit=16&status_in=active%2Cresolved%2Cclosed HTTP/1.1" 200 13203 "https://sherlook.fr/" "Mozilla/5.0 (Macintosh; Intel Mac OS X 10_15_7) AppleWebKit/537.36 (KHTML, like Gecko) Chrome/149.0.0.0 Safari/537.36"
2a01:e0a:1e9:52b0:75ff:9b03:26a8:613f sherlook.fr - [13/Jul/2026:00:10:53 +0200] "GET /build-info.json?v=1783894252949 HTTP/1.1" 200 68 "https://sherlook.fr/fr/register?redirect=%2Fcreate-announcement%3Fpartner_id%3D46" "Mozilla/5.0 (Macintosh; Intel Mac OS X 10_15_7) AppleWebKit/537.36 (KHTML, like Gecko) Chrome/149.0.0.0 Safari/537.36"
2a01:e0a:1e9:52b0:75ff:9b03:26a8:613f sherlook.fr - [13/Jul/2026:00:10:54 +0200] "GET /fr.txt?_rsc=2suvo HTTP/1.1" 304 - "https://sherlook.fr/fr/register?redirect=%2Fcreate-announcement%3Fpartner_id%3D46" "Mozilla/5.0 (Macintosh; Intel Mac OS X 10_15_7) AppleWebKit/537.36 (KHTML, like Gecko) Chrome/149.0.0.0 Safari/537.36"
2a01:e0a:1e9:52b0:75ff:9b03:26a8:613f api26.sherlook.fr - [13/Jul/2026:00:10:54 +0200] "GET /api/home-splash-screen HTTP/1.1" 200 1620 "https://sherlook.fr/" "Mozilla/5.0 (Macintosh; Intel Mac OS X 10_15_7) AppleWebKit/537.36 (KHTML, like Gecko) Chrome/149.0.0.0 Safari/537.36"
