2a01:e0a:1e9:52b0:75ff:9b03:26a8:613f sherlook.fr - [13/Jul/2026:00:12:41 +0200] "GET /fr/dashboard/my-announcements.txt?_rsc=1eiom HTTP/1.1" 304 - "https://sherlook.fr/fr/dashboard/my-announcements?published=1" "Mozilla/5.0 (Macintosh; Intel Mac OS X 10_15_7) AppleWebKit/537.36 (KHTML, like Gecko) Chrome/149.0.0.0 Safari/537.36"
2a01:e0a:1e9:52b0:75ff:9b03:26a8:613f api26.sherlook.fr - [13/Jul/2026:00:12:41 +0200] "GET /api/categories HTTP/1.1" 200 43186 "https://sherlook.fr/" "Mozilla/5.0 (Macintosh; Intel Mac OS X 10_15_7) AppleWebKit/537.36 (KHTML, like Gecko) Chrome/149.0.0.0 Safari/537.36"
2a01:e0a:1e9:52b0:75ff:9b03:26a8:613f api26.sherlook.fr - [13/Jul/2026:00:12:41 +0200] "GET /api/announcements/my HTTP/1.1" 200 1369 "https://sherlook.fr/" "Mozilla/5.0 (Macintosh; Intel Mac OS X 10_15_7) AppleWebKit/537.36 (KHTML, like Gecko) Chrome/149.0.0.0 Safari/537.36"
66.249.68.133 api26.sherlook.fr - [13/Jul/2026:00:12:44 +0200] "OPTIONS /api/announcements/latest?limit=16&status_in=active%2Cresolved%2Cclosed&city=Plage+de+Donville+%28Donville-les-Bains%29 HTTP/1.1" 200 25 "https://sherlook.fr/" "Mozilla/5.0 (Linux; Android 6.0.1; Nexus 5X Build/MMB29P) AppleWebKit/537.36 (KHTML, like Gecko) Chrome/150.0.7871.46 Mobile Safari/537.36 (compatible; Googlebot/2.1; +http://www.google.com/bot.html)"
66.249.68.133 api26.sherlook.fr - [13/Jul/2026:00:12:45 +0200] "GET /api/announcements/latest?limit=16&status_in=active%2Cresolved%2Cclosed&city=Plage+de+Donville+%28Donville-les-Bains%29 HTTP/1.1" 200 20 "https://sherlook.fr/" "Mozilla/5.0 (Linux; Android 6.0.1; Nexus 5X Build/MMB29P) AppleWebKit/537.36 (KHTML, like Gecko) Chrome/150.0.7871.46 Mobile Safari/537.36 (compatible; Googlebot/2.1; +http://www.google.com/bot.html)"
2a01:e0a:1e9:52b0:75ff:9b03:26a8:613f api26.sherlook.fr - [13/Jul/2026:00:12:49 +0200] "GET /api/announcements/latest?limit=16&status_in=active%2Cresolved%2Cclosed HTTP/1.1" 200 13138 "https://sherlook.fr/" "Mozilla/5.0 (Macintosh; Intel Mac OS X 10_15_7) AppleWebKit/537.36 (KHTML, like Gecko) Chrome/149.0.0.0 Safari/537.36"
2a01:e0a:1e9:52b0:75ff:9b03:26a8:613f api26.sherlook.fr - [13/Jul/2026:00:12:49 +0200] "GET /api/announcements/latest?limit=16&status_in=active%2Cresolved%2Cclosed HTTP/1.1" 200 13138 "https://sherlook.fr/" "Mozilla/5.0 (Macintosh; Intel Mac OS X 10_15_7) AppleWebKit/537.36 (KHTML, like Gecko) Chrome/149.0.0.0 Safari/537.36"
66.249.70.69 sherlook.fr - [13/Jul/2026:00:12:51 +0200] "GET /fr/objets-trouves/gare/gare-modane HTTP/1.1" 200 23213 "-" "Mozilla/5.0 (Linux; Android 6.0.1; Nexus 5X Build/MMB29P) AppleWebKit/537.36 (KHTML, like Gecko) Chrome/150.0.7871.46 Mobile Safari/537.36 (compatible; GoogleOther)"
66.249.68.133 api26.sherlook.fr - [13/Jul/2026:00:12:53 +0200] "OPTIONS /api/announcements/latest?limit=16&status_in=active%2Cresolved%2Cclosed&city=Modane HTTP/1.1" 200 25 "https://sherlook.fr/" "Mozilla/5.0 (Linux; Android 6.0.1; Nexus 5X Build/MMB29P) AppleWebKit/537.36 (KHTML, like Gecko) Chrome/150.0.7871.46 Mobile Safari/537.36 (compatible; GoogleOther)"
66.249.68.133 api26.sherlook.fr - [13/Jul/2026:00:12:53 +0200] "GET /api/announcements/latest?limit=16&status_in=active%2Cresolved%2Cclosed&city=Modane HTTP/1.1" 200 20 "https://sherlook.fr/" "Mozilla/5.0 (Linux; Android 6.0.1; Nexus 5X Build/MMB29P) AppleWebKit/537.36 (KHTML, like Gecko) Chrome/150.0.7871.46 Mobile Safari/537.36 (compatible; GoogleOther)"
66.249.70.69 sherlook.fr - [13/Jul/2026:00:12:55 +0200] "GET /fr/objets-trouves/plage/plage-de-la-fauvette-six-fours-les-plages HTTP/1.1" 200 23317 "-" "Mozilla/5.0 (Linux; Android 6.0.1; Nexus 5X Build/MMB29P) AppleWebKit/537.36 (KHTML, like Gecko) Chrome/150.0.7871.46 Mobile Safari/537.36 (compatible; GoogleOther)"
2a01:e0a:1e9:52b0:75ff:9b03:26a8:613f api26.sherlook.fr - [13/Jul/2026:00:12:58 +0200] "OPTIONS /api/announcements/172 HTTP/1.1" 200 25 "https://sherlook.fr/" "Mozilla/5.0 (Macintosh; Intel Mac OS X 10_15_7) AppleWebKit/537.36 (KHTML, like Gecko) Chrome/149.0.0.0 Safari/537.36"
2a01:e0a:1e9:52b0:75ff:9b03:26a8:613f api26.sherlook.fr - [13/Jul/2026:00:12:58 +0200] "DELETE /api/announcements/172 HTTP/1.1" 200 53 "https://sherlook.fr/" "Mozilla/5.0 (Macintosh; Intel Mac OS X 10_15_7) AppleWebKit/537.36 (KHTML, like Gecko) Chrome/149.0.0.0 Safari/537.36"
2a01:e0a:1e9:52b0:75ff:9b03:26a8:613f api26.sherlook.fr - [13/Jul/2026:00:12:58 +0200] "GET /api/matches/my?exclude_status=rejected%2Cresolved&limit=200 HTTP/1.1" 200 70 "https://sherlook.fr/" "Mozilla/5.0 (Macintosh; Intel Mac OS X 10_15_7) AppleWebKit/537.36 (KHTML, like Gecko) Chrome/149.0.0.0 Safari/537.36"
2a01:e0a:1e9:52b0:75ff:9b03:26a8:613f api26.sherlook.fr - [13/Jul/2026:00:12:58 +0200] "GET /api/announcements/my HTTP/1.1" 200 75 "https://sherlook.fr/" "Mozilla/5.0 (Macintosh; Intel Mac OS X 10_15_7) AppleWebKit/537.36 (KHTML, like Gecko) Chrome/149.0.0.0 Safari/537.36"
2a01:e0a:1e9:52b0:75ff:9b03:26a8:613f api26.sherlook.fr - [13/Jul/2026:00:12:58 +0200] "GET /api/conversations HTTP/1.1" 200 37 "https://sherlook.fr/" "Mozilla/5.0 (Macintosh; Intel Mac OS X 10_15_7) AppleWebKit/537.36 (KHTML, like Gecko) Chrome/149.0.0.0 Safari/537.36"
2a01:e0a:1e9:52b0:75ff:9b03:26a8:613f api26.sherlook.fr - [13/Jul/2026:00:12:58 +0200] "GET /api/frontend-ui-config HTTP/1.1" 200 57 "https://sherlook.fr/" "Mozilla/5.0 (Macintosh; Intel Mac OS X 10_15_7) AppleWebKit/537.36 (KHTML, like Gecko) Chrome/149.0.0.0 Safari/537.36"
2a01:e0a:1e9:52b0:75ff:9b03:26a8:613f api26.sherlook.fr - [13/Jul/2026:00:12:58 +0200] "GET /api/matches/my?exclude_status=rejected%2Cresolved&limit=200 HTTP/1.1" 200 70 "https://sherlook.fr/" "Mozilla/5.0 (Macintosh; Intel Mac OS X 10_15_7) AppleWebKit/537.36 (KHTML, like Gecko) Chrome/149.0.0.0 Safari/537.36"
2a01:e0a:1e9:52b0:75ff:9b03:26a8:613f api26.sherlook.fr - [13/Jul/2026:00:12:58 +0200] "GET /api/announcements/my HTTP/1.1" 200 75 "https://sherlook.fr/" "Mozilla/5.0 (Macintosh; Intel Mac OS X 10_15_7) AppleWebKit/537.36 (KHTML, like Gecko) Chrome/149.0.0.0 Safari/537.36"
2a01:e0a:1e9:52b0:75ff:9b03:26a8:613f api26.sherlook.fr - [13/Jul/2026:00:12:58 +0200] "GET /api/conversations HTTP/1.1" 200 37 "https://sherlook.fr/" "Mozilla/5.0 (Macintosh; Intel Mac OS X 10_15_7) AppleWebKit/537.36 (KHTML, like Gecko) Chrome/149.0.0.0 Safari/537.36"
2a01:e0a:1e9:52b0:75ff:9b03:26a8:613f api26.sherlook.fr - [13/Jul/2026:00:12:58 +0200] "GET /api/categories HTTP/1.1" 200 43186 "https://sherlook.fr/" "Mozilla/5.0 (Macintosh; Intel Mac OS X 10_15_7) AppleWebKit/537.36 (KHTML, like Gecko) Chrome/149.0.0.0 Safari/537.36"
66.249.68.133 api26.sherlook.fr - [13/Jul/2026:00:12:59 +0200] "OPTIONS /api/announcements/latest?limit=16&status_in=active%2Cresolved%2Cclosed&city=Plage+de+la+Fauvette+%28Six-Fours-les-Plages%29 HTTP/1.1" 200 25 "https://sherlook.fr/" "Mozilla/5.0 (Linux; Android 6.0.1; Nexus 5X Build/MMB29P) AppleWebKit/537.36 (KHTML, like Gecko) Chrome/150.0.7871.46 Mobile Safari/537.36 (compatible; GoogleOther)"
66.249.68.133 api26.sherlook.fr - [13/Jul/2026:00:12:59 +0200] "GET /api/announcements/latest?limit=16&status_in=active%2Cresolved%2Cclosed&city=Plage+de+la+Fauvette+%28Six-Fours-les-Plages%29 HTTP/1.1" 200 20 "https://sherlook.fr/" "Mozilla/5.0 (Linux; Android 6.0.1; Nexus 5X Build/MMB29P) AppleWebKit/537.36 (KHTML, like Gecko) Chrome/150.0.7871.46 Mobile Safari/537.36 (compatible; GoogleOther)"
66.249.70.69 sherlook.fr - [13/Jul/2026:00:13:14 +0200] "GET /fr/objets-trouves/plage/plage-de-la-guimorais-cancale-plages HTTP/1.1" 200 23268 "-" "Mozilla/5.0 (Linux; Android 6.0.1; Nexus 5X Build/MMB29P) AppleWebKit/537.36 (KHTML, like Gecko) Chrome/150.0.7871.46 Mobile Safari/537.36 (compatible; Googlebot/2.1; +http://www.google.com/bot.html)"
185.191.171.11 www.api2-dev.sherlook.fr - [13/Jul/2026:00:13:15 +0200] "GET /vendor/doctrine/doctrine-bundle/DependencyInjection/Compiler/DbalSchemaFilterPass.php HTTP/1.1" 500 - "-" "Mozilla/5.0 (compatible; SemrushBot/7~bl; +http://www.semrush.com/bot.html)"
66.249.70.70 sherlook.fr - [13/Jul/2026:00:13:29 +0200] "GET /fr/fr/objets-trouves/plage/plage-de-gros-jonc-ile-de-re-plages HTTP/1.1" 404 9333 "-" "Mozilla/5.0 (Linux; Android 6.0.1; Nexus 5X Build/MMB29P) AppleWebKit/537.36 (KHTML, like Gecko) Chrome/150.0.7871.46 Mobile Safari/537.36 (compatible; GoogleOther)"
66.249.68.133 api26.sherlook.fr - [13/Jul/2026:00:13:35 +0200] "OPTIONS /api/announcements/latest?limit=16&status_in=active%2Cresolved%2Cclosed&city=Centre+Commercial+Narbonne HTTP/1.1" 200 25 "https://sherlook.fr/" "Mozilla/5.0 (Linux; Android 6.0.1; Nexus 5X Build/MMB29P) AppleWebKit/537.36 (KHTML, like Gecko) Chrome/150.0.7871.46 Mobile Safari/537.36 (compatible; GoogleOther)"
66.249.68.133 api26.sherlook.fr - [13/Jul/2026:00:13:35 +0200] "GET /api/announcements/latest?limit=16&status_in=active%2Cresolved%2Cclosed&city=Centre+Commercial+Narbonne HTTP/1.1" 200 20 "https://sherlook.fr/" "Mozilla/5.0 (Linux; Android 6.0.1; Nexus 5X Build/MMB29P) AppleWebKit/537.36 (KHTML, like Gecko) Chrome/150.0.7871.46 Mobile Safari/537.36 (compatible; GoogleOther)"
43.172.198.179 www.sherlook.fr - [13/Jul/2026:00:13:36 +0200] "GET /perdu/v-toulouse/35-papiers-identite/saint-gregoire-le-centre HTTP/1.1" 301 289 "-" "Mozilla/5.0 (Windows NT 10.0; Win64; x64) AppleWebKit/537.36 (KHTML, like Gecko) Chrome/116.0.0.0 Safari/537.36"
43.173.182.216 sherlook.fr - [13/Jul/2026:00:13:37 +0200] "GET /perdu/v-toulouse/35-papiers-identite/saint-gregoire-le-centre HTTP/1.1" 404 9333 "-" "Mozilla/5.0 (Windows NT 10.0; Win64; x64) AppleWebKit/537.36 (KHTML, like Gecko) Chrome/116.0.0.0 Safari/537.36"
66.249.70.69 sherlook.fr - [13/Jul/2026:00:13:39 +0200] "GET /fr/objets-trouves/site-touristique/phare-de-saint-jean-de-luz HTTP/1.1" 200 23372 "-" "Mozilla/5.0 (Linux; Android 6.0.1; Nexus 5X Build/MMB29P) AppleWebKit/537.36 (KHTML, like Gecko) Chrome/150.0.7871.46 Mobile Safari/537.36 (compatible; GoogleOther)"
2a01:e0a:1e9:52b0:75ff:9b03:26a8:613f api26.sherlook.fr - [13/Jul/2026:00:13:48 +0200] "GET /api/announcements/latest?limit=16&status_in=active%2Cresolved%2Cclosed HTTP/1.1" 200 13203 "https://sherlook.fr/" "Mozilla/5.0 (Macintosh; Intel Mac OS X 10_15_7) AppleWebKit/537.36 (KHTML, like Gecko) Chrome/149.0.0.0 Safari/537.36"
2a01:e0a:1e9:52b0:75ff:9b03:26a8:613f sherlook.fr - [13/Jul/2026:00:13:48 +0200] "GET /build-info.json?v=1783894428128 HTTP/1.1" 200 68 "https://sherlook.fr/fr/" "Mozilla/5.0 (Macintosh; Intel Mac OS X 10_15_7) AppleWebKit/537.36 (KHTML, like Gecko) Chrome/149.0.0.0 Safari/537.36"
2a01:e0a:1e9:52b0:75ff:9b03:26a8:613f sherlook.fr - [13/Jul/2026:00:13:48 +0200] "GET /build-info.json?v=1783894428130 HTTP/1.1" 200 68 "https://sherlook.fr/fr/" "Mozilla/5.0 (Macintosh; Intel Mac OS X 10_15_7) AppleWebKit/537.36 (KHTML, like Gecko) Chrome/149.0.0.0 Safari/537.36"
2a01:e0a:1e9:52b0:75ff:9b03:26a8:613f sherlook.fr - [13/Jul/2026:00:13:48 +0200] "GET /build-info.json?v=1783894428141 HTTP/1.1" 200 68 "https://sherlook.fr/fr/" "Mozilla/5.0 (Macintosh; Intel Mac OS X 10_15_7) AppleWebKit/537.36 (KHTML, like Gecko) Chrome/149.0.0.0 Safari/537.36"
2a01:e0a:1e9:52b0:75ff:9b03:26a8:613f api26.sherlook.fr - [13/Jul/2026:00:13:49 +0200] "GET /api/announcements/latest?limit=16&status_in=active%2Cresolved%2Cclosed HTTP/1.1" 200 13203 "https://sherlook.fr/" "Mozilla/5.0 (Macintosh; Intel Mac OS X 10_15_7) AppleWebKit/537.36 (KHTML, like Gecko) Chrome/149.0.0.0 Safari/537.36"
2a01:e0a:1e9:52b0:75ff:9b03:26a8:613f api26.sherlook.fr - [13/Jul/2026:00:13:53 +0200] "GET /api/google-reviews-config HTTP/1.1" 200 2165 "https://sherlook.fr/" "Mozilla/5.0 (Macintosh; Intel Mac OS X 10_15_7) AppleWebKit/537.36 (KHTML, like Gecko) Chrome/149.0.0.0 Safari/537.36"
2a01:e0a:1e9:52b0:75ff:9b03:26a8:613f api26.sherlook.fr - [13/Jul/2026:00:13:53 +0200] "GET /api/google-reviews-config HTTP/1.1" 200 2165 "https://sherlook.fr/" "Mozilla/5.0 (Macintosh; Intel Mac OS X 10_15_7) AppleWebKit/537.36 (KHTML, like Gecko) Chrome/149.0.0.0 Safari/537.36"
2a01:e0a:1e9:52b0:75ff:9b03:26a8:613f api26.sherlook.fr - [13/Jul/2026:00:13:53 +0200] "GET /api/home-splash-screen HTTP/1.1" 200 1620 "https://sherlook.fr/" "Mozilla/5.0 (Macintosh; Intel Mac OS X 10_15_7) AppleWebKit/537.36 (KHTML, like Gecko) Chrome/149.0.0.0 Safari/537.36"
2a01:e0a:1e9:52b0:75ff:9b03:26a8:613f api26.sherlook.fr - [13/Jul/2026:00:13:53 +0200] "GET /api/public/providers?page=1&limit=48 HTTP/1.1" 200 11316 "https://sherlook.fr/" "Mozilla/5.0 (Macintosh; Intel Mac OS X 10_15_7) AppleWebKit/537.36 (KHTML, like Gecko) Chrome/149.0.0.0 Safari/537.36"
2a01:e0a:1e9:52b0:75ff:9b03:26a8:613f api26.sherlook.fr - [13/Jul/2026:00:13:53 +0200] "GET /api/delivery/pricing HTTP/1.1" 200 2311 "https://sherlook.fr/" "Mozilla/5.0 (Macintosh; Intel Mac OS X 10_15_7) AppleWebKit/537.36 (KHTML, like Gecko) Chrome/149.0.0.0 Safari/537.36"
2a01:e0a:1e9:52b0:75ff:9b03:26a8:613f api26.sherlook.fr - [13/Jul/2026:00:13:53 +0200] "GET /api/announcements/latest?limit=16&status_in=active%2Cresolved%2Cclosed HTTP/1.1" 200 13203 "https://sherlook.fr/" "Mozilla/5.0 (Macintosh; Intel Mac OS X 10_15_7) AppleWebKit/537.36 (KHTML, like Gecko) Chrome/149.0.0.0 Safari/537.36"
2a01:e0a:1e9:52b0:75ff:9b03:26a8:613f api26.sherlook.fr - [13/Jul/2026:00:13:58 +0200] "GET /api/matches/my?exclude_status=rejected%2Cresolved&limit=200 HTTP/1.1" 200 70 "https://sherlook.fr/" "Mozilla/5.0 (Macintosh; Intel Mac OS X 10_15_7) AppleWebKit/537.36 (KHTML, like Gecko) Chrome/149.0.0.0 Safari/537.36"
2a01:e0a:1e9:52b0:75ff:9b03:26a8:613f api26.sherlook.fr - [13/Jul/2026:00:13:58 +0200] "GET /api/conversations HTTP/1.1" 200 37 "https://sherlook.fr/" "Mozilla/5.0 (Macintosh; Intel Mac OS X 10_15_7) AppleWebKit/537.36 (KHTML, like Gecko) Chrome/149.0.0.0 Safari/537.36"
2a01:e0a:1e9:52b0:75ff:9b03:26a8:613f sherlook.fr - [13/Jul/2026:00:14:00 +0200] "GET /fr HTTP/1.1" 301 235 "-" "Mozilla/5.0 (Macintosh; Intel Mac OS X 10_15_7) AppleWebKit/537.36 (KHTML, like Gecko) Chrome/149.0.0.0 Safari/537.36"
2a01:e0a:1e9:52b0:75ff:9b03:26a8:613f sherlook.fr - [13/Jul/2026:00:14:00 +0200] "GET /fr/ HTTP/1.1" 200 3396 "-" "Mozilla/5.0 (Macintosh; Intel Mac OS X 10_15_7) AppleWebKit/537.36 (KHTML, like Gecko) Chrome/149.0.0.0 Safari/537.36"
2a01:e0a:1e9:52b0:75ff:9b03:26a8:613f sherlook.fr - [13/Jul/2026:00:14:00 +0200] "GET /fr.html HTTP/1.1" 200 22613 "https://sherlook.fr/fr/" "Mozilla/5.0 (Macintosh; Intel Mac OS X 10_15_7) AppleWebKit/537.36 (KHTML, like Gecko) Chrome/149.0.0.0 Safari/537.36"
2a01:e0a:1e9:52b0:75ff:9b03:26a8:613f sherlook.fr - [13/Jul/2026:00:14:00 +0200] "GET /manifest.webmanifest HTTP/1.1" 200 698 "https://sherlook.fr/fr.html" "Mozilla/5.0 (Macintosh; Intel Mac OS X 10_15_7) AppleWebKit/537.36 (KHTML, like Gecko) Chrome/149.0.0.0 Safari/537.36"
2a01:e0a:1e9:52b0:75ff:9b03:26a8:613f api26.sherlook.fr - [13/Jul/2026:00:14:00 +0200] "GET /api/maintenance-mode HTTP/1.1" 200 112 "https://sherlook.fr/" "Mozilla/5.0 (Macintosh; Intel Mac OS X 10_15_7) AppleWebKit/537.36 (KHTML, like Gecko) Chrome/149.0.0.0 Safari/537.36"
2a01:e0a:1e9:52b0:75ff:9b03:26a8:613f sherlook.fr - [13/Jul/2026:00:14:00 +0200] "GET /build-info.json?v=1783894440589 HTTP/1.1" 200 68 "https://sherlook.fr/fr.html" "Mozilla/5.0 (Macintosh; Intel Mac OS X 10_15_7) AppleWebKit/537.36 (KHTML, like Gecko) Chrome/149.0.0.0 Safari/537.36"
2a01:e0a:1e9:52b0:75ff:9b03:26a8:613f api26.sherlook.fr - [13/Jul/2026:00:14:00 +0200] "GET /api/google-reviews-config HTTP/1.1" 200 2165 "https://sherlook.fr/" "Mozilla/5.0 (Macintosh; Intel Mac OS X 10_15_7) AppleWebKit/537.36 (KHTML, like Gecko) Chrome/149.0.0.0 Safari/537.36"
2a01:e0a:1e9:52b0:75ff:9b03:26a8:613f api26.sherlook.fr - [13/Jul/2026:00:14:00 +0200] "GET /api/frontend-ui-config HTTP/1.1" 200 57 "https://sherlook.fr/" "Mozilla/5.0 (Macintosh; Intel Mac OS X 10_15_7) AppleWebKit/537.36 (KHTML, like Gecko) Chrome/149.0.0.0 Safari/537.36"
2a01:e0a:1e9:52b0:75ff:9b03:26a8:613f api26.sherlook.fr - [13/Jul/2026:00:14:00 +0200] "GET /api/home-announcement-theme HTTP/1.1" 200 74 "https://sherlook.fr/" "Mozilla/5.0 (Macintosh; Intel Mac OS X 10_15_7) AppleWebKit/537.36 (KHTML, like Gecko) Chrome/149.0.0.0 Safari/537.36"
2a01:e0a:1e9:52b0:75ff:9b03:26a8:613f api26.sherlook.fr - [13/Jul/2026:00:14:00 +0200] "GET /api/google-reviews-config HTTP/1.1" 200 2165 "https://sherlook.fr/" "Mozilla/5.0 (Macintosh; Intel Mac OS X 10_15_7) AppleWebKit/537.36 (KHTML, like Gecko) Chrome/149.0.0.0 Safari/537.36"
2a01:e0a:1e9:52b0:75ff:9b03:26a8:613f api26.sherlook.fr - [13/Jul/2026:00:14:00 +0200] "GET /api/public/providers?page=1&limit=48 HTTP/1.1" 200 11316 "https://sherlook.fr/" "Mozilla/5.0 (Macintosh; Intel Mac OS X 10_15_7) AppleWebKit/537.36 (KHTML, like Gecko) Chrome/149.0.0.0 Safari/537.36"
2a01:e0a:1e9:52b0:75ff:9b03:26a8:613f api26.sherlook.fr - [13/Jul/2026:00:14:00 +0200] "GET /api/matches/my?exclude_status=rejected%2Cresolved&limit=200 HTTP/1.1" 200 70 "https://sherlook.fr/" "Mozilla/5.0 (Macintosh; Intel Mac OS X 10_15_7) AppleWebKit/537.36 (KHTML, like Gecko) Chrome/149.0.0.0 Safari/537.36"
2a01:e0a:1e9:52b0:75ff:9b03:26a8:613f api26.sherlook.fr - [13/Jul/2026:00:14:00 +0200] "GET /api/conversations HTTP/1.1" 200 37 "https://sherlook.fr/" "Mozilla/5.0 (Macintosh; Intel Mac OS X 10_15_7) AppleWebKit/537.36 (KHTML, like Gecko) Chrome/149.0.0.0 Safari/537.36"
2a01:e0a:1e9:52b0:75ff:9b03:26a8:613f api26.sherlook.fr - [13/Jul/2026:00:14:00 +0200] "GET /api/delivery/pricing HTTP/1.1" 200 2311 "https://sherlook.fr/" "Mozilla/5.0 (Macintosh; Intel Mac OS X 10_15_7) AppleWebKit/537.36 (KHTML, like Gecko) Chrome/149.0.0.0 Safari/537.36"
2a01:e0a:1e9:52b0:75ff:9b03:26a8:613f api26.sherlook.fr - [13/Jul/2026:00:14:00 +0200] "GET /api/announcements/latest?limit=16&status_in=active%2Cresolved%2Cclosed HTTP/1.1" 200 13203 "https://sherlook.fr/" "Mozilla/5.0 (Macintosh; Intel Mac OS X 10_15_7) AppleWebKit/537.36 (KHTML, like Gecko) Chrome/149.0.0.0 Safari/537.36"
2a01:e0a:1e9:52b0:75ff:9b03:26a8:613f sherlook.fr - [13/Jul/2026:00:14:01 +0200] "GET /fr.html HTTP/1.1" 200 22613 "https://sherlook.fr/fr/" "Mozilla/5.0 (Macintosh; Intel Mac OS X 10_15_7) AppleWebKit/537.36 (KHTML, like Gecko) Chrome/149.0.0.0 Safari/537.36"
2a01:e0a:1e9:52b0:75ff:9b03:26a8:613f sherlook.fr - [13/Jul/2026:00:14:01 +0200] "GET /build-info.json?v=1783894441365 HTTP/1.1" 200 68 "https://sherlook.fr/fr.html" "Mozilla/5.0 (Macintosh; Intel Mac OS X 10_15_7) AppleWebKit/537.36 (KHTML, like Gecko) Chrome/149.0.0.0 Safari/537.36"
2a01:e0a:1e9:52b0:75ff:9b03:26a8:613f api26.sherlook.fr - [13/Jul/2026:00:14:01 +0200] "GET /api/maintenance-mode HTTP/1.1" 200 112 "https://sherlook.fr/" "Mozilla/5.0 (Macintosh; Intel Mac OS X 10_15_7) AppleWebKit/537.36 (KHTML, like Gecko) Chrome/149.0.0.0 Safari/537.36"
2a01:e0a:1e9:52b0:75ff:9b03:26a8:613f api26.sherlook.fr - [13/Jul/2026:00:14:01 +0200] "GET /api/frontend-ui-config HTTP/1.1" 200 57 "https://sherlook.fr/" "Mozilla/5.0 (Macintosh; Intel Mac OS X 10_15_7) AppleWebKit/537.36 (KHTML, like Gecko) Chrome/149.0.0.0 Safari/537.36"
2a01:e0a:1e9:52b0:75ff:9b03:26a8:613f api26.sherlook.fr - [13/Jul/2026:00:14:01 +0200] "GET /api/home-announcement-theme HTTP/1.1" 200 74 "https://sherlook.fr/" "Mozilla/5.0 (Macintosh; Intel Mac OS X 10_15_7) AppleWebKit/537.36 (KHTML, like Gecko) Chrome/149.0.0.0 Safari/537.36"
2a01:e0a:1e9:52b0:75ff:9b03:26a8:613f api26.sherlook.fr - [13/Jul/2026:00:14:01 +0200] "GET /api/google-reviews-config HTTP/1.1" 200 2165 "https://sherlook.fr/" "Mozilla/5.0 (Macintosh; Intel Mac OS X 10_15_7) AppleWebKit/537.36 (KHTML, like Gecko) Chrome/149.0.0.0 Safari/537.36"
2a01:e0a:1e9:52b0:75ff:9b03:26a8:613f api26.sherlook.fr - [13/Jul/2026:00:14:01 +0200] "GET /api/google-reviews-config HTTP/1.1" 200 2165 "https://sherlook.fr/" "Mozilla/5.0 (Macintosh; Intel Mac OS X 10_15_7) AppleWebKit/537.36 (KHTML, like Gecko) Chrome/149.0.0.0 Safari/537.36"
2a01:e0a:1e9:52b0:75ff:9b03:26a8:613f sherlook.fr - [13/Jul/2026:00:14:01 +0200] "GET /manifest.webmanifest HTTP/1.1" 200 698 "https://sherlook.fr/fr.html" "Mozilla/5.0 (Macintosh; Intel Mac OS X 10_15_7) AppleWebKit/537.36 (KHTML, like Gecko) Chrome/149.0.0.0 Safari/537.36"
2a01:e0a:1e9:52b0:75ff:9b03:26a8:613f api26.sherlook.fr - [13/Jul/2026:00:14:01 +0200] "GET /api/public/providers?page=1&limit=48 HTTP/1.1" 200 11316 "https://sherlook.fr/" "Mozilla/5.0 (Macintosh; Intel Mac OS X 10_15_7) AppleWebKit/537.36 (KHTML, like Gecko) Chrome/149.0.0.0 Safari/537.36"
2a01:e0a:1e9:52b0:75ff:9b03:26a8:613f api26.sherlook.fr - [13/Jul/2026:00:14:01 +0200] "GET /api/matches/my?exclude_status=rejected%2Cresolved&limit=200 HTTP/1.1" 200 70 "https://sherlook.fr/" "Mozilla/5.0 (Macintosh; Intel Mac OS X 10_15_7) AppleWebKit/537.36 (KHTML, like Gecko) Chrome/149.0.0.0 Safari/537.36"
2a01:e0a:1e9:52b0:75ff:9b03:26a8:613f api26.sherlook.fr - [13/Jul/2026:00:14:01 +0200] "GET /api/conversations HTTP/1.1" 200 37 "https://sherlook.fr/" "Mozilla/5.0 (Macintosh; Intel Mac OS X 10_15_7) AppleWebKit/537.36 (KHTML, like Gecko) Chrome/149.0.0.0 Safari/537.36"
2a01:e0a:1e9:52b0:75ff:9b03:26a8:613f api26.sherlook.fr - [13/Jul/2026:00:14:01 +0200] "GET /api/delivery/pricing HTTP/1.1" 200 2311 "https://sherlook.fr/" "Mozilla/5.0 (Macintosh; Intel Mac OS X 10_15_7) AppleWebKit/537.36 (KHTML, like Gecko) Chrome/149.0.0.0 Safari/537.36"
2a01:e0a:1e9:52b0:75ff:9b03:26a8:613f api26.sherlook.fr - [13/Jul/2026:00:14:01 +0200] "GET /api/announcements/latest?limit=16&status_in=active%2Cresolved%2Cclosed HTTP/1.1" 200 13203 "https://sherlook.fr/" "Mozilla/5.0 (Macintosh; Intel Mac OS X 10_15_7) AppleWebKit/537.36 (KHTML, like Gecko) Chrome/149.0.0.0 Safari/537.36"
2a01:e0a:1e9:52b0:75ff:9b03:26a8:613f sherlook.fr - [13/Jul/2026:00:14:02 +0200] "GET /fr.html HTTP/1.1" 200 22613 "https://sherlook.fr/fr/" "Mozilla/5.0 (Macintosh; Intel Mac OS X 10_15_7) AppleWebKit/537.36 (KHTML, like Gecko) Chrome/149.0.0.0 Safari/537.36"
2a01:e0a:1e9:52b0:75ff:9b03:26a8:613f sherlook.fr - [13/Jul/2026:00:14:02 +0200] "GET /manifest.webmanifest HTTP/1.1" 200 698 "https://sherlook.fr/fr.html" "Mozilla/5.0 (Macintosh; Intel Mac OS X 10_15_7) AppleWebKit/537.36 (KHTML, like Gecko) Chrome/149.0.0.0 Safari/537.36"
2a01:e0a:1e9:52b0:75ff:9b03:26a8:613f api26.sherlook.fr - [13/Jul/2026:00:14:02 +0200] "GET /api/maintenance-mode HTTP/1.1" 200 112 "https://sherlook.fr/" "Mozilla/5.0 (Macintosh; Intel Mac OS X 10_15_7) AppleWebKit/537.36 (KHTML, like Gecko) Chrome/149.0.0.0 Safari/537.36"
2a01:e0a:1e9:52b0:75ff:9b03:26a8:613f sherlook.fr - [13/Jul/2026:00:14:02 +0200] "GET /build-info.json?v=1783894442109 HTTP/1.1" 200 68 "https://sherlook.fr/fr.html" "Mozilla/5.0 (Macintosh; Intel Mac OS X 10_15_7) AppleWebKit/537.36 (KHTML, like Gecko) Chrome/149.0.0.0 Safari/537.36"
2a01:e0a:1e9:52b0:75ff:9b03:26a8:613f api26.sherlook.fr - [13/Jul/2026:00:14:02 +0200] "GET /api/frontend-ui-config HTTP/1.1" 200 57 "https://sherlook.fr/" "Mozilla/5.0 (Macintosh; Intel Mac OS X 10_15_7) AppleWebKit/537.36 (KHTML, like Gecko) Chrome/149.0.0.0 Safari/537.36"
2a01:e0a:1e9:52b0:75ff:9b03:26a8:613f api26.sherlook.fr - [13/Jul/2026:00:14:02 +0200] "GET /api/home-announcement-theme HTTP/1.1" 200 74 "https://sherlook.fr/" "Mozilla/5.0 (Macintosh; Intel Mac OS X 10_15_7) AppleWebKit/537.36 (KHTML, like Gecko) Chrome/149.0.0.0 Safari/537.36"
2a01:e0a:1e9:52b0:75ff:9b03:26a8:613f api26.sherlook.fr - [13/Jul/2026:00:14:02 +0200] "GET /api/google-reviews-config HTTP/1.1" 200 2165 "https://sherlook.fr/" "Mozilla/5.0 (Macintosh; Intel Mac OS X 10_15_7) AppleWebKit/537.36 (KHTML, like Gecko) Chrome/149.0.0.0 Safari/537.36"
2a01:e0a:1e9:52b0:75ff:9b03:26a8:613f api26.sherlook.fr - [13/Jul/2026:00:14:02 +0200] "GET /api/google-reviews-config HTTP/1.1" 200 2165 "https://sherlook.fr/" "Mozilla/5.0 (Macintosh; Intel Mac OS X 10_15_7) AppleWebKit/537.36 (KHTML, like Gecko) Chrome/149.0.0.0 Safari/537.36"
2a01:e0a:1e9:52b0:75ff:9b03:26a8:613f api26.sherlook.fr - [13/Jul/2026:00:14:02 +0200] "GET /api/public/providers?page=1&limit=48 HTTP/1.1" 200 11316 "https://sherlook.fr/" "Mozilla/5.0 (Macintosh; Intel Mac OS X 10_15_7) AppleWebKit/537.36 (KHTML, like Gecko) Chrome/149.0.0.0 Safari/537.36"
2a01:e0a:1e9:52b0:75ff:9b03:26a8:613f api26.sherlook.fr - [13/Jul/2026:00:14:02 +0200] "GET /api/conversations HTTP/1.1" 200 37 "https://sherlook.fr/" "Mozilla/5.0 (Macintosh; Intel Mac OS X 10_15_7) AppleWebKit/537.36 (KHTML, like Gecko) Chrome/149.0.0.0 Safari/537.36"
2a01:e0a:1e9:52b0:75ff:9b03:26a8:613f api26.sherlook.fr - [13/Jul/2026:00:14:02 +0200] "GET /api/matches/my?exclude_status=rejected%2Cresolved&limit=200 HTTP/1.1" 200 70 "https://sherlook.fr/" "Mozilla/5.0 (Macintosh; Intel Mac OS X 10_15_7) AppleWebKit/537.36 (KHTML, like Gecko) Chrome/149.0.0.0 Safari/537.36"
2a01:e0a:1e9:52b0:75ff:9b03:26a8:613f api26.sherlook.fr - [13/Jul/2026:00:14:02 +0200] "GET /api/delivery/pricing HTTP/1.1" 200 2311 "https://sherlook.fr/" "Mozilla/5.0 (Macintosh; Intel Mac OS X 10_15_7) AppleWebKit/537.36 (KHTML, like Gecko) Chrome/149.0.0.0 Safari/537.36"
2a01:e0a:1e9:52b0:75ff:9b03:26a8:613f api26.sherlook.fr - [13/Jul/2026:00:14:02 +0200] "GET /api/announcements/latest?limit=16&status_in=active%2Cresolved%2Cclosed HTTP/1.1" 200 13203 "https://sherlook.fr/" "Mozilla/5.0 (Macintosh; Intel Mac OS X 10_15_7) AppleWebKit/537.36 (KHTML, like Gecko) Chrome/149.0.0.0 Safari/537.36"
2a01:e0a:1e9:52b0:75ff:9b03:26a8:613f sherlook.fr - [13/Jul/2026:00:14:02 +0200] "GET /fr.html HTTP/1.1" 200 22613 "https://sherlook.fr/fr/" "Mozilla/5.0 (Macintosh; Intel Mac OS X 10_15_7) AppleWebKit/537.36 (KHTML, like Gecko) Chrome/149.0.0.0 Safari/537.36"
2a01:e0a:1e9:52b0:75ff:9b03:26a8:613f sherlook.fr - [13/Jul/2026:00:14:02 +0200] "GET /manifest.webmanifest HTTP/1.1" 200 698 "https://sherlook.fr/fr.html" "Mozilla/5.0 (Macintosh; Intel Mac OS X 10_15_7) AppleWebKit/537.36 (KHTML, like Gecko) Chrome/149.0.0.0 Safari/537.36"
2a01:e0a:1e9:52b0:75ff:9b03:26a8:613f api26.sherlook.fr - [13/Jul/2026:00:14:02 +0200] "GET /api/maintenance-mode HTTP/1.1" 200 112 "https://sherlook.fr/" "Mozilla/5.0 (Macintosh; Intel Mac OS X 10_15_7) AppleWebKit/537.36 (KHTML, like Gecko) Chrome/149.0.0.0 Safari/537.36"
2a01:e0a:1e9:52b0:75ff:9b03:26a8:613f sherlook.fr - [13/Jul/2026:00:14:02 +0200] "GET /build-info.json?v=1783894442551 HTTP/1.1" 200 68 "https://sherlook.fr/fr.html" "Mozilla/5.0 (Macintosh; Intel Mac OS X 10_15_7) AppleWebKit/537.36 (KHTML, like Gecko) Chrome/149.0.0.0 Safari/537.36"
2a01:e0a:1e9:52b0:75ff:9b03:26a8:613f api26.sherlook.fr - [13/Jul/2026:00:14:02 +0200] "GET /api/frontend-ui-config HTTP/1.1" 200 57 "https://sherlook.fr/" "Mozilla/5.0 (Macintosh; Intel Mac OS X 10_15_7) AppleWebKit/537.36 (KHTML, like Gecko) Chrome/149.0.0.0 Safari/537.36"
2a01:e0a:1e9:52b0:75ff:9b03:26a8:613f api26.sherlook.fr - [13/Jul/2026:00:14:02 +0200] "GET /api/home-announcement-theme HTTP/1.1" 200 74 "https://sherlook.fr/" "Mozilla/5.0 (Macintosh; Intel Mac OS X 10_15_7) AppleWebKit/537.36 (KHTML, like Gecko) Chrome/149.0.0.0 Safari/537.36"
2a01:e0a:1e9:52b0:75ff:9b03:26a8:613f api26.sherlook.fr - [13/Jul/2026:00:14:02 +0200] "GET /api/google-reviews-config HTTP/1.1" 200 2165 "https://sherlook.fr/" "Mozilla/5.0 (Macintosh; Intel Mac OS X 10_15_7) AppleWebKit/537.36 (KHTML, like Gecko) Chrome/149.0.0.0 Safari/537.36"
2a01:e0a:1e9:52b0:75ff:9b03:26a8:613f api26.sherlook.fr - [13/Jul/2026:00:14:02 +0200] "GET /api/google-reviews-config HTTP/1.1" 200 2165 "https://sherlook.fr/" "Mozilla/5.0 (Macintosh; Intel Mac OS X 10_15_7) AppleWebKit/537.36 (KHTML, like Gecko) Chrome/149.0.0.0 Safari/537.36"
2a01:e0a:1e9:52b0:75ff:9b03:26a8:613f api26.sherlook.fr - [13/Jul/2026:00:14:02 +0200] "GET /api/public/providers?page=1&limit=48 HTTP/1.1" 200 11316 "https://sherlook.fr/" "Mozilla/5.0 (Macintosh; Intel Mac OS X 10_15_7) AppleWebKit/537.36 (KHTML, like Gecko) Chrome/149.0.0.0 Safari/537.36"
2a01:e0a:1e9:52b0:75ff:9b03:26a8:613f api26.sherlook.fr - [13/Jul/2026:00:14:02 +0200] "GET /api/matches/my?exclude_status=rejected%2Cresolved&limit=200 HTTP/1.1" 200 70 "https://sherlook.fr/" "Mozilla/5.0 (Macintosh; Intel Mac OS X 10_15_7) AppleWebKit/537.36 (KHTML, like Gecko) Chrome/149.0.0.0 Safari/537.36"
2a01:e0a:1e9:52b0:75ff:9b03:26a8:613f api26.sherlook.fr - [13/Jul/2026:00:14:02 +0200] "GET /api/conversations HTTP/1.1" 200 37 "https://sherlook.fr/" "Mozilla/5.0 (Macintosh; Intel Mac OS X 10_15_7) AppleWebKit/537.36 (KHTML, like Gecko) Chrome/149.0.0.0 Safari/537.36"
2a01:e0a:1e9:52b0:75ff:9b03:26a8:613f api26.sherlook.fr - [13/Jul/2026:00:14:02 +0200] "GET /api/delivery/pricing HTTP/1.1" 200 2311 "https://sherlook.fr/" "Mozilla/5.0 (Macintosh; Intel Mac OS X 10_15_7) AppleWebKit/537.36 (KHTML, like Gecko) Chrome/149.0.0.0 Safari/537.36"
2a01:e0a:1e9:52b0:75ff:9b03:26a8:613f api26.sherlook.fr - [13/Jul/2026:00:14:02 +0200] "GET /api/announcements/latest?limit=16&status_in=active%2Cresolved%2Cclosed HTTP/1.1" 200 13203 "https://sherlook.fr/" "Mozilla/5.0 (Macintosh; Intel Mac OS X 10_15_7) AppleWebKit/537.36 (KHTML, like Gecko) Chrome/149.0.0.0 Safari/537.36"
2a01:e0a:1e9:52b0:75ff:9b03:26a8:613f sherlook.fr - [13/Jul/2026:00:14:02 +0200] "GET /sw.js HTTP/1.1" 200 370 "https://sherlook.fr/sw.js" "Mozilla/5.0 (Macintosh; Intel Mac OS X 10_15_7) AppleWebKit/537.36 (KHTML, like Gecko) Chrome/149.0.0.0 Safari/537.36"
2a01:e0a:1e9:52b0:75ff:9b03:26a8:613f sherlook.fr - [13/Jul/2026:00:14:04 +0200] "GET /sw.js HTTP/1.1" 200 370 "https://sherlook.fr/sw.js" "Mozilla/5.0 (Macintosh; Intel Mac OS X 10_15_7) AppleWebKit/537.36 (KHTML, like Gecko) Chrome/149.0.0.0 Safari/537.36"
2a01:e0a:1e9:52b0:75ff:9b03:26a8:613f sherlook.fr - [13/Jul/2026:00:14:07 +0200] "GET /fr.txt?_rsc=1i1sg HTTP/1.1" 200 20696 "https://sherlook.fr/fr.html" "Mozilla/5.0 (Macintosh; Intel Mac OS X 10_15_7) AppleWebKit/537.36 (KHTML, like Gecko) Chrome/149.0.0.0 Safari/537.36"
2a01:e0a:1e9:52b0:75ff:9b03:26a8:613f api26.sherlook.fr - [13/Jul/2026:00:14:07 +0200] "GET /api/home-splash-screen HTTP/1.1" 200 1620 "https://sherlook.fr/" "Mozilla/5.0 (Macintosh; Intel Mac OS X 10_15_7) AppleWebKit/537.36 (KHTML, like Gecko) Chrome/149.0.0.0 Safari/537.36"
2a01:e0a:1e9:52b0:75ff:9b03:26a8:613f api26.sherlook.fr - [13/Jul/2026:00:14:08 +0200] "GET /api/announcements/latest?limit=16&status_in=active%2Cresolved%2Cclosed HTTP/1.1" 200 13203 "https://sherlook.fr/" "Mozilla/5.0 (Macintosh; Intel Mac OS X 10_15_7) AppleWebKit/537.36 (KHTML, like Gecko) Chrome/149.0.0.0 Safari/537.36"
2a01:e0a:1e9:52b0:75ff:9b03:26a8:613f api26.sherlook.fr - [13/Jul/2026:00:14:09 +0200] "GET /api/announcements/latest?limit=16&status_in=active%2Cresolved%2Cclosed HTTP/1.1" 200 13203 "https://sherlook.fr/" "Mozilla/5.0 (Macintosh; Intel Mac OS X 10_15_7) AppleWebKit/537.36 (KHTML, like Gecko) Chrome/149.0.0.0 Safari/537.36"
74.7.228.39 sherlook.fr - [13/Jul/2026:00:14:10 +0200] "GET /robots.txt HTTP/1.1" 200 271 "-" "Mozilla/5.0 (Macintosh; Intel Mac OS X 10_15_7) AppleWebKit/537.36 (KHTML, like Gecko) Chrome/131.0.0.0 Safari/537.36; compatible; OAI-SearchBot/1.4; robots.txt; +https://openai.com/searchbot"
74.7.243.250 sherlook.fr - [13/Jul/2026:00:14:11 +0200] "GET / HTTP/1.1" 200 3396 "http://www.preparation.co.in" "Mozilla/5.0 AppleWebKit/537.36 (KHTML, like Gecko; compatible; GPTBot/1.4; +https://openai.com/gptbot)"
66.249.70.70 sherlook.fr - [13/Jul/2026:00:14:11 +0200] "GET /fr/objets-trouves/plage/plage-de-ver-sur-mer-ver-sur-mer HTTP/1.1" 200 23307 "-" "Mozilla/5.0 (Linux; Android 6.0.1; Nexus 5X Build/MMB29P) AppleWebKit/537.36 (KHTML, like Gecko) Chrome/150.0.7871.46 Mobile Safari/537.36 (compatible; GoogleOther)"
74.7.243.250 sherlook.fr - [13/Jul/2026:00:14:14 +0200] "GET /apple-touch-icon.png HTTP/1.1" 200 11519 "http://sherlook.fr/" "Mozilla/5.0 AppleWebKit/537.36 (KHTML, like Gecko; compatible; GPTBot/1.4; +https://openai.com/gptbot)"
66.249.70.69 sherlook.fr - [13/Jul/2026:00:14:15 +0200] "GET /fr/objets-trouves/plage/plage-de-terenez-saint-jean-du-doigt HTTP/1.1" 200 23307 "-" "Mozilla/5.0 (Linux; Android 6.0.1; Nexus 5X Build/MMB29P) AppleWebKit/537.36 (KHTML, like Gecko) Chrome/150.0.7871.46 Mobile Safari/537.36 (compatible; Googlebot/2.1; +http://www.google.com/bot.html)"
74.7.243.250 sherlook.fr - [13/Jul/2026:00:14:17 +0200] "GET /favicon.png HTTP/1.1" 200 5560 "http://sherlook.fr/" "Mozilla/5.0 AppleWebKit/537.36 (KHTML, like Gecko; compatible; GPTBot/1.4; +https://openai.com/gptbot)"
66.249.68.134 api26.sherlook.fr - [13/Jul/2026:00:14:19 +0200] "OPTIONS /api/announcements/latest?limit=16&status_in=active%2Cresolved%2Cclosed&city=Plage+de+Ver-sur-Mer+%28Ver-sur-Mer%29 HTTP/1.1" 200 25 "https://sherlook.fr/" "Mozilla/5.0 (Linux; Android 6.0.1; Nexus 5X Build/MMB29P) AppleWebKit/537.36 (KHTML, like Gecko) Chrome/150.0.7871.46 Mobile Safari/537.36 (compatible; GoogleOther)"
66.249.68.134 api26.sherlook.fr - [13/Jul/2026:00:14:19 +0200] "GET /api/announcements/latest?limit=16&status_in=active%2Cresolved%2Cclosed&city=Plage+de+Ver-sur-Mer+%28Ver-sur-Mer%29 HTTP/1.1" 200 20 "https://sherlook.fr/" "Mozilla/5.0 (Linux; Android 6.0.1; Nexus 5X Build/MMB29P) AppleWebKit/537.36 (KHTML, like Gecko) Chrome/150.0.7871.46 Mobile Safari/537.36 (compatible; GoogleOther)"
66.249.70.70 sherlook.fr - [13/Jul/2026:00:14:28 +0200] "GET /fr/objets-trouves/site-touristique/parc-asterix HTTP/1.1" 200 23290 "-" "Mozilla/5.0 (Linux; Android 6.0.1; Nexus 5X Build/MMB29P) AppleWebKit/537.36 (KHTML, like Gecko) Chrome/150.0.7871.46 Mobile Safari/537.36 (compatible; GoogleOther)"
2a01:e0a:1e9:52b0:75ff:9b03:26a8:613f api26.sherlook.fr - [13/Jul/2026:00:14:28 +0200] "GET /api/announcements/latest?limit=16&status_in=active%2Cresolved%2Cclosed HTTP/1.1" 200 13203 "https://sherlook.fr/" "Mozilla/5.0 (Macintosh; Intel Mac OS X 10_15_7) AppleWebKit/537.36 (KHTML, like Gecko) Chrome/149.0.0.0 Safari/537.36"
2a01:e0a:1e9:52b0:75ff:9b03:26a8:613f api26.sherlook.fr - [13/Jul/2026:00:14:29 +0200] "GET /api/announcements/latest?limit=16&status_in=active%2Cresolved%2Cclosed HTTP/1.1" 200 13203 "https://sherlook.fr/" "Mozilla/5.0 (Macintosh; Intel Mac OS X 10_15_7) AppleWebKit/537.36 (KHTML, like Gecko) Chrome/149.0.0.0 Safari/537.36"
66.249.68.133 api26.sherlook.fr - [13/Jul/2026:00:14:31 +0200] "OPTIONS /api/announcements/latest?limit=16&status_in=active%2Cresolved%2Cclosed&city=Parc+Ast%C3%A9rix HTTP/1.1" 200 25 "https://sherlook.fr/" "Mozilla/5.0 (Linux; Android 6.0.1; Nexus 5X Build/MMB29P) AppleWebKit/537.36 (KHTML, like Gecko) Chrome/150.0.7871.46 Mobile Safari/537.36 (compatible; GoogleOther)"
66.249.68.134 api26.sherlook.fr - [13/Jul/2026:00:14:31 +0200] "GET /api/announcements/latest?limit=16&status_in=active%2Cresolved%2Cclosed&city=Parc+Ast%C3%A9rix HTTP/1.1" 200 20 "https://sherlook.fr/" "Mozilla/5.0 (Linux; Android 6.0.1; Nexus 5X Build/MMB29P) AppleWebKit/537.36 (KHTML, like Gecko) Chrome/150.0.7871.46 Mobile Safari/537.36 (compatible; GoogleOther)"
66.249.70.69 sherlook.fr - [13/Jul/2026:00:14:37 +0200] "GET /fr/objets-trouves/plage/plage-de-port-louis-port-louis HTTP/1.1" 200 23258 "-" "Mozilla/5.0 (Linux; Android 6.0.1; Nexus 5X Build/MMB29P) AppleWebKit/537.36 (KHTML, like Gecko) Chrome/150.0.7871.46 Mobile Safari/537.36 (compatible; GoogleOther)"
66.249.68.133 api26.sherlook.fr - [13/Jul/2026:00:14:41 +0200] "OPTIONS /api/announcements/latest?limit=16&status_in=active%2Cresolved%2Cclosed&city=Plage+de+Port-Louis+%28Port-Louis%29 HTTP/1.1" 200 25 "https://sherlook.fr/" "Mozilla/5.0 (Linux; Android 6.0.1; Nexus 5X Build/MMB29P) AppleWebKit/537.36 (KHTML, like Gecko) Chrome/150.0.7871.46 Mobile Safari/537.36 (compatible; GoogleOther)"
66.249.68.133 api26.sherlook.fr - [13/Jul/2026:00:14:41 +0200] "GET /api/announcements/latest?limit=16&status_in=active%2Cresolved%2Cclosed&city=Plage+de+Port-Louis+%28Port-Louis%29 HTTP/1.1" 200 20 "https://sherlook.fr/" "Mozilla/5.0 (Linux; Android 6.0.1; Nexus 5X Build/MMB29P) AppleWebKit/537.36 (KHTML, like Gecko) Chrome/150.0.7871.46 Mobile Safari/537.36 (compatible; GoogleOther)"
2a01:e0a:1e9:52b0:75ff:9b03:26a8:613f api26.sherlook.fr - [13/Jul/2026:00:14:48 +0200] "GET /api/announcements/latest?limit=16&status_in=active%2Cresolved%2Cclosed HTTP/1.1" 200 13203 "https://sherlook.fr/" "Mozilla/5.0 (Macintosh; Intel Mac OS X 10_15_7) AppleWebKit/537.36 (KHTML, like Gecko) Chrome/149.0.0.0 Safari/537.36"
66.249.68.133 api26.sherlook.fr - [13/Jul/2026:00:14:48 +0200] "OPTIONS /api/announcements/latest?limit=16&status_in=active%2Cresolved%2Cclosed&city=Phare+de+Saint-Jean-de-Luz HTTP/1.1" 200 25 "https://sherlook.fr/" "Mozilla/5.0 (Linux; Android 6.0.1; Nexus 5X Build/MMB29P) AppleWebKit/537.36 (KHTML, like Gecko) Chrome/150.0.7871.46 Mobile Safari/537.36 (compatible; GoogleOther)"
66.249.68.133 api26.sherlook.fr - [13/Jul/2026:00:14:49 +0200] "GET /api/announcements/latest?limit=16&status_in=active%2Cresolved%2Cclosed&city=Phare+de+Saint-Jean-de-Luz HTTP/1.1" 200 20 "https://sherlook.fr/" "Mozilla/5.0 (Linux; Android 6.0.1; Nexus 5X Build/MMB29P) AppleWebKit/537.36 (KHTML, like Gecko) Chrome/150.0.7871.46 Mobile Safari/537.36 (compatible; GoogleOther)"
2a01:e0a:1e9:52b0:75ff:9b03:26a8:613f api26.sherlook.fr - [13/Jul/2026:00:14:49 +0200] "GET /api/announcements/latest?limit=16&status_in=active%2Cresolved%2Cclosed HTTP/1.1" 200 13203 "https://sherlook.fr/" "Mozilla/5.0 (Macintosh; Intel Mac OS X 10_15_7) AppleWebKit/537.36 (KHTML, like Gecko) Chrome/149.0.0.0 Safari/537.36"
66.249.70.69 sherlook.fr - [13/Jul/2026:00:14:52 +0200] "GET /fr/objets-trouves/site-touristique/musee-annemasse HTTP/1.1" 200 23387 "-" "Mozilla/5.0 (Linux; Android 6.0.1; Nexus 5X Build/MMB29P) AppleWebKit/537.36 (KHTML, like Gecko) Chrome/150.0.7871.46 Mobile Safari/537.36 (compatible; GoogleOther)"
66.249.70.69 sherlook.fr - [13/Jul/2026:00:14:56 +0200] "GET /fr/objets-trouves/gare/gare-s%C3%A8te HTTP/1.1" 404 9333 "-" "Mozilla/5.0 (Linux; Android 6.0.1; Nexus 5X Build/MMB29P) AppleWebKit/537.36 (KHTML, like Gecko) Chrome/150.0.7871.46 Mobile Safari/537.36 (compatible; GoogleOther)"
66.249.68.133 api26.sherlook.fr - [13/Jul/2026:00:14:57 +0200] "OPTIONS /api/announcements/latest?limit=16&status_in=active%2Cresolved%2Cclosed&city=Mus%C3%A9e+d%27Annemasse HTTP/1.1" 200 25 "https://sherlook.fr/" "Mozilla/5.0 (Linux; Android 6.0.1; Nexus 5X Build/MMB29P) AppleWebKit/537.36 (KHTML, like Gecko) Chrome/150.0.7871.46 Mobile Safari/537.36 (compatible; GoogleOther)"
66.249.68.133 api26.sherlook.fr - [13/Jul/2026:00:14:58 +0200] "GET /api/announcements/latest?limit=16&status_in=active%2Cresolved%2Cclosed&city=Mus%C3%A9e+d%27Annemasse HTTP/1.1" 200 20 "https://sherlook.fr/" "Mozilla/5.0 (Linux; Android 6.0.1; Nexus 5X Build/MMB29P) AppleWebKit/537.36 (KHTML, like Gecko) Chrome/150.0.7871.46 Mobile Safari/537.36 (compatible; GoogleOther)"
2a01:e0a:1e9:52b0:75ff:9b03:26a8:613f api26.sherlook.fr - [13/Jul/2026:00:15:09 +0200] "GET /api/announcements/latest?limit=16&status_in=active%2Cresolved%2Cclosed HTTP/1.1" 200 13203 "https://sherlook.fr/" "Mozilla/5.0 (Macintosh; Intel Mac OS X 10_15_7) AppleWebKit/537.36 (KHTML, like Gecko) Chrome/149.0.0.0 Safari/537.36"
2a01:e0a:1e9:52b0:75ff:9b03:26a8:613f api26.sherlook.fr - [13/Jul/2026:00:15:09 +0200] "GET /api/announcements/latest?limit=16&status_in=active%2Cresolved%2Cclosed HTTP/1.1" 200 13203 "https://sherlook.fr/" "Mozilla/5.0 (Macintosh; Intel Mac OS X 10_15_7) AppleWebKit/537.36 (KHTML, like Gecko) Chrome/149.0.0.0 Safari/537.36"
66.249.70.70 sherlook.fr - [13/Jul/2026:00:15:33 +0200] "GET /fr/objets-trouves/station-ski/aussois HTTP/1.1" 200 23219 "-" "Mozilla/5.0 (Linux; Android 6.0.1; Nexus 5X Build/MMB29P) AppleWebKit/537.36 (KHTML, like Gecko) Chrome/150.0.7871.46 Mobile Safari/537.36 (compatible; GoogleOther)"
66.249.70.71 sherlook.fr - [13/Jul/2026:00:15:35 +0200] "GET /fr/objets-trouves/plage/plage-de-gatseau-ile-d-oleron-plages HTTP/1.1" 200 23308 "-" "Mozilla/5.0 (Linux; Android 6.0.1; Nexus 5X Build/MMB29P) AppleWebKit/537.36 (KHTML, like Gecko) Chrome/150.0.7871.46 Mobile Safari/537.36 (compatible; Googlebot/2.1; +http://www.google.com/bot.html)"
66.249.68.133 api26.sherlook.fr - [13/Jul/2026:00:15:41 +0200] "OPTIONS /api/announcements/latest?limit=16&status_in=active%2Cresolved%2Cclosed&city=Plage+de+T%C3%A9r%C3%A9nez+%28Saint-Jean-du-Doigt%29 HTTP/1.1" 200 25 "https://sherlook.fr/" "Mozilla/5.0 (Linux; Android 6.0.1; Nexus 5X Build/MMB29P) AppleWebKit/537.36 (KHTML, like Gecko) Chrome/150.0.7871.46 Mobile Safari/537.36 (compatible; Googlebot/2.1; +http://www.google.com/bot.html)"
2a01:e0a:1e9:52b0:75ff:9b03:26a8:613f api26.sherlook.fr - [13/Jul/2026:00:16:22 +0200] "GET /api/announcements/latest?limit=16&status_in=active%2Cresolved%2Cclosed HTTP/1.1" 200 13203 "https://sherlook.fr/" "Mozilla/5.0 (Macintosh; Intel Mac OS X 10_15_7) AppleWebKit/537.36 (KHTML, like Gecko) Chrome/149.0.0.0 Safari/537.36"
2a01:e0a:1e9:52b0:75ff:9b03:26a8:613f sherlook.fr - [13/Jul/2026:00:16:24 +0200] "GET /build-info.json?v=1783894561916 HTTP/1.1" 200 68 "https://sherlook.fr/fr" "Mozilla/5.0 (Macintosh; Intel Mac OS X 10_15_7) AppleWebKit/537.36 (KHTML, like Gecko) Chrome/149.0.0.0 Safari/537.36"
2a01:e0a:1e9:52b0:75ff:9b03:26a8:613f admin.sherlook.fr - [13/Jul/2026:00:16:49 +0200] "GET / HTTP/1.1" 200 501 "-" "Mozilla/5.0 (Macintosh; Intel Mac OS X 10_15_7) AppleWebKit/537.36 (KHTML, like Gecko) Chrome/149.0.0.0 Safari/537.36"
2a01:e0a:1e9:52b0:75ff:9b03:26a8:613f api26.sherlook.fr - [13/Jul/2026:00:16:50 +0200] "OPTIONS /api/providers/types HTTP/1.1" 200 25 "https://admin.sherlook.fr/" "Mozilla/5.0 (Macintosh; Intel Mac OS X 10_15_7) AppleWebKit/537.36 (KHTML, like Gecko) Chrome/149.0.0.0 Safari/537.36"