2a01:e0a:1e9:52b0:75ff:9b03:26a8:613f api26.sherlook.fr - [13/Jul/2026:00:10:54 +0200] "GET /api/google-reviews-config HTTP/1.1" 200 2165 "https://sherlook.fr/" "Mozilla/5.0 (Macintosh; Intel Mac OS X 10_15_7) AppleWebKit/537.36 (KHTML, like Gecko) Chrome/149.0.0.0 Safari/537.36"
2a01:e0a:1e9:52b0:75ff:9b03:26a8:613f api26.sherlook.fr - [13/Jul/2026:00:10:54 +0200] "GET /api/google-reviews-config HTTP/1.1" 200 2165 "https://sherlook.fr/" "Mozilla/5.0 (Macintosh; Intel Mac OS X 10_15_7) AppleWebKit/537.36 (KHTML, like Gecko) Chrome/149.0.0.0 Safari/537.36"
2a01:e0a:1e9:52b0:75ff:9b03:26a8:613f api26.sherlook.fr - [13/Jul/2026:00:10:55 +0200] "GET /api/delivery/pricing HTTP/1.1" 200 2311 "https://sherlook.fr/" "Mozilla/5.0 (Macintosh; Intel Mac OS X 10_15_7) AppleWebKit/537.36 (KHTML, like Gecko) Chrome/149.0.0.0 Safari/537.36"
2a01:e0a:1e9:52b0:75ff:9b03:26a8:613f api26.sherlook.fr - [13/Jul/2026:00:10:55 +0200] "GET /api/public/providers?page=1&limit=48 HTTP/1.1" 200 11316 "https://sherlook.fr/" "Mozilla/5.0 (Macintosh; Intel Mac OS X 10_15_7) AppleWebKit/537.36 (KHTML, like Gecko) Chrome/149.0.0.0 Safari/537.36"
2a01:e0a:1e9:52b0:75ff:9b03:26a8:613f api26.sherlook.fr - [13/Jul/2026:00:10:55 +0200] "GET /api/announcements/latest?limit=16&status_in=active%2Cresolved%2Cclosed HTTP/1.1" 200 13203 "https://sherlook.fr/" "Mozilla/5.0 (Macintosh; Intel Mac OS X 10_15_7) AppleWebKit/537.36 (KHTML, like Gecko) Chrome/149.0.0.0 Safari/537.36"
66.249.68.133 api26.sherlook.fr - [13/Jul/2026:00:10:58 +0200] "OPTIONS /api/announcements/latest?limit=16&status_in=active%2Cresolved%2Cclosed&city=Festival+Interceltique+de+Lorient HTTP/1.1" 200 25 "https://sherlook.fr/" "Mozilla/5.0 (Linux; Android 6.0.1; Nexus 5X Build/MMB29P) AppleWebKit/537.36 (KHTML, like Gecko) Chrome/150.0.7871.46 Mobile Safari/537.36 (compatible; Googlebot/2.1; +http://www.google.com/bot.html)"
66.249.68.133 api26.sherlook.fr - [13/Jul/2026:00:10:59 +0200] "GET /api/announcements/latest?limit=16&status_in=active%2Cresolved%2Cclosed&city=Festival+Interceltique+de+Lorient HTTP/1.1" 200 20 "https://sherlook.fr/" "Mozilla/5.0 (Linux; Android 6.0.1; Nexus 5X Build/MMB29P) AppleWebKit/537.36 (KHTML, like Gecko) Chrome/150.0.7871.46 Mobile Safari/537.36 (compatible; Googlebot/2.1; +http://www.google.com/bot.html)"
37.96.100.87 sherlook.fr - [13/Jul/2026:00:11:04 +0200] "GET /fr/dashboard/account HTTP/1.1" 200 22138 "-" "Mozilla/5.0 (Linux; Android 10; K) AppleWebKit/537.36 (KHTML, like Gecko) Chrome/149.0.0.0 Mobile Safari/537.36"
37.96.100.87 sherlook.fr - [13/Jul/2026:00:11:04 +0200] "GET /_next/static/chunks/3819ba31936291b2.css HTTP/1.1" 200 5354 "https://sherlook.fr/fr/dashboard/account" "Mozilla/5.0 (Linux; Android 10; K) AppleWebKit/537.36 (KHTML, like Gecko) Chrome/149.0.0.0 Mobile Safari/537.36"
37.96.100.87 sherlook.fr - [13/Jul/2026:00:11:04 +0200] "GET /_next/static/chunks/c447325494d9c00a.js HTTP/1.1" 200 8714 "https://sherlook.fr/fr/dashboard/account" "Mozilla/5.0 (Linux; Android 10; K) AppleWebKit/537.36 (KHTML, like Gecko) Chrome/149.0.0.0 Mobile Safari/537.36"
37.96.100.87 sherlook.fr - [13/Jul/2026:00:11:04 +0200] "GET /_next/static/media/9254db10a3b4f046-s.p.282e882c.woff2 HTTP/1.1" 200 39516 "https://sherlook.fr/fr/dashboard/account" "Mozilla/5.0 (Linux; Android 10; K) AppleWebKit/537.36 (KHTML, like Gecko) Chrome/149.0.0.0 Mobile Safari/537.36"
37.96.100.87 sherlook.fr - [13/Jul/2026:00:11:04 +0200] "GET /_next/static/media/2aeed2bd2aff4ccd-s.p.fd5c5424.woff2 HTTP/1.1" 200 35964 "https://sherlook.fr/fr/dashboard/account" "Mozilla/5.0 (Linux; Android 10; K) AppleWebKit/537.36 (KHTML, like Gecko) Chrome/149.0.0.0 Mobile Safari/537.36"
37.96.100.87 sherlook.fr - [13/Jul/2026:00:11:04 +0200] "GET /_next/static/chunks/c675639d7acd55d8.js HTTP/1.1" 200 59334 "https://sherlook.fr/fr/dashboard/account" "Mozilla/5.0 (Linux; Android 10; K) AppleWebKit/537.36 (KHTML, like Gecko) Chrome/149.0.0.0 Mobile Safari/537.36"
37.96.100.87 sherlook.fr - [13/Jul/2026:00:11:04 +0200] "GET /_next/static/chunks/8e691c868a63ab7f.js HTTP/1.1" 200 13236 "https://sherlook.fr/fr/dashboard/account" "Mozilla/5.0 (Linux; Android 10; K) AppleWebKit/537.36 (KHTML, like Gecko) Chrome/149.0.0.0 Mobile Safari/537.36"
37.96.100.87 sherlook.fr - [13/Jul/2026:00:11:04 +0200] "GET /_next/static/chunks/a5e13e9bc13dfc57.js HTTP/1.1" 200 17807 "https://sherlook.fr/fr/dashboard/account" "Mozilla/5.0 (Linux; Android 10; K) AppleWebKit/537.36 (KHTML, like Gecko) Chrome/149.0.0.0 Mobile Safari/537.36"
37.96.100.87 sherlook.fr - [13/Jul/2026:00:11:04 +0200] "GET /_next/static/chunks/turbopack-4662cc3cf77a529f.js HTTP/1.1" 200 3886 "https://sherlook.fr/fr/dashboard/account" "Mozilla/5.0 (Linux; Android 10; K) AppleWebKit/537.36 (KHTML, like Gecko) Chrome/149.0.0.0 Mobile Safari/537.36"
37.96.100.87 sherlook.fr - [13/Jul/2026:00:11:04 +0200] "GET /_next/static/chunks/f823ee29841782ea.js HTTP/1.1" 200 225 "https://sherlook.fr/fr/dashboard/account" "Mozilla/5.0 (Linux; Android 10; K) AppleWebKit/537.36 (KHTML, like Gecko) Chrome/149.0.0.0 Mobile Safari/537.36"
37.96.100.87 sherlook.fr - [13/Jul/2026:00:11:04 +0200] "GET /_next/static/chunks/4ba0bb46ab33441a.js HTTP/1.1" 200 4857 "https://sherlook.fr/fr/dashboard/account" "Mozilla/5.0 (Linux; Android 10; K) AppleWebKit/537.36 (KHTML, like Gecko) Chrome/149.0.0.0 Mobile Safari/537.36"
37.96.100.87 sherlook.fr - [13/Jul/2026:00:11:04 +0200] "GET /_next/static/chunks/008f8d7eee3603b5.js HTTP/1.1" 200 7819 "https://sherlook.fr/fr/dashboard/account" "Mozilla/5.0 (Linux; Android 10; K) AppleWebKit/537.36 (KHTML, like Gecko) Chrome/149.0.0.0 Mobile Safari/537.36"
37.96.100.87 sherlook.fr - [13/Jul/2026:00:11:04 +0200] "GET /_next/static/chunks/b82dbc664b85809e.js HTTP/1.1" 200 9839 "https://sherlook.fr/fr/dashboard/account" "Mozilla/5.0 (Linux; Android 10; K) AppleWebKit/537.36 (KHTML, like Gecko) Chrome/149.0.0.0 Mobile Safari/537.36"
37.96.100.87 sherlook.fr - [13/Jul/2026:00:11:04 +0200] "GET /_next/static/chunks/09e326bca7beb553.js HTTP/1.1" 200 7237 "https://sherlook.fr/fr/dashboard/account" "Mozilla/5.0 (Linux; Android 10; K) AppleWebKit/537.36 (KHTML, like Gecko) Chrome/149.0.0.0 Mobile Safari/537.36"
37.96.100.87 sherlook.fr - [13/Jul/2026:00:11:04 +0200] "GET /_next/static/chunks/42650e55a57e7717.js HTTP/1.1" 200 7398 "https://sherlook.fr/fr/dashboard/account" "Mozilla/5.0 (Linux; Android 10; K) AppleWebKit/537.36 (KHTML, like Gecko) Chrome/149.0.0.0 Mobile Safari/537.36"
37.96.100.87 sherlook.fr - [13/Jul/2026:00:11:04 +0200] "GET /_next/static/chunks/604624bd8b6b20d0.js HTTP/1.1" 200 11095 "https://sherlook.fr/fr/dashboard/account" "Mozilla/5.0 (Linux; Android 10; K) AppleWebKit/537.36 (KHTML, like Gecko) Chrome/149.0.0.0 Mobile Safari/537.36"
37.96.100.87 sherlook.fr - [13/Jul/2026:00:11:04 +0200] "GET /_next/static/chunks/0b14a8bf40068470.js HTTP/1.1" 200 9117 "https://sherlook.fr/fr/dashboard/account" "Mozilla/5.0 (Linux; Android 10; K) AppleWebKit/537.36 (KHTML, like Gecko) Chrome/149.0.0.0 Mobile Safari/537.36"
37.96.100.87 sherlook.fr - [13/Jul/2026:00:11:04 +0200] "GET /_next/static/chunks/b963f2562880defe.js HTTP/1.1" 200 12265 "https://sherlook.fr/fr/dashboard/account" "Mozilla/5.0 (Linux; Android 10; K) AppleWebKit/537.36 (KHTML, like Gecko) Chrome/149.0.0.0 Mobile Safari/537.36"
37.96.100.87 sherlook.fr - [13/Jul/2026:00:11:04 +0200] "GET /_next/static/chunks/7abf19d937bb4bd6.js HTTP/1.1" 200 17943 "https://sherlook.fr/fr/dashboard/account" "Mozilla/5.0 (Linux; Android 10; K) AppleWebKit/537.36 (KHTML, like Gecko) Chrome/149.0.0.0 Mobile Safari/537.36"
37.96.100.87 sherlook.fr - [13/Jul/2026:00:11:04 +0200] "GET /_next/static/chunks/2492a380d8eac4be.js HTTP/1.1" 200 20146 "https://sherlook.fr/fr/dashboard/account" "Mozilla/5.0 (Linux; Android 10; K) AppleWebKit/537.36 (KHTML, like Gecko) Chrome/149.0.0.0 Mobile Safari/537.36"
37.96.100.87 sherlook.fr - [13/Jul/2026:00:11:04 +0200] "GET /_next/static/chunks/faf927d6f91f778f.js HTTP/1.1" 200 18534 "https://sherlook.fr/fr/dashboard/account" "Mozilla/5.0 (Linux; Android 10; K) AppleWebKit/537.36 (KHTML, like Gecko) Chrome/149.0.0.0 Mobile Safari/537.36"
37.96.100.87 sherlook.fr - [13/Jul/2026:00:11:04 +0200] "GET /_next/static/chunks/8e007ece3cde4f97.js HTTP/1.1" 200 9258 "https://sherlook.fr/fr/dashboard/account" "Mozilla/5.0 (Linux; Android 10; K) AppleWebKit/537.36 (KHTML, like Gecko) Chrome/149.0.0.0 Mobile Safari/537.36"
37.96.100.87 sherlook.fr - [13/Jul/2026:00:11:04 +0200] "GET /_next/static/chunks/9f91e4e200914a05.js HTTP/1.1" 200 10947 "https://sherlook.fr/fr/dashboard/account" "Mozilla/5.0 (Linux; Android 10; K) AppleWebKit/537.36 (KHTML, like Gecko) Chrome/149.0.0.0 Mobile Safari/537.36"
37.96.100.87 sherlook.fr - [13/Jul/2026:00:11:04 +0200] "GET /_next/static/chunks/9ac035ad21738652.js HTTP/1.1" 200 10631 "https://sherlook.fr/fr/dashboard/account" "Mozilla/5.0 (Linux; Android 10; K) AppleWebKit/537.36 (KHTML, like Gecko) Chrome/149.0.0.0 Mobile Safari/537.36"
37.96.100.87 sherlook.fr - [13/Jul/2026:00:11:04 +0200] "GET /_next/static/chunks/0464fc7fd2e4a0f3.js HTTP/1.1" 200 10263 "https://sherlook.fr/fr/dashboard/account" "Mozilla/5.0 (Linux; Android 10; K) AppleWebKit/537.36 (KHTML, like Gecko) Chrome/149.0.0.0 Mobile Safari/537.36"
37.96.100.87 sherlook.fr - [13/Jul/2026:00:11:04 +0200] "GET /_next/static/chunks/8257b8ee901ab8e0.js HTTP/1.1" 200 13684 "https://sherlook.fr/fr/dashboard/account" "Mozilla/5.0 (Linux; Android 10; K) AppleWebKit/537.36 (KHTML, like Gecko) Chrome/149.0.0.0 Mobile Safari/537.36"
37.96.100.87 sherlook.fr - [13/Jul/2026:00:11:04 +0200] "GET /_next/static/chunks/5378da5323b9f17c.js HTTP/1.1" 200 9791 "https://sherlook.fr/fr/dashboard/account" "Mozilla/5.0 (Linux; Android 10; K) AppleWebKit/537.36 (KHTML, like Gecko) Chrome/149.0.0.0 Mobile Safari/537.36"
37.96.100.87 sherlook.fr - [13/Jul/2026:00:11:04 +0200] "GET /_next/static/chunks/f22721a8cf0dad28.js HTTP/1.1" 200 9631 "https://sherlook.fr/fr/dashboard/account" "Mozilla/5.0 (Linux; Android 10; K) AppleWebKit/537.36 (KHTML, like Gecko) Chrome/149.0.0.0 Mobile Safari/537.36"
37.96.100.87 sherlook.fr - [13/Jul/2026:00:11:04 +0200] "GET /_next/static/chunks/f47122f67e736860.js HTTP/1.1" 200 605 "https://sherlook.fr/fr/dashboard/account" "Mozilla/5.0 (Linux; Android 10; K) AppleWebKit/537.36 (KHTML, like Gecko) Chrome/149.0.0.0 Mobile Safari/537.36"
37.96.100.87 sherlook.fr - [13/Jul/2026:00:11:04 +0200] "GET /_next/static/chunks/514c027fa1762f92.js HTTP/1.1" 200 27121 "https://sherlook.fr/fr/dashboard/account" "Mozilla/5.0 (Linux; Android 10; K) AppleWebKit/537.36 (KHTML, like Gecko) Chrome/149.0.0.0 Mobile Safari/537.36"
37.96.100.87 sherlook.fr - [13/Jul/2026:00:11:04 +0200] "GET /_next/static/chunks/53f1f1bc0598fe9e.js HTTP/1.1" 200 9908 "https://sherlook.fr/fr/dashboard/account" "Mozilla/5.0 (Linux; Android 10; K) AppleWebKit/537.36 (KHTML, like Gecko) Chrome/149.0.0.0 Mobile Safari/537.36"
37.96.100.87 sherlook.fr - [13/Jul/2026:00:11:04 +0200] "GET /_next/static/chunks/a51316881ec173e7.js HTTP/1.1" 200 341372 "https://sherlook.fr/fr/dashboard/account" "Mozilla/5.0 (Linux; Android 10; K) AppleWebKit/537.36 (KHTML, like Gecko) Chrome/149.0.0.0 Mobile Safari/537.36"
37.96.100.87 api26.sherlook.fr - [13/Jul/2026:00:11:05 +0200] "GET /api/maintenance-mode HTTP/1.1" 200 87 "https://sherlook.fr/" "Mozilla/5.0 (Linux; Android 10; K) AppleWebKit/537.36 (KHTML, like Gecko) Chrome/149.0.0.0 Mobile Safari/537.36"
37.96.100.87 sherlook.fr - [13/Jul/2026:00:11:05 +0200] "GET /favicon.png HTTP/1.1" 200 5560 "https://sherlook.fr/fr/dashboard/account" "Mozilla/5.0 (Linux; Android 10; K) AppleWebKit/537.36 (KHTML, like Gecko) Chrome/149.0.0.0 Mobile Safari/537.36"
37.96.100.87 sherlook.fr - [13/Jul/2026:00:11:05 +0200] "GET /build-info.json?v=1783894264220 HTTP/1.1" 200 68 "https://sherlook.fr/fr/dashboard/account" "Mozilla/5.0 (Linux; Android 10; K) AppleWebKit/537.36 (KHTML, like Gecko) Chrome/149.0.0.0 Mobile Safari/537.36"
37.96.100.87 api26.sherlook.fr - [13/Jul/2026:00:11:05 +0200] "GET /api/home-announcement-theme HTTP/1.1" 200 74 "https://sherlook.fr/" "Mozilla/5.0 (Linux; Android 10; K) AppleWebKit/537.36 (KHTML, like Gecko) Chrome/149.0.0.0 Mobile Safari/537.36"
37.96.100.87 api26.sherlook.fr - [13/Jul/2026:00:11:05 +0200] "GET /api/frontend-ui-config HTTP/1.1" 200 57 "https://sherlook.fr/" "Mozilla/5.0 (Linux; Android 10; K) AppleWebKit/537.36 (KHTML, like Gecko) Chrome/149.0.0.0 Mobile Safari/537.36"
37.96.100.87 api26.sherlook.fr - [13/Jul/2026:00:11:05 +0200] "OPTIONS /api/conversations HTTP/1.1" 200 25 "https://sherlook.fr/" "Mozilla/5.0 (Linux; Android 10; K) AppleWebKit/537.36 (KHTML, like Gecko) Chrome/149.0.0.0 Mobile Safari/537.36"
37.96.100.87 api26.sherlook.fr - [13/Jul/2026:00:11:05 +0200] "OPTIONS /api/matches/my?exclude_status=rejected%2Cresolved&limit=200 HTTP/1.1" 200 25 "https://sherlook.fr/" "Mozilla/5.0 (Linux; Android 10; K) AppleWebKit/537.36 (KHTML, like Gecko) Chrome/149.0.0.0 Mobile Safari/537.36"
37.96.100.87 api26.sherlook.fr - [13/Jul/2026:00:11:05 +0200] "OPTIONS /api/profile HTTP/1.1" 200 25 "https://sherlook.fr/" "Mozilla/5.0 (Linux; Android 10; K) AppleWebKit/537.36 (KHTML, like Gecko) Chrome/149.0.0.0 Mobile Safari/537.36"
37.96.100.87 sherlook.fr - [13/Jul/2026:00:11:05 +0200] "GET /_next/static/media/fa0520225c6f3d07-s.d28ba1c8.woff2 HTTP/1.1" 200 26636 "https://sherlook.fr/_next/static/chunks/3819ba31936291b2.css" "Mozilla/5.0 (Linux; Android 10; K) AppleWebKit/537.36 (KHTML, like Gecko) Chrome/149.0.0.0 Mobile Safari/537.36"
37.96.100.87 sherlook.fr - [13/Jul/2026:00:11:05 +0200] "GET /manifest.webmanifest HTTP/1.1" 200 698 "https://sherlook.fr/fr/dashboard/account" "Mozilla/5.0 (Linux; Android 10; K) AppleWebKit/537.36 (KHTML, like Gecko) Chrome/149.0.0.0 Mobile Safari/537.36"
37.96.100.87 api26.sherlook.fr - [13/Jul/2026:00:11:05 +0200] "GET /api/profile HTTP/1.1" 200 326 "https://sherlook.fr/" "Mozilla/5.0 (Linux; Android 10; K) AppleWebKit/537.36 (KHTML, like Gecko) Chrome/149.0.0.0 Mobile Safari/537.36"
37.96.100.87 sherlook.fr - [13/Jul/2026:00:11:05 +0200] "GET /icon-512.png HTTP/1.1" 200 37841 "https://sherlook.fr/fr/dashboard/account" "Mozilla/5.0 (Linux; Android 10; K) AppleWebKit/537.36 (KHTML, like Gecko) Chrome/149.0.0.0 Mobile Safari/537.36"
37.96.100.87 api26.sherlook.fr - [13/Jul/2026:00:11:05 +0200] "GET /api/matches/my?exclude_status=rejected%2Cresolved&limit=200 HTTP/1.1" 200 70 "https://sherlook.fr/" "Mozilla/5.0 (Linux; Android 10; K) AppleWebKit/537.36 (KHTML, like Gecko) Chrome/149.0.0.0 Mobile Safari/537.36"
37.96.100.87 api26.sherlook.fr - [13/Jul/2026:00:11:05 +0200] "GET /api/conversations HTTP/1.1" 200 37 "https://sherlook.fr/" "Mozilla/5.0 (Linux; Android 10; K) AppleWebKit/537.36 (KHTML, like Gecko) Chrome/149.0.0.0 Mobile Safari/537.36"
37.96.100.87 sherlook.fr - [13/Jul/2026:00:11:06 +0200] "GET /_next/static/media/ce62453a442c7f35-s.124b2306.woff2 HTTP/1.1" 200 37520 "https://sherlook.fr/_next/static/chunks/3819ba31936291b2.css" "Mozilla/5.0 (Linux; Android 10; K) AppleWebKit/537.36 (KHTML, like Gecko) Chrome/149.0.0.0 Mobile Safari/537.36"
37.96.100.87 sherlook.fr - [13/Jul/2026:00:11:06 +0200] "GET /assets/sherlook-logo.svg HTTP/1.1" 200 17559 "https://sherlook.fr/fr/dashboard/account" "Mozilla/5.0 (Linux; Android 10; K) AppleWebKit/537.36 (KHTML, like Gecko) Chrome/149.0.0.0 Mobile Safari/537.36"
37.96.100.87 sherlook.fr - [13/Jul/2026:00:11:08 +0200] "GET /sw.js HTTP/1.1" 200 370 "https://sherlook.fr/sw.js" "Mozilla/5.0 (Linux; Android 10; K) AppleWebKit/537.36 (KHTML, like Gecko) Chrome/149.0.0.0 Mobile Safari/537.36"
2a01:e0a:1e9:52b0:75ff:9b03:26a8:613f api26.sherlook.fr - [13/Jul/2026:00:11:08 +0200] "GET /api/announcements/latest?limit=16&status_in=active%2Cresolved%2Cclosed HTTP/1.1" 200 13203 "https://sherlook.fr/" "Mozilla/5.0 (Macintosh; Intel Mac OS X 10_15_7) AppleWebKit/537.36 (KHTML, like Gecko) Chrome/149.0.0.0 Safari/537.36"
2a01:e0a:1e9:52b0:75ff:9b03:26a8:613f api26.sherlook.fr - [13/Jul/2026:00:11:08 +0200] "GET /api/announcements/latest?limit=16&status_in=active%2Cresolved%2Cclosed HTTP/1.1" 200 13203 "https://sherlook.fr/" "Mozilla/5.0 (Macintosh; Intel Mac OS X 10_15_7) AppleWebKit/537.36 (KHTML, like Gecko) Chrome/149.0.0.0 Safari/537.36"
37.96.100.87 sherlook.fr - [13/Jul/2026:00:11:09 +0200] "GET /fr/dashboard/my-announcements.txt?_rsc=120qg HTTP/1.1" 200 20320 "https://sherlook.fr/fr/dashboard/account" "Mozilla/5.0 (Linux; Android 10; K) AppleWebKit/537.36 (KHTML, like Gecko) Chrome/149.0.0.0 Mobile Safari/537.36"
37.96.100.87 sherlook.fr - [13/Jul/2026:00:11:09 +0200] "GET /_next/static/chunks/4927a8ec6c818fc7.js HTTP/1.1" 200 11283 "https://sherlook.fr/fr/dashboard/account" "Mozilla/5.0 (Linux; Android 10; K) AppleWebKit/537.36 (KHTML, like Gecko) Chrome/149.0.0.0 Mobile Safari/537.36"
37.96.100.87 sherlook.fr - [13/Jul/2026:00:11:09 +0200] "GET /_next/static/chunks/5ccacd9f73695cca.js HTTP/1.1" 200 12782 "https://sherlook.fr/fr/dashboard/account" "Mozilla/5.0 (Linux; Android 10; K) AppleWebKit/537.36 (KHTML, like Gecko) Chrome/149.0.0.0 Mobile Safari/537.36"
37.96.100.87 sherlook.fr - [13/Jul/2026:00:11:09 +0200] "GET /assets/logossbase.svg HTTP/1.1" 200 5893 "https://sherlook.fr/fr/dashboard/account" "Mozilla/5.0 (Linux; Android 10; K) AppleWebKit/537.36 (KHTML, like Gecko) Chrome/149.0.0.0 Mobile Safari/537.36"
37.96.100.87 api26.sherlook.fr - [13/Jul/2026:00:11:10 +0200] "OPTIONS /api/announcements/my HTTP/1.1" 200 25 "https://sherlook.fr/" "Mozilla/5.0 (Linux; Android 10; K) AppleWebKit/537.36 (KHTML, like Gecko) Chrome/149.0.0.0 Mobile Safari/537.36"
37.96.100.87 api26.sherlook.fr - [13/Jul/2026:00:11:10 +0200] "OPTIONS /api/categories HTTP/1.1" 200 25 "https://sherlook.fr/" "Mozilla/5.0 (Linux; Android 10; K) AppleWebKit/537.36 (KHTML, like Gecko) Chrome/149.0.0.0 Mobile Safari/537.36"
37.96.100.87 sherlook.fr - [13/Jul/2026:00:11:10 +0200] "GET /manifest.webmanifest HTTP/1.1" 200 698 "https://sherlook.fr/fr/dashboard/my-announcements" "Mozilla/5.0 (Linux; Android 10; K) AppleWebKit/537.36 (KHTML, like Gecko) Chrome/149.0.0.0 Mobile Safari/537.36"
37.96.100.87 sherlook.fr - [13/Jul/2026:00:11:10 +0200] "GET /favicon.ico?favicon.f12eb963.ico HTTP/1.1" 200 285478 "https://sherlook.fr/fr/dashboard/my-announcements" "Mozilla/5.0 (Linux; Android 10; K) AppleWebKit/537.36 (KHTML, like Gecko) Chrome/149.0.0.0 Mobile Safari/537.36"
37.96.100.87 api26.sherlook.fr - [13/Jul/2026:00:11:10 +0200] "GET /api/announcements/my HTTP/1.1" 200 1710 "https://sherlook.fr/" "Mozilla/5.0 (Linux; Android 10; K) AppleWebKit/537.36 (KHTML, like Gecko) Chrome/149.0.0.0 Mobile Safari/537.36"
37.96.100.87 api26.sherlook.fr - [13/Jul/2026:00:11:10 +0200] "GET /api/categories HTTP/1.1" 200 43186 "https://sherlook.fr/" "Mozilla/5.0 (Linux; Android 10; K) AppleWebKit/537.36 (KHTML, like Gecko) Chrome/149.0.0.0 Mobile Safari/537.36"
37.96.100.87 api26.sherlook.fr - [13/Jul/2026:00:11:10 +0200] "GET /uploads/announcements/1000053836-20260712000419-6a52bde39c50c.jpg HTTP/1.1" 200 47088 "https://sherlook.fr/" "Mozilla/5.0 (Linux; Android 10; K) AppleWebKit/537.36 (KHTML, like Gecko) Chrome/149.0.0.0 Mobile Safari/537.36"
2a01:e0a:1e9:52b0:75ff:9b03:26a8:613f sherlook.fr - [13/Jul/2026:00:11:11 +0200] "GET /fr/login.txt?_rsc=1i1sg HTTP/1.1" 304 - "https://sherlook.fr/fr" "Mozilla/5.0 (Macintosh; Intel Mac OS X 10_15_7) AppleWebKit/537.36 (KHTML, like Gecko) Chrome/149.0.0.0 Safari/537.36"
66.249.70.71 sherlook.fr - [13/Jul/2026:00:11:12 +0200] "GET /fr/objets-trouves/plage/plage-de-la-grande-conche-la-palmyre HTTP/1.1" 200 23272 "-" "Mozilla/5.0 (Linux; Android 6.0.1; Nexus 5X Build/MMB29P) AppleWebKit/537.36 (KHTML, like Gecko) Chrome/150.0.7871.46 Mobile Safari/537.36 (compatible; Googlebot/2.1; +http://www.google.com/bot.html)"
2a01:e0a:1e9:52b0:75ff:9b03:26a8:613f api26.sherlook.fr - [13/Jul/2026:00:11:13 +0200] "OPTIONS /api/login_check HTTP/1.1" 200 25 "https://sherlook.fr/" "Mozilla/5.0 (Macintosh; Intel Mac OS X 10_15_7) AppleWebKit/537.36 (KHTML, like Gecko) Chrome/149.0.0.0 Safari/537.36"
2a01:e0a:1e9:52b0:75ff:9b03:26a8:613f api26.sherlook.fr - [13/Jul/2026:00:11:13 +0200] "POST /api/login_check HTTP/1.1" 200 534 "https://sherlook.fr/" "Mozilla/5.0 (Macintosh; Intel Mac OS X 10_15_7) AppleWebKit/537.36 (KHTML, like Gecko) Chrome/149.0.0.0 Safari/537.36"
2a01:e0a:1e9:52b0:75ff:9b03:26a8:613f api26.sherlook.fr - [13/Jul/2026:00:11:13 +0200] "GET /api/profile HTTP/1.1" 200 356 "https://sherlook.fr/" "Mozilla/5.0 (Macintosh; Intel Mac OS X 10_15_7) AppleWebKit/537.36 (KHTML, like Gecko) Chrome/149.0.0.0 Safari/537.36"
2a01:e0a:1e9:52b0:75ff:9b03:26a8:613f sherlook.fr - [13/Jul/2026:00:11:13 +0200] "GET /fr/create-announcement.txt?partner_id=46&_rsc=89ah4 HTTP/1.1" 200 20392 "https://sherlook.fr/fr/login" "Mozilla/5.0 (Macintosh; Intel Mac OS X 10_15_7) AppleWebKit/537.36 (KHTML, like Gecko) Chrome/149.0.0.0 Safari/537.36"
2a01:e0a:1e9:52b0:75ff:9b03:26a8:613f api26.sherlook.fr - [13/Jul/2026:00:11:13 +0200] "GET /api/matches/my?exclude_status=rejected%2Cresolved&limit=200 HTTP/1.1" 200 70 "https://sherlook.fr/" "Mozilla/5.0 (Macintosh; Intel Mac OS X 10_15_7) AppleWebKit/537.36 (KHTML, like Gecko) Chrome/149.0.0.0 Safari/537.36"
2a01:e0a:1e9:52b0:75ff:9b03:26a8:613f api26.sherlook.fr - [13/Jul/2026:00:11:13 +0200] "OPTIONS /api/public/providers/46 HTTP/1.1" 200 25 "https://sherlook.fr/" "Mozilla/5.0 (Macintosh; Intel Mac OS X 10_15_7) AppleWebKit/537.36 (KHTML, like Gecko) Chrome/149.0.0.0 Safari/537.36"
2a01:e0a:1e9:52b0:75ff:9b03:26a8:613f api26.sherlook.fr - [13/Jul/2026:00:11:13 +0200] "GET /api/conversations HTTP/1.1" 200 37 "https://sherlook.fr/" "Mozilla/5.0 (Macintosh; Intel Mac OS X 10_15_7) AppleWebKit/537.36 (KHTML, like Gecko) Chrome/149.0.0.0 Safari/537.36"
2a01:e0a:1e9:52b0:75ff:9b03:26a8:613f api26.sherlook.fr - [13/Jul/2026:00:11:13 +0200] "GET /api/public/provider-types HTTP/1.1" 200 2541 "https://sherlook.fr/" "Mozilla/5.0 (Macintosh; Intel Mac OS X 10_15_7) AppleWebKit/537.36 (KHTML, like Gecko) Chrome/149.0.0.0 Safari/537.36"
2a01:e0a:1e9:52b0:75ff:9b03:26a8:613f api26.sherlook.fr - [13/Jul/2026:00:11:13 +0200] "GET /api/categories HTTP/1.1" 200 43186 "https://sherlook.fr/" "Mozilla/5.0 (Macintosh; Intel Mac OS X 10_15_7) AppleWebKit/537.36 (KHTML, like Gecko) Chrome/149.0.0.0 Safari/537.36"
2a01:e0a:1e9:52b0:75ff:9b03:26a8:613f api26.sherlook.fr - [13/Jul/2026:00:11:14 +0200] "GET /api/public/providers/46 HTTP/1.1" 200 1156 "https://sherlook.fr/" "Mozilla/5.0 (Macintosh; Intel Mac OS X 10_15_7) AppleWebKit/537.36 (KHTML, like Gecko) Chrome/149.0.0.0 Safari/537.36"
2a01:e0a:1e9:52b0:75ff:9b03:26a8:613f api26.sherlook.fr - [13/Jul/2026:00:11:14 +0200] "GET /api/public/provider-types HTTP/1.1" 200 2541 "https://sherlook.fr/" "Mozilla/5.0 (Macintosh; Intel Mac OS X 10_15_7) AppleWebKit/537.36 (KHTML, like Gecko) Chrome/149.0.0.0 Safari/537.36"
2a01:e0a:1e9:52b0:75ff:9b03:26a8:613f api26.sherlook.fr - [13/Jul/2026:00:11:14 +0200] "GET /api/public/providers?provider_type_id=11&limit=1&for_partner_selection=true HTTP/1.1" 200 70 "https://sherlook.fr/" "Mozilla/5.0 (Macintosh; Intel Mac OS X 10_15_7) AppleWebKit/537.36 (KHTML, like Gecko) Chrome/149.0.0.0 Safari/537.36"
2a01:e0a:1e9:52b0:75ff:9b03:26a8:613f api26.sherlook.fr - [13/Jul/2026:00:11:14 +0200] "GET /api/public/providers?provider_type_id=7&limit=1&for_partner_selection=true HTTP/1.1" 200 70 "https://sherlook.fr/" "Mozilla/5.0 (Macintosh; Intel Mac OS X 10_15_7) AppleWebKit/537.36 (KHTML, like Gecko) Chrome/149.0.0.0 Safari/537.36"
2a01:e0a:1e9:52b0:75ff:9b03:26a8:613f api26.sherlook.fr - [13/Jul/2026:00:11:14 +0200] "GET /api/public/providers?provider_type_id=14&limit=1&for_partner_selection=true HTTP/1.1" 200 70 "https://sherlook.fr/" "Mozilla/5.0 (Macintosh; Intel Mac OS X 10_15_7) AppleWebKit/537.36 (KHTML, like Gecko) Chrome/149.0.0.0 Safari/537.36"
2a01:e0a:1e9:52b0:75ff:9b03:26a8:613f api26.sherlook.fr - [13/Jul/2026:00:11:14 +0200] "GET /api/public/providers?provider_type_id=12&limit=1&for_partner_selection=true HTTP/1.1" 200 893 "https://sherlook.fr/" "Mozilla/5.0 (Macintosh; Intel Mac OS X 10_15_7) AppleWebKit/537.36 (KHTML, like Gecko) Chrome/149.0.0.0 Safari/537.36"
2a01:e0a:1e9:52b0:75ff:9b03:26a8:613f api26.sherlook.fr - [13/Jul/2026:00:11:14 +0200] "GET /api/public/providers?provider_type_id=13&limit=1&for_partner_selection=true HTTP/1.1" 200 70 "https://sherlook.fr/" "Mozilla/5.0 (Macintosh; Intel Mac OS X 10_15_7) AppleWebKit/537.36 (KHTML, like Gecko) Chrome/149.0.0.0 Safari/537.36"
2a01:e0a:1e9:52b0:75ff:9b03:26a8:613f api26.sherlook.fr - [13/Jul/2026:00:11:14 +0200] "GET /api/public/providers?provider_type_id=6&limit=1&for_partner_selection=true HTTP/1.1" 200 919 "https://sherlook.fr/" "Mozilla/5.0 (Macintosh; Intel Mac OS X 10_15_7) AppleWebKit/537.36 (KHTML, like Gecko) Chrome/149.0.0.0 Safari/537.36"
2a01:e0a:1e9:52b0:75ff:9b03:26a8:613f api26.sherlook.fr - [13/Jul/2026:00:11:14 +0200] "GET /api/public/providers?provider_type_id=8&limit=1&for_partner_selection=true HTTP/1.1" 200 992 "https://sherlook.fr/" "Mozilla/5.0 (Macintosh; Intel Mac OS X 10_15_7) AppleWebKit/537.36 (KHTML, like Gecko) Chrome/149.0.0.0 Safari/537.36"
2a01:e0a:1e9:52b0:75ff:9b03:26a8:613f api26.sherlook.fr - [13/Jul/2026:00:11:14 +0200] "OPTIONS /api/categories?location_provider_id=46 HTTP/1.1" 200 25 "https://sherlook.fr/" "Mozilla/5.0 (Macintosh; Intel Mac OS X 10_15_7) AppleWebKit/537.36 (KHTML, like Gecko) Chrome/149.0.0.0 Safari/537.36"
66.249.70.70 sherlook.fr - [13/Jul/2026:00:11:14 +0200] "GET /fr/objets-trouves/station-ski/les-arcs HTTP/1.1" 200 23232 "-" "Mozilla/5.0 (Linux; Android 6.0.1; Nexus 5X Build/MMB29P) AppleWebKit/537.36 (KHTML, like Gecko) Chrome/150.0.7871.46 Mobile Safari/537.36 (compatible; GoogleOther)"
2a01:e0a:1e9:52b0:75ff:9b03:26a8:613f api26.sherlook.fr - [13/Jul/2026:00:11:14 +0200] "GET /api/public/providers?provider_type_id=9&limit=1&for_partner_selection=true HTTP/1.1" 200 70 "https://sherlook.fr/" "Mozilla/5.0 (Macintosh; Intel Mac OS X 10_15_7) AppleWebKit/537.36 (KHTML, like Gecko) Chrome/149.0.0.0 Safari/537.36"
2a01:e0a:1e9:52b0:75ff:9b03:26a8:613f api26.sherlook.fr - [13/Jul/2026:00:11:14 +0200] "GET /api/public/providers?provider_type_id=10&limit=1&for_partner_selection=true HTTP/1.1" 200 70 "https://sherlook.fr/" "Mozilla/5.0 (Macintosh; Intel Mac OS X 10_15_7) AppleWebKit/537.36 (KHTML, like Gecko) Chrome/149.0.0.0 Safari/537.36"
2a01:e0a:1e9:52b0:75ff:9b03:26a8:613f api26.sherlook.fr - [13/Jul/2026:00:11:14 +0200] "GET /api/public/providers/46 HTTP/1.1" 200 1156 "https://sherlook.fr/" "Mozilla/5.0 (Macintosh; Intel Mac OS X 10_15_7) AppleWebKit/537.36 (KHTML, like Gecko) Chrome/149.0.0.0 Safari/537.36"
2a01:e0a:1e9:52b0:75ff:9b03:26a8:613f api26.sherlook.fr - [13/Jul/2026:00:11:14 +0200] "GET /api/public/providers?provider_type_id=14&limit=1&for_partner_selection=true HTTP/1.1" 200 70 "https://sherlook.fr/" "Mozilla/5.0 (Macintosh; Intel Mac OS X 10_15_7) AppleWebKit/537.36 (KHTML, like Gecko) Chrome/149.0.0.0 Safari/537.36"
2a01:e0a:1e9:52b0:75ff:9b03:26a8:613f api26.sherlook.fr - [13/Jul/2026:00:11:14 +0200] "GET /api/public/providers?provider_type_id=11&limit=1&for_partner_selection=true HTTP/1.1" 200 70 "https://sherlook.fr/" "Mozilla/5.0 (Macintosh; Intel Mac OS X 10_15_7) AppleWebKit/537.36 (KHTML, like Gecko) Chrome/149.0.0.0 Safari/537.36"
2a01:e0a:1e9:52b0:75ff:9b03:26a8:613f api26.sherlook.fr - [13/Jul/2026:00:11:14 +0200] "GET /api/public/providers?provider_type_id=13&limit=1&for_partner_selection=true HTTP/1.1" 200 70 "https://sherlook.fr/" "Mozilla/5.0 (Macintosh; Intel Mac OS X 10_15_7) AppleWebKit/537.36 (KHTML, like Gecko) Chrome/149.0.0.0 Safari/537.36"
2a01:e0a:1e9:52b0:75ff:9b03:26a8:613f api26.sherlook.fr - [13/Jul/2026:00:11:14 +0200] "GET /api/public/providers?provider_type_id=12&limit=1&for_partner_selection=true HTTP/1.1" 200 893 "https://sherlook.fr/" "Mozilla/5.0 (Macintosh; Intel Mac OS X 10_15_7) AppleWebKit/537.36 (KHTML, like Gecko) Chrome/149.0.0.0 Safari/537.36"
2a01:e0a:1e9:52b0:75ff:9b03:26a8:613f api26.sherlook.fr - [13/Jul/2026:00:11:14 +0200] "GET /api/public/providers?provider_type_id=8&limit=1&for_partner_selection=true HTTP/1.1" 200 992 "https://sherlook.fr/" "Mozilla/5.0 (Macintosh; Intel Mac OS X 10_15_7) AppleWebKit/537.36 (KHTML, like Gecko) Chrome/149.0.0.0 Safari/537.36"
2a01:e0a:1e9:52b0:75ff:9b03:26a8:613f api26.sherlook.fr - [13/Jul/2026:00:11:14 +0200] "GET /api/public/providers?provider_type_id=7&limit=1&for_partner_selection=true HTTP/1.1" 200 70 "https://sherlook.fr/" "Mozilla/5.0 (Macintosh; Intel Mac OS X 10_15_7) AppleWebKit/537.36 (KHTML, like Gecko) Chrome/149.0.0.0 Safari/537.36"
2a01:e0a:1e9:52b0:75ff:9b03:26a8:613f api26.sherlook.fr - [13/Jul/2026:00:11:14 +0200] "GET /api/public/providers?provider_type_id=6&limit=1&for_partner_selection=true HTTP/1.1" 200 919 "https://sherlook.fr/" "Mozilla/5.0 (Macintosh; Intel Mac OS X 10_15_7) AppleWebKit/537.36 (KHTML, like Gecko) Chrome/149.0.0.0 Safari/537.36"
2a01:e0a:1e9:52b0:75ff:9b03:26a8:613f api26.sherlook.fr - [13/Jul/2026:00:11:14 +0200] "OPTIONS /api/transports/modes?city=Carhaix-Plouguer&country=FR HTTP/1.1" 200 25 "https://sherlook.fr/" "Mozilla/5.0 (Macintosh; Intel Mac OS X 10_15_7) AppleWebKit/537.36 (KHTML, like Gecko) Chrome/149.0.0.0 Safari/537.36"
2a01:e0a:1e9:52b0:75ff:9b03:26a8:613f api26.sherlook.fr - [13/Jul/2026:00:11:14 +0200] "GET /api/public/providers?provider_type_id=9&limit=1&for_partner_selection=true HTTP/1.1" 200 70 "https://sherlook.fr/" "Mozilla/5.0 (Macintosh; Intel Mac OS X 10_15_7) AppleWebKit/537.36 (KHTML, like Gecko) Chrome/149.0.0.0 Safari/537.36"
2a01:e0a:1e9:52b0:75ff:9b03:26a8:613f api26.sherlook.fr - [13/Jul/2026:00:11:14 +0200] "GET /api/public/providers/46 HTTP/1.1" 200 1156 "https://sherlook.fr/" "Mozilla/5.0 (Macintosh; Intel Mac OS X 10_15_7) AppleWebKit/537.36 (KHTML, like Gecko) Chrome/149.0.0.0 Safari/537.36"
2a01:e0a:1e9:52b0:75ff:9b03:26a8:613f api26.sherlook.fr - [13/Jul/2026:00:11:14 +0200] "GET /api/public/providers?provider_type_id=10&limit=1&for_partner_selection=true HTTP/1.1" 200 70 "https://sherlook.fr/" "Mozilla/5.0 (Macintosh; Intel Mac OS X 10_15_7) AppleWebKit/537.36 (KHTML, like Gecko) Chrome/149.0.0.0 Safari/537.36"
2a01:e0a:1e9:52b0:75ff:9b03:26a8:613f api26.sherlook.fr - [13/Jul/2026:00:11:14 +0200] "GET /api/categories?location_provider_id=46 HTTP/1.1" 200 43186 "https://sherlook.fr/" "Mozilla/5.0 (Macintosh; Intel Mac OS X 10_15_7) AppleWebKit/537.36 (KHTML, like Gecko) Chrome/149.0.0.0 Safari/537.36"
2a01:e0a:1e9:52b0:75ff:9b03:26a8:613f api26.sherlook.fr - [13/Jul/2026:00:11:14 +0200] "GET /api/transports/modes?city=Carhaix-Plouguer&country=FR HTTP/1.1" 200 86 "https://sherlook.fr/" "Mozilla/5.0 (Macintosh; Intel Mac OS X 10_15_7) AppleWebKit/537.36 (KHTML, like Gecko) Chrome/149.0.0.0 Safari/537.36"
66.249.70.69 sherlook.fr - [13/Jul/2026:00:11:14 +0200] "GET /fr/objets-trouves/centre-commercial/centre-commercial-foix HTTP/1.1" 200 23204 "-" "Mozilla/5.0 (Linux; Android 6.0.1; Nexus 5X Build/MMB29P) AppleWebKit/537.36 (KHTML, like Gecko) Chrome/150.0.7871.46 Mobile Safari/537.36 (compatible; GoogleOther)"
66.249.68.135 api26.sherlook.fr - [13/Jul/2026:00:11:16 +0200] "OPTIONS /api/announcements/latest?limit=16&status_in=active%2Cresolved%2Cclosed&city=Plage+de+la+Grande+Conche+%28La+Palmyre%29 HTTP/1.1" 200 25 "https://sherlook.fr/" "Mozilla/5.0 (Linux; Android 6.0.1; Nexus 5X Build/MMB29P) AppleWebKit/537.36 (KHTML, like Gecko) Chrome/150.0.7871.46 Mobile Safari/537.36 (compatible; Googlebot/2.1; +http://www.google.com/bot.html)"
66.249.68.135 api26.sherlook.fr - [13/Jul/2026:00:11:17 +0200] "GET /api/announcements/latest?limit=16&status_in=active%2Cresolved%2Cclosed&city=Plage+de+la+Grande+Conche+%28La+Palmyre%29 HTTP/1.1" 200 20 "https://sherlook.fr/" "Mozilla/5.0 (Linux; Android 6.0.1; Nexus 5X Build/MMB29P) AppleWebKit/537.36 (KHTML, like Gecko) Chrome/150.0.7871.46 Mobile Safari/537.36 (compatible; Googlebot/2.1; +http://www.google.com/bot.html)"
2a01:e0a:1e9:52b0:75ff:9b03:26a8:613f api26.sherlook.fr - [13/Jul/2026:00:11:20 +0200] "GET /api/home-splash-screen HTTP/1.1" 200 1620 "https://sherlook.fr/" "Mozilla/5.0 (Macintosh; Intel Mac OS X 10_15_7) AppleWebKit/537.36 (KHTML, like Gecko) Chrome/149.0.0.0 Safari/537.36"
2a01:e0a:1e9:52b0:75ff:9b03:26a8:613f api26.sherlook.fr - [13/Jul/2026:00:11:20 +0200] "GET /api/google-reviews-config HTTP/1.1" 200 2165 "https://sherlook.fr/" "Mozilla/5.0 (Macintosh; Intel Mac OS X 10_15_7) AppleWebKit/537.36 (KHTML, like Gecko) Chrome/149.0.0.0 Safari/537.36"
2a01:e0a:1e9:52b0:75ff:9b03:26a8:613f api26.sherlook.fr - [13/Jul/2026:00:11:20 +0200] "GET /api/google-reviews-config HTTP/1.1" 200 2165 "https://sherlook.fr/" "Mozilla/5.0 (Macintosh; Intel Mac OS X 10_15_7) AppleWebKit/537.36 (KHTML, like Gecko) Chrome/149.0.0.0 Safari/537.36"
66.249.68.133 api26.sherlook.fr - [13/Jul/2026:00:11:22 +0200] "GET /robots.txt HTTP/1.1" 404 993 "-" "Mozilla/5.0 (compatible; Googlebot/2.1; +http://www.google.com/bot.html)"
66.249.68.133 api26.sherlook.fr - [13/Jul/2026:00:11:22 +0200] "OPTIONS /api/announcements/latest?limit=16&status_in=active%2Cresolved%2Cclosed&city=Les+Arcs HTTP/1.1" 200 25 "https://sherlook.fr/" "Mozilla/5.0 (Linux; Android 6.0.1; Nexus 5X Build/MMB29P) AppleWebKit/537.36 (KHTML, like Gecko) Chrome/150.0.7871.46 Mobile Safari/537.36 (compatible; GoogleOther)"
2a01:e0a:1e9:52b0:75ff:9b03:26a8:613f sherlook.fr - [13/Jul/2026:00:11:23 +0200] "GET /fr/dashboard/account.txt?_rsc=1i1sg HTTP/1.1" 200 20309 "https://sherlook.fr/fr" "Mozilla/5.0 (Macintosh; Intel Mac OS X 10_15_7) AppleWebKit/537.36 (KHTML, like Gecko) Chrome/149.0.0.0 Safari/537.36"
2a01:e0a:1e9:52b0:75ff:9b03:26a8:613f api26.sherlook.fr - [13/Jul/2026:00:11:28 +0200] "GET /api/announcements/latest?limit=16&status_in=active%2Cresolved%2Cclosed HTTP/1.1" 200 13203 "https://sherlook.fr/" "Mozilla/5.0 (Macintosh; Intel Mac OS X 10_15_7) AppleWebKit/537.36 (KHTML, like Gecko) Chrome/149.0.0.0 Safari/537.36"
2a01:e0a:1e9:52b0:75ff:9b03:26a8:613f api26.sherlook.fr - [13/Jul/2026:00:11:28 +0200] "GET /api/announcements/latest?limit=16&status_in=active%2Cresolved%2Cclosed HTTP/1.1" 200 13203 "https://sherlook.fr/" "Mozilla/5.0 (Macintosh; Intel Mac OS X 10_15_7) AppleWebKit/537.36 (KHTML, like Gecko) Chrome/149.0.0.0 Safari/537.36"
2a01:e0a:1e9:52b0:75ff:9b03:26a8:613f sherlook.fr - [13/Jul/2026:00:11:35 +0200] "GET /fr/create-announcement.txt?_rsc=120qg HTTP/1.1" 200 20392 "https://sherlook.fr/fr/dashboard/account" "Mozilla/5.0 (Macintosh; Intel Mac OS X 10_15_7) AppleWebKit/537.36 (KHTML, like Gecko) Chrome/149.0.0.0 Safari/537.36"
2a01:e0a:1e9:52b0:75ff:9b03:26a8:613f api26.sherlook.fr - [13/Jul/2026:00:11:35 +0200] "GET /api/public/provider-types HTTP/1.1" 200 2541 "https://sherlook.fr/" "Mozilla/5.0 (Macintosh; Intel Mac OS X 10_15_7) AppleWebKit/537.36 (KHTML, like Gecko) Chrome/149.0.0.0 Safari/537.36"
2a01:e0a:1e9:52b0:75ff:9b03:26a8:613f api26.sherlook.fr - [13/Jul/2026:00:11:35 +0200] "GET /api/public/providers?provider_type_id=10&limit=1&for_partner_selection=true HTTP/1.1" 200 70 "https://sherlook.fr/" "Mozilla/5.0 (Macintosh; Intel Mac OS X 10_15_7) AppleWebKit/537.36 (KHTML, like Gecko) Chrome/149.0.0.0 Safari/537.36"
2a01:e0a:1e9:52b0:75ff:9b03:26a8:613f api26.sherlook.fr - [13/Jul/2026:00:11:35 +0200] "GET /api/public/providers?provider_type_id=9&limit=1&for_partner_selection=true HTTP/1.1" 200 70 "https://sherlook.fr/" "Mozilla/5.0 (Macintosh; Intel Mac OS X 10_15_7) AppleWebKit/537.36 (KHTML, like Gecko) Chrome/149.0.0.0 Safari/537.36"
2a01:e0a:1e9:52b0:75ff:9b03:26a8:613f api26.sherlook.fr - [13/Jul/2026:00:11:35 +0200] "GET /api/public/providers?provider_type_id=11&limit=1&for_partner_selection=true HTTP/1.1" 200 70 "https://sherlook.fr/" "Mozilla/5.0 (Macintosh; Intel Mac OS X 10_15_7) AppleWebKit/537.36 (KHTML, like Gecko) Chrome/149.0.0.0 Safari/537.36"
2a01:e0a:1e9:52b0:75ff:9b03:26a8:613f api26.sherlook.fr - [13/Jul/2026:00:11:35 +0200] "GET /api/public/providers?provider_type_id=14&limit=1&for_partner_selection=true HTTP/1.1" 200 70 "https://sherlook.fr/" "Mozilla/5.0 (Macintosh; Intel Mac OS X 10_15_7) AppleWebKit/537.36 (KHTML, like Gecko) Chrome/149.0.0.0 Safari/537.36"
2a01:e0a:1e9:52b0:75ff:9b03:26a8:613f api26.sherlook.fr - [13/Jul/2026:00:11:35 +0200] "GET /api/public/providers?provider_type_id=7&limit=1&for_partner_selection=true HTTP/1.1" 200 70 "https://sherlook.fr/" "Mozilla/5.0 (Macintosh; Intel Mac OS X 10_15_7) AppleWebKit/537.36 (KHTML, like Gecko) Chrome/149.0.0.0 Safari/537.36"
2a01:e0a:1e9:52b0:75ff:9b03:26a8:613f api26.sherlook.fr - [13/Jul/2026:00:11:35 +0200] "GET /api/public/providers?provider_type_id=13&limit=1&for_partner_selection=true HTTP/1.1" 200 70 "https://sherlook.fr/" "Mozilla/5.0 (Macintosh; Intel Mac OS X 10_15_7) AppleWebKit/537.36 (KHTML, like Gecko) Chrome/149.0.0.0 Safari/537.36"
2a01:e0a:1e9:52b0:75ff:9b03:26a8:613f api26.sherlook.fr - [13/Jul/2026:00:11:35 +0200] "GET /api/public/providers?provider_type_id=8&limit=1&for_partner_selection=true HTTP/1.1" 200 992 "https://sherlook.fr/" "Mozilla/5.0 (Macintosh; Intel Mac OS X 10_15_7) AppleWebKit/537.36 (KHTML, like Gecko) Chrome/149.0.0.0 Safari/537.36"
2a01:e0a:1e9:52b0:75ff:9b03:26a8:613f api26.sherlook.fr - [13/Jul/2026:00:11:35 +0200] "GET /api/public/providers?provider_type_id=6&limit=1&for_partner_selection=true HTTP/1.1" 200 919 "https://sherlook.fr/" "Mozilla/5.0 (Macintosh; Intel Mac OS X 10_15_7) AppleWebKit/537.36 (KHTML, like Gecko) Chrome/149.0.0.0 Safari/537.36"
2a01:e0a:1e9:52b0:75ff:9b03:26a8:613f api26.sherlook.fr - [13/Jul/2026:00:11:35 +0200] "GET /api/public/providers?provider_type_id=12&limit=1&for_partner_selection=true HTTP/1.1" 200 893 "https://sherlook.fr/" "Mozilla/5.0 (Macintosh; Intel Mac OS X 10_15_7) AppleWebKit/537.36 (KHTML, like Gecko) Chrome/149.0.0.0 Safari/537.36"
2a01:e0a:1e9:52b0:75ff:9b03:26a8:613f api26.sherlook.fr - [13/Jul/2026:00:11:35 +0200] "GET /api/categories HTTP/1.1" 200 43186 "https://sherlook.fr/" "Mozilla/5.0 (Macintosh; Intel Mac OS X 10_15_7) AppleWebKit/537.36 (KHTML, like Gecko) Chrome/149.0.0.0 Safari/537.36"
2a01:e0a:1e9:52b0:75ff:9b03:26a8:613f api26.sherlook.fr - [13/Jul/2026:00:11:48 +0200] "GET /api/announcements/latest?limit=16&status_in=active%2Cresolved%2Cclosed HTTP/1.1" 200 13203 "https://sherlook.fr/" "Mozilla/5.0 (Macintosh; Intel Mac OS X 10_15_7) AppleWebKit/537.36 (KHTML, like Gecko) Chrome/149.0.0.0 Safari/537.36"
2a01:e0a:1e9:52b0:75ff:9b03:26a8:613f api26.sherlook.fr - [13/Jul/2026:00:11:48 +0200] "GET /api/announcements/latest?limit=16&status_in=active%2Cresolved%2Cclosed HTTP/1.1" 200 13203 "https://sherlook.fr/" "Mozilla/5.0 (Macintosh; Intel Mac OS X 10_15_7) AppleWebKit/537.36 (KHTML, like Gecko) Chrome/149.0.0.0 Safari/537.36"
66.249.70.70 sherlook.fr - [13/Jul/2026:00:11:53 +0200] "GET /fr/objets-trouves/site-touristique/walibi-rhone-alpes HTTP/1.1" 200 23368 "-" "Mozilla/5.0 (Linux; Android 6.0.1; Nexus 5X Build/MMB29P) AppleWebKit/537.36 (KHTML, like Gecko) Chrome/150.0.7871.46 Mobile Safari/537.36 (compatible; GoogleOther)"
2a01:e0a:1e9:52b0:75ff:9b03:26a8:613f api26.sherlook.fr - [13/Jul/2026:00:11:58 +0200] "OPTIONS /api/geocode/reverse?lat=48.108784601230305&lon=-1.646416267745033 HTTP/1.1" 200 25 "https://sherlook.fr/" "Mozilla/5.0 (Macintosh; Intel Mac OS X 10_15_7) AppleWebKit/537.36 (KHTML, like Gecko) Chrome/149.0.0.0 Safari/537.36"
66.249.68.133 api26.sherlook.fr - [13/Jul/2026:00:11:58 +0200] "OPTIONS /api/announcements/latest?limit=16&status_in=active%2Cresolved%2Cclosed&city=Walibi+Rh%C3%B4ne-Alpes HTTP/1.1" 200 25 "https://sherlook.fr/" "Mozilla/5.0 (Linux; Android 6.0.1; Nexus 5X Build/MMB29P) AppleWebKit/537.36 (KHTML, like Gecko) Chrome/150.0.7871.46 Mobile Safari/537.36 (compatible; GoogleOther)"
66.249.68.133 api26.sherlook.fr - [13/Jul/2026:00:11:58 +0200] "GET /api/announcements/latest?limit=16&status_in=active%2Cresolved%2Cclosed&city=Walibi+Rh%C3%B4ne-Alpes HTTP/1.1" 200 20 "https://sherlook.fr/" "Mozilla/5.0 (Linux; Android 6.0.1; Nexus 5X Build/MMB29P) AppleWebKit/537.36 (KHTML, like Gecko) Chrome/150.0.7871.46 Mobile Safari/537.36 (compatible; GoogleOther)"
2a01:e0a:1e9:52b0:75ff:9b03:26a8:613f api26.sherlook.fr - [13/Jul/2026:00:11:58 +0200] "GET /api/geocode/reverse?lat=48.108784601230305&lon=-1.646416267745033 HTTP/1.1" 200 256 "https://sherlook.fr/" "Mozilla/5.0 (Macintosh; Intel Mac OS X 10_15_7) AppleWebKit/537.36 (KHTML, like Gecko) Chrome/149.0.0.0 Safari/537.36"
2a01:e0a:1e9:52b0:75ff:9b03:26a8:613f api26.sherlook.fr - [13/Jul/2026:00:11:58 +0200] "GET /api/transports/modes?city=Rennes&country=FR HTTP/1.1" 200 156 "https://sherlook.fr/" "Mozilla/5.0 (Macintosh; Intel Mac OS X 10_15_7) AppleWebKit/537.36 (KHTML, like Gecko) Chrome/149.0.0.0 Safari/537.36"
2a01:e0a:1e9:52b0:75ff:9b03:26a8:613f api26.sherlook.fr - [13/Jul/2026:00:11:59 +0200] "GET /api/geocode/autocomplete?text=16+Rue+Berthe+Savery,+35000+Rennes,+France&limit=5&country=FR&city=Rennes&postcode=35000 HTTP/1.1" 200 516 "https://sherlook.fr/" "Mozilla/5.0 (Macintosh; Intel Mac OS X 10_15_7) AppleWebKit/537.36 (KHTML, like Gecko) Chrome/149.0.0.0 Safari/537.36"
66.249.70.70 sherlook.fr - [13/Jul/2026:00:12:03 +0200] "GET /fr/objets-trouves/site-touristique/musee-des-beaux-arts-de-blois HTTP/1.1" 200 23348 "-" "Mozilla/5.0 (Linux; Android 6.0.1; Nexus 5X Build/MMB29P) AppleWebKit/537.36 (KHTML, like Gecko) Chrome/150.0.7871.46 Mobile Safari/537.36 (compatible; GoogleOther)"
2a01:e0a:1e9:52b0:75ff:9b03:26a8:613f api26.sherlook.fr - [13/Jul/2026:00:12:04 +0200] "OPTIONS /api/categories/21 HTTP/1.1" 200 25 "https://sherlook.fr/" "Mozilla/5.0 (Macintosh; Intel Mac OS X 10_15_7) AppleWebKit/537.36 (KHTML, like Gecko) Chrome/149.0.0.0 Safari/537.36"
2a01:e0a:1e9:52b0:75ff:9b03:26a8:613f api26.sherlook.fr - [13/Jul/2026:00:12:05 +0200] "GET /api/categories/21 HTTP/1.1" 200 2711 "https://sherlook.fr/" "Mozilla/5.0 (Macintosh; Intel Mac OS X 10_15_7) AppleWebKit/537.36 (KHTML, like Gecko) Chrome/149.0.0.0 Safari/537.36"
66.249.68.134 api26.sherlook.fr - [13/Jul/2026:00:12:05 +0200] "OPTIONS /api/announcements/latest?limit=16&status_in=active%2Cresolved%2Cclosed&city=Mus%C3%A9e+des+Beaux-Arts+de+Blois HTTP/1.1" 200 25 "https://sherlook.fr/" "Mozilla/5.0 (Linux; Android 6.0.1; Nexus 5X Build/MMB29P) AppleWebKit/537.36 (KHTML, like Gecko) Chrome/150.0.7871.46 Mobile Safari/537.36 (compatible; GoogleOther)"
66.249.68.133 api26.sherlook.fr - [13/Jul/2026:00:12:05 +0200] "GET /api/announcements/latest?limit=16&status_in=active%2Cresolved%2Cclosed&city=Mus%C3%A9e+des+Beaux-Arts+de+Blois HTTP/1.1" 200 20 "https://sherlook.fr/" "Mozilla/5.0 (Linux; Android 6.0.1; Nexus 5X Build/MMB29P) AppleWebKit/537.36 (KHTML, like Gecko) Chrome/150.0.7871.46 Mobile Safari/537.36 (compatible; GoogleOther)"
66.249.70.70 sherlook.fr - [13/Jul/2026:00:12:06 +0200] "GET /fr/objets-trouves/plage/plage-de-maguide-biganos-plages HTTP/1.1" 200 23251 "-" "Mozilla/5.0 (Linux; Android 6.0.1; Nexus 5X Build/MMB29P) AppleWebKit/537.36 (KHTML, like Gecko) Chrome/150.0.7871.46 Mobile Safari/537.36 (compatible; GoogleOther)"
2a01:e0a:1e9:52b0:75ff:9b03:26a8:613f api26.sherlook.fr - [13/Jul/2026:00:12:08 +0200] "GET /api/announcements/latest?limit=16&status_in=active%2Cresolved%2Cclosed HTTP/1.1" 200 13203 "https://sherlook.fr/" "Mozilla/5.0 (Macintosh; Intel Mac OS X 10_15_7) AppleWebKit/537.36 (KHTML, like Gecko) Chrome/149.0.0.0 Safari/537.36"
2a01:e0a:1e9:52b0:75ff:9b03:26a8:613f api26.sherlook.fr - [13/Jul/2026:00:12:08 +0200] "GET /api/announcements/latest?limit=16&status_in=active%2Cresolved%2Cclosed HTTP/1.1" 200 13203 "https://sherlook.fr/" "Mozilla/5.0 (Macintosh; Intel Mac OS X 10_15_7) AppleWebKit/537.36 (KHTML, like Gecko) Chrome/149.0.0.0 Safari/537.36"
66.249.68.133 api26.sherlook.fr - [13/Jul/2026:00:12:11 +0200] "OPTIONS /api/announcements/latest?limit=16&status_in=active%2Cresolved%2Cclosed&city=Plage+de+Maguide+%28Biganos%29 HTTP/1.1" 200 25 "https://sherlook.fr/" "Mozilla/5.0 (Linux; Android 6.0.1; Nexus 5X Build/MMB29P) AppleWebKit/537.36 (KHTML, like Gecko) Chrome/150.0.7871.46 Mobile Safari/537.36 (compatible; GoogleOther)"
66.249.68.133 api26.sherlook.fr - [13/Jul/2026:00:12:11 +0200] "GET /api/announcements/latest?limit=16&status_in=active%2Cresolved%2Cclosed&city=Plage+de+Maguide+%28Biganos%29 HTTP/1.1" 200 20 "https://sherlook.fr/" "Mozilla/5.0 (Linux; Android 6.0.1; Nexus 5X Build/MMB29P) AppleWebKit/537.36 (KHTML, like Gecko) Chrome/150.0.7871.46 Mobile Safari/537.36 (compatible; GoogleOther)"
2a01:e0a:1e9:52b0:75ff:9b03:26a8:613f sherlook.fr - [13/Jul/2026:00:12:13 +0200] "GET /build-info.json?v=1783894332999 HTTP/1.1" 200 68 "https://sherlook.fr/fr/create-announcement" "Mozilla/5.0 (Macintosh; Intel Mac OS X 10_15_7) AppleWebKit/537.36 (KHTML, like Gecko) Chrome/149.0.0.0 Safari/537.36"
66.249.70.70 sherlook.fr - [13/Jul/2026:00:12:13 +0200] "GET /fr/objets-trouves/plage/plage-de-donville-donville-les-bains HTTP/1.1" 200 23320 "-" "Mozilla/5.0 (Linux; Android 6.0.1; Nexus 5X Build/MMB29P) AppleWebKit/537.36 (KHTML, like Gecko) Chrome/150.0.7871.46 Mobile Safari/537.36 (compatible; Googlebot/2.1; +http://www.google.com/bot.html)"
2a01:e0a:1e9:52b0:75ff:9b03:26a8:613f api26.sherlook.fr - [13/Jul/2026:00:12:14 +0200] "GET /api/matches/my?exclude_status=rejected%2Cresolved&limit=200 HTTP/1.1" 200 70 "https://sherlook.fr/" "Mozilla/5.0 (Macintosh; Intel Mac OS X 10_15_7) AppleWebKit/537.36 (KHTML, like Gecko) Chrome/149.0.0.0 Safari/537.36"
2a01:e0a:1e9:52b0:75ff:9b03:26a8:613f api26.sherlook.fr - [13/Jul/2026:00:12:14 +0200] "GET /api/conversations HTTP/1.1" 200 37 "https://sherlook.fr/" "Mozilla/5.0 (Macintosh; Intel Mac OS X 10_15_7) AppleWebKit/537.36 (KHTML, like Gecko) Chrome/149.0.0.0 Safari/537.36"
66.249.68.133 api26.sherlook.fr - [13/Jul/2026:00:12:22 +0200] "OPTIONS /api/announcements/latest?limit=16&status_in=active%2Cresolved%2Cclosed&city=Les+Portes+de+Granville HTTP/1.1" 200 25 "https://sherlook.fr/" "Mozilla/5.0 (Linux; Android 6.0.1; Nexus 5X Build/MMB29P) AppleWebKit/537.36 (KHTML, like Gecko) Chrome/150.0.7871.46 Mobile Safari/537.36 (compatible; Googlebot/2.1; +http://www.google.com/bot.html)"
66.249.68.133 api26.sherlook.fr - [13/Jul/2026:00:12:22 +0200] "GET /api/announcements/latest?limit=16&status_in=active%2Cresolved%2Cclosed&city=Les+Portes+de+Granville HTTP/1.1" 200 20 "https://sherlook.fr/" "Mozilla/5.0 (Linux; Android 6.0.1; Nexus 5X Build/MMB29P) AppleWebKit/537.36 (KHTML, like Gecko) Chrome/150.0.7871.46 Mobile Safari/537.36 (compatible; Googlebot/2.1; +http://www.google.com/bot.html)"
66.249.70.69 sherlook.fr - [13/Jul/2026:00:12:24 +0200] "GET /fr/objets-trouves/festival/jazz-a-poitiers HTTP/1.1" 200 23285 "-" "Mozilla/5.0 (Linux; Android 6.0.1; Nexus 5X Build/MMB29P) AppleWebKit/537.36 (KHTML, like Gecko) Chrome/150.0.7871.46 Mobile Safari/537.36 (compatible; GoogleOther)"
66.249.68.133 api26.sherlook.fr - [13/Jul/2026:00:12:27 +0200] "GET /robots.txt HTTP/1.1" 404 993 "-" "Mozilla/5.0 (compatible; Googlebot/2.1; +http://www.google.com/bot.html)"
66.249.68.133 api26.sherlook.fr - [13/Jul/2026:00:12:27 +0200] "OPTIONS /api/announcements/latest?limit=16&status_in=active%2Cresolved%2Cclosed&city=Jazz+%C3%A0+Poitiers HTTP/1.1" 200 25 "https://sherlook.fr/" "Mozilla/5.0 (Linux; Android 6.0.1; Nexus 5X Build/MMB29P) AppleWebKit/537.36 (KHTML, like Gecko) Chrome/150.0.7871.46 Mobile Safari/537.36 (compatible; GoogleOther)"
66.249.68.133 api26.sherlook.fr - [13/Jul/2026:00:12:28 +0200] "GET /api/announcements/latest?limit=16&status_in=active%2Cresolved%2Cclosed&city=Jazz+%C3%A0+Poitiers HTTP/1.1" 200 20 "https://sherlook.fr/" "Mozilla/5.0 (Linux; Android 6.0.1; Nexus 5X Build/MMB29P) AppleWebKit/537.36 (KHTML, like Gecko) Chrome/150.0.7871.46 Mobile Safari/537.36 (compatible; GoogleOther)"
2a01:e0a:1e9:52b0:75ff:9b03:26a8:613f api26.sherlook.fr - [13/Jul/2026:00:12:29 +0200] "GET /api/announcements/latest?limit=16&status_in=active%2Cresolved%2Cclosed HTTP/1.1" 200 13203 "https://sherlook.fr/" "Mozilla/5.0 (Macintosh; Intel Mac OS X 10_15_7) AppleWebKit/537.36 (KHTML, like Gecko) Chrome/149.0.0.0 Safari/537.36"
2a01:e0a:1e9:52b0:75ff:9b03:26a8:613f api26.sherlook.fr - [13/Jul/2026:00:12:29 +0200] "GET /api/announcements/latest?limit=16&status_in=active%2Cresolved%2Cclosed HTTP/1.1" 200 13203 "https://sherlook.fr/" "Mozilla/5.0 (Macintosh; Intel Mac OS X 10_15_7) AppleWebKit/537.36 (KHTML, like Gecko) Chrome/149.0.0.0 Safari/537.36"
2a01:e0a:1e9:52b0:75ff:9b03:26a8:613f sherlook.fr - [13/Jul/2026:00:12:31 +0200] "GET /build-info.json?v=1783894351086 HTTP/1.1" 200 68 "https://sherlook.fr/fr/" "Mozilla/5.0 (Macintosh; Intel Mac OS X 10_15_7) AppleWebKit/537.36 (KHTML, like Gecko) Chrome/149.0.0.0 Safari/537.36"
2a02:26f7:c9d4:64b3:0:7000:0:d sherlook.fr - [13/Jul/2026:00:12:34 +0200] "GET /.well-known/passkey-endpoints HTTP/1.1" 404 9333 "-" "com.apple.AuthenticationServicesCore.AuthenticationServicesAgent/8624.2.5.10.4 CFNetwork/3860.600.12 Darwin/25.5.0"
2a01:e0a:1e9:52b0:75ff:9b03:26a8:613f api26.sherlook.fr - [13/Jul/2026:00:12:41 +0200] "POST /api/announcements HTTP/1.1" 201 1244 "https://sherlook.fr/" "Mozilla/5.0 (Macintosh; Intel Mac OS X 10_15_7) AppleWebKit/537.36 (KHTML, like Gecko) Chrome/149.0.0.0 Safari/537.36"
2a01:e0a:1e9:52b0:75ff:9b03:26a8:613f sherlook.fr - [13/Jul/2026:00:12:41 +0200] "GET /fr/dashboard/my-announcements.txt?published=1&_rsc=ek5l7 HTTP/1.1" 304 - "https://sherlook.fr/fr/create-announcement" "Mozilla/5.0 (Macintosh; Intel Mac OS X 10_15_7) AppleWebKit/537.36 (KHTML, like Gecko) Chrome/149.0.0.0 Safari/537.36"
2a01:e0a:1e9:52b0:75ff:9b03:26a8:613f api26.sherlook.fr - [13/Jul/2026:00:12:41 +0200] "GET /api/matches/my?exclude_status=rejected%2Cresolved&limit=200 HTTP/1.1" 200 70 "https://sherlook.fr/" "Mozilla/5.0 (Macintosh; Intel Mac OS X 10_15_7) AppleWebKit/537.36 (KHTML, like Gecko) Chrome/149.0.0.0 Safari/537.36"
